Němčany počasí: NOAA reporty

 


NOAA reporty


Report pro 2016 Srp
                   Monthly Climatological Summary for 8 2016

Name: Němčany   City: Němčany   State: Czech Repulic
Elevation: 256 m  Lat: N 49° 10' 12"   Lon: E 016° 54' 59"

                  Temperature (°C), Rain (mm), Wind Speed (m/s)

                                      Heat  Cool        Avg
    Mean                              Deg   Deg         Wind                 Dom
Day Temp  High   Time   Low    Time   Days  Days  Rain  Speed High   Time    Dir
----------------------------------------------------------------------------------
 1  19,9  25,3   17:38  12,9   23:58   0,5   2,2   0,3   1,1  10,2   09:54     Z
 2  19,4  27,4   17:07  10,6   03:51   2,2   3,3   0,0   1,1  11,0   21:38    JZ
 3  21,1  26,9   18:14  17,4   05:12   0,1   2,9   0,0   1,0   6,5   12:55    JZ
 4  24,6  31,4   16:23  18,2   06:10   0,0   6,3   0,0   1,2   7,3   14:46   JJV
 5  21,4  26,0   14:13  16,1   22:32   0,4   3,4  10,2   1,9   9,4   10:44   JJZ
 6  19,0  25,6   14:45  15,3   03:48   1,1   1,8   0,0   1,0   7,3   13:54   VSV
 7  19,7  27,4   15:52  11,4   06:13   1,8   3,2   0,0   0,7   9,4   14:35   ZSZ
 8  20,4  29,5   16:08  10,8   06:07   2,1   4,2   8,4   1,0   7,0   15:16   JJZ
 9  19,3  25,4   13:36  14,1   05:08   0,9   1,9   4,5   0,6   7,8   14:28    JZ
10  14,2  15,9   00:00  12,5   21:45   4,0   0,0   8,7   0,7   5,8   09:22     V
11  15,2  21,5   16:24   9,0   23:57   3,6   0,4   0,3   0,9   8,2   13:40     Z
12  13,7  20,4   14:54   6,1   04:28   4,8   0,2   0,0   1,1   9,4   14:35    JZ
13  18,0  24,1   13:33  11,3   01:53   2,0   1,6   0,3   1,0   6,1   15:32   JJZ
14  20,9  30,4   15:46  13,5   06:20   1,1   3,8   2,7   1,1   9,4   18:16   JJZ
15  20,1  27,0   15:36  15,2   23:59   0,6   2,4   0,0   1,1   7,0   14:49    SV
16  18,9  26,3   15:12  12,6   05:33   1,5   2,1   0,0   1,1   5,3   14:54   SSV
17  18,1  24,3   16:42  11,8   23:51   1,7   1,5   0,0   1,0   7,3   12:29   VSV
18  18,5  27,3   16:07  10,0   04:41   2,6   2,8   0,0   1,0   8,2   13:34     J
19  19,9  27,7   16:16  12,7   05:58   1,3   2,8   0,0   0,9   6,1   10:29   JJZ
20  21,3  29,7   16:33  13,9   03:39   1,1   4,1   0,0   1,1   8,2   13:58     J
21  18,2  20,7   06:31  15,8   22:37   0,7   0,6   8,4   0,7   7,8   11:49   ZJZ
22  18,1  22,8   16:52  14,2   05:54   1,4   1,1   0,0   0,9   7,8   13:30   ZSZ
23  18,7  27,7   16:08   9,2   06:08   2,5   2,9   0,0   0,5   6,1   11:29     V
24  20,4  27,4   15:49  12,6   06:19   1,2   3,4   0,0   1,1   8,2   10:57    SV
25  21,0  28,8   16:21  14,0   03:07   1,2   3,7   0,0   1,3   7,0   08:24    SV
26  20,9  29,4   15:29  12,7   05:30   1,6   4,2   0,0   1,1   7,8   10:28    JV
27  22,3  31,2   16:26  12,6   06:10   1,2   5,9   0,0   1,3   8,2   12:07    JV
28  23,7  31,4   16:18  15,0   05:58   0,3   6,5   0,0   1,6  11,0   14:46     J
29  22,3  28,1   16:39  17,9   06:44   3,1   4,8   1,5   1,0   8,2   11:55   ZJZ
30  20,7  27,1   16:34  15,0   23:47   3,3   3,4   0,0   1,0   6,5   15:11    SV
31  18,8  27,8   15:42   9,5   06:43   1,9   3,2   0,0   1,3   6,5   08:52    SV
----------------------------------------------------------------------------------
    19,6  31,4     4     6,1    12    51,8  90,6  45,3   1,0  11,0     2       J

Max >=  27,0: 18
Max <=   0,0:  0
Min <=   0,0:  0
Min <= -18,0:  0
Max Rain: 10,2 on day 5
Days of Rain: 7 (>= 0,4 mm)  6 (>= 2,0 mm)  0 (>= 20,0 mm)
Heat Base: 17,5  Cool Base: 17,5  Method: Integration



Poslední aktualizace 3.7.2020 13:10:02

Měšíční a roční statistické protokoly ve fromátu NOAA (National Oceanic and Atmospheric Administration)
Original Author: Ken True webmaster@saratoga-weather.org.
Bodged by beteljuice.