Němčany počasí: NOAA reporty

 


NOAA reporty


Report pro 2016 Červnc
                   Monthly Climatological Summary for 7 2016

Name: Němčany   City: Němčany   State: Czech Repulic
Elevation: 256 m  Lat: N 49° 10' 12"   Lon: E 016° 54' 59"

                  Temperature (°C), Rain (mm), Wind Speed (m/s)

                                      Heat  Cool        Avg
    Mean                              Deg   Deg         Wind                 Dom
Day Temp  High   Time   Low    Time   Days  Days  Rain  Speed High   Time    Dir
----------------------------------------------------------------------------------
 1  23,8  31,2   18:21  16,0   05:38   0,2   5,7   1,2   0,8   6,1   13:07    JZ
 2  24,0  33,6   16:23  15,3   05:07   0,5   6,2   4,2   1,3   8,2   13:23   JJV
 3  19,0  24,8   15:27  14,2   23:58   1,1   1,9   9,9   0,8   6,5   03:57     Z
 4  18,3  25,9   18:38   9,7   05:44   2,6   2,6   0,0   0,7   6,5   10:22   ZJZ
 5  21,1  29,2   16:56  12,3   02:26   1,6   4,4   0,0   1,3   7,8   11:30     J
 6  19,3  24,4   17:15  10,2   23:58   1,2   2,3   0,0   1,8  13,1   15:20     Z
 7  17,1  26,1   17:23   7,3   04:35   3,6   2,4   0,0   0,9   9,4   08:32     Z
 8  19,5  28,8   14:42   8,6   05:07   2,7   4,0   0,0   0,8   7,0   11:40   JJZ
 9  21,8  28,5   16:17  14,2   23:35   0,6   4,1   0,0   1,2  10,6   10:52     Z
10  21,7  31,3   17:47  10,4   05:17   1,8   5,2   0,0   0,9   7,3   15:33   JJZ
11  27,7  35,4   15:07  18,7   00:00   0,0   9,4   0,0   1,8  11,4   15:54     J
12  24,1  31,5   15:28  19,0   23:59   0,0   5,8  10,5   0,9   6,1   02:29   JJZ
13  20,8  27,9   14:58  17,2   03:07   0,1   2,6  17,4   0,5   3,7   00:59    JZ
14  15,9  18,6   00:00  10,2   23:56   2,5   0,0  21,0   1,9  11,2   17:02     Z
15  14,8  19,0   16:44   8,8   05:03   3,6   0,1   0,0   1,1  10,2   18:36     Z
16  15,8  19,1   11:54  12,8   00:00   2,6   0,1   2,1   1,2   7,5   15:28    JV
17  19,1  26,1   17:28  13,4   03:48   1,5   2,3   0,9   0,9   7,3   17:15     Z
18  21,5  28,1   14:57  14,4   05:52   0,7   3,9   0,0   1,3  10,6   13:45   ZSZ
19  20,8  27,1   14:09  13,6   02:48   1,2   3,7   0,0   0,9   9,0   12:29   ZSZ
20  20,7  26,9   17:31  14,5   03:27   0,8   3,3   0,0   0,7   6,5   18:20    SV
21  20,9  31,2   15:21  12,2   04:56   1,5   4,1   0,3   0,8   6,1   14:43    JZ
22  23,3  30,6   13:15  17,1   05:53   0,1   5,0   0,0   0,6   6,1   15:27   JJV
23  24,9  33,0   16:12  18,2   06:07   0,0   6,6   0,0   1,4   7,0   14:54    SV
24  23,9  30,2   16:51  18,6   05:43   0,0   5,6   0,3   1,2   7,0   05:24   ZSZ
25  23,3  31,8   14:57  15,8   05:26   0,4   5,4   1,2   0,7   7,8   16:50    SV
26  23,4  31,2   13:31  16,6   05:50   0,1   5,3   0,3   0,8   7,3   14:42    SV
27  22,0  29,5   12:56  17,4   04:46   0,0   3,8  44,4   0,8   9,4   17:01    SV
28  22,0  28,3   17:09  17,8   00:35   0,0   3,7   2,1   0,0   0,8   03:26   ---
29  21,5  28,7   13:51  15,5   04:34   0,6   3,9   0,0   0,9   8,5   15:33   ZJZ
30  22,5  31,5   17:21  13,6   05:43   1,0   5,2   0,0   0,8   7,8   15:33    JZ
31  22,2  32,1   15:12  16,9   02:46   0,3   4,2  26,7   1,4  13,9   16:13     J
----------------------------------------------------------------------------------
    21,2  35,4    11     7,3     7    32,9 122,8 142,5   1,0  13,9    31     ZJZ

Max >=  27,0: 22
Max <=   0,0:  0
Min <=   0,0:  0
Min <= -18,0:  0
Max Rain: 44,4 on day 27
Days of Rain: 12 (>= 0,4 mm)  9 (>= 2,0 mm)  3 (>= 20,0 mm)
Heat Base: 17,5  Cool Base: 17,5  Method: Integration



Poslední aktualizace 25.9.2020 12:10:02

Měšíční a roční statistické protokoly ve fromátu NOAA (National Oceanic and Atmospheric Administration)
Original Author: Ken True webmaster@saratoga-weather.org.
Bodged by beteljuice.