Němčany počasí: NOAA reporty

 


NOAA reporty


Report pro 2016 Květ
                   Monthly Climatological Summary for 5 2016

Name: Němčany   City: Němčany   State: Czech Repulic
Elevation: 256 m  Lat: N 49° 10' 12"   Lon: E 016° 54' 59"

                  Temperature (°C), Rain (mm), Wind Speed (m/s)

                                      Heat  Cool        Avg
    Mean                              Deg   Deg         Wind                 Dom
Day Temp  High   Time   Low    Time   Days  Days  Rain  Speed High   Time    Dir
----------------------------------------------------------------------------------
 1  12,5  18,4   14:33   6,0   05:53   5,8   0,0   0,0   3,1  10,6   16:27   SSV
 2  13,8  19,4   14:33   9,3   04:27   4,6   0,1   0,0   3,1  14,3   09:08     V
 3  12,3  16,5   17:57   8,4   06:07   6,0   0,0   3,3   1,0   6,5   13:39   ZJZ
 4  12,1  15,7   16:10   9,9   22:12   6,1   0,0   0,3   1,3   8,5   16:24   ZJZ
 5  14,2  20,8   15:32  10,0   06:07   4,4   0,3   0,0   1,7   9,0   11:46   VSV
 6  16,5  23,8   14:47   9,7   05:56   3,3   1,5   0,0   1,9   8,2   13:11    SV
 7  16,5  23,5   13:55   9,9   05:49   3,2   1,4   0,0   3,0  10,2   14:16    SV
 8  15,5  22,4   16:40   9,7   05:20   3,6   0,8   0,0   2,5  10,2   13:57    SV
 9  16,2  24,9   15:34   8,5   04:40   3,3   1,3   0,0   2,0   8,2   06:52    SV
10  15,3  21,9   14:45   8,7   22:49   3,8   0,8   0,0   2,4   9,8   14:32     V
11  15,6  24,0   16:35   8,1   02:29   3,9   1,2   0,0   1,9   8,5   14:22   VSV
12  14,3  19,5   14:19   8,6   03:47   4,0   0,1   0,9   1,5   7,8   05:54    SV
13  14,2  17,1   16:22  12,9   03:59   4,1   0,0   7,5   0,9   6,5   10:19    SV
14  16,0  22,6   16:23  11,3   04:18   3,2   0,9   0,6   1,2  12,6   16:29     Z
15  10,0  14,8   13:15   2,5   23:23   8,3   0,0   0,0   1,6   9,8   10:17     Z
16   7,4  14,8   16:21   1,0   03:47  10,9   0,0   0,0   0,9   7,8   14:58    JZ
17   9,0  13,3   14:30   4,4   05:26   9,3   0,0   1,2   1,2   7,8   12:09   ZJZ
18  11,5  17,5   15:50   6,6   22:24   6,9   0,0   0,0   0,7   5,8   12:07   JJZ
19  13,7  20,2   18:09   7,9   00:00   4,8   0,2   0,0   1,6   7,8   05:56    SV
20  14,4  22,8   17:07   6,8   05:41   4,5   0,6   0,9   0,7   4,9   10:14    JZ
21  16,6  26,3   17:56   7,3   04:12   4,0   2,2   0,0   0,7   5,3   13:21   JJZ
22  18,9  27,4   16:30   7,5   03:52   2,9   3,6   0,0   1,7  10,6   14:57   VJV
23  21,6  27,6   16:20  14,0   05:57   0,5   3,8   0,0   2,5  12,2   10:21   VJV
24  14,4  20,6   17:59  10,8   03:37   4,1   0,2   1,8   1,5   7,3   01:40    JZ
25  18,0  26,5   15:39   9,5   05:37   2,6   2,3   0,0   0,9   8,5   16:12     Z
26  17,4  24,4   14:20  10,9   03:15   2,4   1,5   0,0   0,9   7,0   09:22   SSV
27  18,4  27,3   17:07  10,6   05:16   2,6   2,7  15,0   1,2  13,1   20:35   VSV
28  21,4  28,4   14:32  14,8   00:34   1,0   4,1   0,3   1,9  10,6   22:55     V
29  22,2  28,7   15:47  16,2   06:07   0,5   4,4   6,9   2,4  10,2   11:29     V
30  20,8  26,5   16:21  14,6   23:58   0,2   2,8   6,6   1,9  12,6   17:58   JJV
31  19,0  25,3   15:28  11,8   03:45   1,7   2,5   0,9   1,3   7,8   17:11   JJZ
----------------------------------------------------------------------------------
    15,5  28,7    29     1,0    16   126,5  39,3  46,2   1,7  14,3     2     VSV

Max >=  27,0:  5
Max <=   0,0:  0
Min <=   0,0:  0
Min <= -18,0:  0
Max Rain: 15,0 on day 27
Days of Rain: 13 (>= 0,2 mm)  5 (>= 2,0 mm)  0 (>= 20,0 mm)
Heat Base: 18,3  Cool Base: 18,3  Method: Integration



Poslední aktualizace 8.7.2020 12:10:02

Měšíční a roční statistické protokoly ve fromátu NOAA (National Oceanic and Atmospheric Administration)
Original Author: Ken True webmaster@saratoga-weather.org.
Bodged by beteljuice.