Němčany počasí: NOAA reporty

 


NOAA reporty


Report pro 2016 Dub
                   Monthly Climatological Summary for 4 2016

Name: Němčany   City: Němčany   State: Czech Repulic
Elevation: 256 m  Lat: N 49° 10' 12"   Lon: E 016° 54' 59"

                  Temperature (°C), Rain (mm), Wind Speed (m/s)

                                      Heat  Cool        Avg
    Mean                              Deg   Deg         Wind                 Dom
Day Temp  High   Time   Low    Time   Days  Days  Rain  Speed High   Time    Dir
----------------------------------------------------------------------------------
 1   8,6  16,0   00:00   1,8   23:27   9,8   0,0   0,0   2,7  12,6   12:08   VSV
 2   8,1  16,3   14:42  -1,9   04:15  10,3   0,0   0,0   2,3   9,0   08:36   VSV
 3  13,4  22,2   15:21   7,6   05:27   5,3   0,3   0,0   2,0   9,8   11:49   VJV
 4  15,1  23,6   15:46   6,6   06:49   4,3   1,1   0,0   1,4   7,3   03:03   ZJZ
 5  16,0  25,3   14:38   7,7   02:23   4,3   2,0   0,0   1,0   7,0   04:32   JJV
 6  12,8  18,1   17:10   7,9   06:13   5,5   0,0   0,3   0,9   9,4   12:57     Z
 7  11,3  15,0   14:39   5,7   07:07   7,0   0,0   3,6   0,7   5,8   11:49   ZJZ
 8   9,8  12,6   12:37   6,6   23:08   8,5   0,0   9,9   1,7   8,5   10:48    JV
 9   7,3  15,4   22:26   6,2   07:38  11,4   0,0   0,3   1,4  11,9   14:15   JJV
10   7,5  10,2   15:25   5,9   03:16  10,8   0,0   4,5   0,5   4,9   15:49     Z
11   9,2  13,3   15:52   6,7   02:53   9,1   0,0   0,3   1,8  10,6   20:50     V
12  10,4  16,6   16:59   6,0   23:50   7,9   0,0   0,0   0,9   4,4   01:31   VJV
13  12,3  21,6   15:43   3,4   05:07   6,5   0,5   0,0   0,8   6,5   23:40   SSV
14  11,5  14,7   16:53   4,7   23:46   6,8   0,0   0,3   1,4   8,5   12:00     Z
15   9,8  16,2   12:09   1,0   05:56   8,5   0,0   0,0   0,8   7,8   12:31     J
16  13,4  21,6   13:21   5,7   03:10   5,3   0,5   0,0   0,9   9,0   12:50   JJV
17  14,7  23,7   15:24   8,0   05:57   4,2   0,7   3,3   1,6   9,4   10:33   ZJZ
18  10,8  14,8   17:50   5,7   23:57   7,2   0,0   2,1   1,1   6,5   09:40    SV
19   8,6  16,3   14:46   0,6   06:02   9,7   0,0   0,0   1,1  11,0   15:21     Z
20   8,4  16,0   16:46   1,3   06:23  10,0   0,0   0,0   1,2  11,4   08:30   ZSZ
21   8,6  18,3   15:50  -0,9   05:39   9,5   0,0   0,0   0,8   5,8   15:55     J
22  11,3  21,9   15:40   1,1   05:48   7,4   0,4   0,0   0,8   7,0   13:54     Z
23  10,9  16,7   14:53   5,1   03:11   7,3   0,0   0,0   1,2   5,8   10:41    SV
24   6,6  10,5   14:07   1,1   23:49  11,7   0,0   3,0   1,8  11,9   07:32   ZSZ
25   4,4  11,4   15:49  -1,7   04:57  13,9   0,0   0,0   1,2   9,0   14:39   ZSZ
26   6,2  14,4   15:18  -3,5   05:46  12,2   0,0   3,6   2,4  13,4   12:44   JJZ
27   5,1   7,4   13:14   1,7   22:12  13,3   0,0   3,9   0,8   6,5   14:34    JZ
28   5,0  12,1   12:14  -2,0   05:58  13,3   0,0   0,3   1,5   9,4   13:35   JJZ
29   7,5  17,5   16:56  -2,0   05:34  10,8   0,0   0,0   0,7   6,1   14:38   SSV
30  10,7  20,9   17:32   0,3   05:46   8,0   0,4   0,0   0,9   7,3   08:46   VSV
----------------------------------------------------------------------------------
     9,8  25,3     5    -3,5    26   259,8   5,9  35,4   1,3  13,4    26       J

Max >=  27,0:  0
Max <=   0,0:  0
Min <=   0,0:  6
Min <= -18,0:  0
Max Rain: 9,9 on day 8
Days of Rain: 8 (>= 0,4 mm)  8 (>= 2,0 mm)  0 (>= 20,0 mm)
Heat Base: 17,5  Cool Base: 17,5  Method: Integration



Poslední aktualizace 23.10.2020 12:30:02

Měšíční a roční statistické protokoly ve fromátu NOAA (National Oceanic and Atmospheric Administration)
Original Author: Ken True webmaster@saratoga-weather.org.
Bodged by beteljuice.