Němčany počasí: NOAA reporty

 


NOAA reporty


Report pro 2016 Břez
                   Monthly Climatological Summary for 3 2016

Name: Němčany   City: Němčany   State: Czech Repulic
Elevation: 256 m  Lat: N 49° 10' 12"   Lon: E 016° 54' 59"

                  Temperature (°C), Rain (mm), Wind Speed (m/s)

                                      Heat  Cool        Avg
    Mean                              Deg   Deg         Wind                 Dom
Day Temp  High   Time   Low    Time   Days  Days  Rain  Speed High   Time    Dir
----------------------------------------------------------------------------------
 1   1,8   4,1   00:10   0,1   18:14  16,5   0,0   1,5   1,5  12,6   10:39     Z
 2   2,6   6,1   14:35  -3,6   06:27  15,7   0,0   4,5   1,3   9,0   18:43    JV
 3   3,8   5,8   00:15   2,3   22:20  14,5   0,0   4,8   1,0   9,0   02:33     J
 4   3,4   6,3   11:09   0,4   23:33  15,0   0,0   1,2   0,7   5,8   06:13    SV
 5   5,3  11,6   15:21  -0,8   04:15  13,0   0,0   0,3   3,0  14,6   19:19   VJV
 6   6,3  10,0   16:42   3,4   23:22  12,0   0,0   1,8   2,9  13,1   03:49   JJV
 7   3,2   5,4   11:41   2,2   18:15  15,1   0,0   3,9   0,6   5,3   10:33    JZ
 8   3,0   4,3   14:11   2,2   11:36  15,4   0,0   3,3   0,6   5,3   16:17     Z
 9   2,7   7,5   15:33   0,5   01:26  15,5   0,0   0,3   1,5   8,5   16:49    SV
10   5,5  10,2   14:20   1,6   00:00  12,8   0,0   0,0   3,4  13,1   10:44     V
11   6,2   8,9   10:58   3,6   23:41  12,1   0,0   0,0   1,8   8,5   00:41    JV
12   4,8   7,6   12:27   2,4   06:12  13,5   0,0   0,0   2,5  10,2   11:39     V
13   4,2   6,0   16:20   1,1   23:55  14,1   0,0   0,0   3,2  11,9   13:49   VJV
14   3,9  10,1   14:13  -0,1   05:13  14,4   0,0   0,0   2,6  12,2   11:14     V
15   2,3   6,1   12:34   0,6   03:40  16,0   0,0   3,3   2,0  11,9   13:29     V
16   2,9   6,3   17:01   1,3   01:11  15,4   0,0   0,0   2,7  10,2   06:36    SV
17   4,8  14,1   15:24  -1,7   05:28  13,5   0,0   0,3   1,1   7,3   02:57   SSV
18   5,5  15,8   14:54  -3,7   05:31  12,8   0,0   0,0   1,2   9,4   12:39   ZJZ
19   3,1   6,6   13:14  -2,8   23:52  15,2   0,0   0,0   0,8   7,0   09:47   VSV
20   2,7   9,0   16:19  -3,1   03:52  15,7   0,0   0,0   0,8   8,2   10:39     Z
21   6,5  10,3   11:59   3,8   00:00  11,9   0,0   0,0   1,3   9,8   10:59     Z
22   6,1  12,4   15:31  -0,1   23:33  12,2   0,0   0,0   1,2  13,4   11:48     Z
23   4,4  11,0   11:14  -3,7   05:47  13,9   0,0   0,0   1,0   7,3   11:00   SSV
24   4,6   8,8   14:39   0,3   03:37  13,7   0,0   0,3   0,9   9,4   09:36   ZJZ
25   5,8  10,9   14:49   1,0   03:47  12,5   0,0   0,3   1,0   7,0   14:25    JZ
26   7,0  12,6   15:57   1,3   23:54  11,3   0,0   0,6   0,9   9,0   13:31     Z
27   7,1  16,0   15:59  -2,0   06:48  10,7   0,0   0,0   1,2   8,2   12:39   JJV
28   9,1  16,6   14:19   1,0   06:29   9,2   0,0   0,0   1,7   9,8   14:40    JV
29  10,2  17,0   15:11   3,2   21:58   8,1   0,0   0,0   2,3  16,0   13:29   ZJZ
30   9,7  16,1   12:56   0,7   06:23   8,6   0,0   0,0   1,7  12,2   12:48   JJZ
31  14,3  23,1   16:18   4,9   04:52   5,0   0,9   0,0   1,5   7,3   15:08     V
----------------------------------------------------------------------------------
     5,3  23,1    31    -3,7    18   405,3   0,9  26,4   1,6  16,0    29     VJV

Max >=  27,0:  0
Max <=   0,0:  0
Min <=   0,0: 10
Min <= -18,0:  0
Max Rain: 4,8 on day 3
Days of Rain: 14 (>= 0,2 mm)  5 (>= 2,0 mm)  0 (>= 20,0 mm)
Heat Base: 18,3  Cool Base: 18,3  Method: Integration



Poslední aktualizace 8.7.2020 11:40:02

Měšíční a roční statistické protokoly ve fromátu NOAA (National Oceanic and Atmospheric Administration)
Original Author: Ken True webmaster@saratoga-weather.org.
Bodged by beteljuice.