Němčany počasí: NOAA reporty

 


NOAA reporty


Report pro 2016 Ún
                   Monthly Climatological Summary for 2 2016

Name: Němčany   City: Němčany   State: Czech Repulic
Elevation: 256 m  Lat: N 49° 10' 12"   Lon: E 016° 54' 59"

                  Temperature (°C), Rain (mm), Wind Speed (m/s)

                                      Heat  Cool        Avg
    Mean                              Deg   Deg         Wind                 Dom
Day Temp  High   Time   Low    Time   Days  Days  Rain  Speed High   Time    Dir
----------------------------------------------------------------------------------
 1   5,8  10,1   22:13   2,7   00:53  12,5   0,0   3,3   0,5   4,1   00:19    JZ
 2   8,3  10,7   14:12   5,9   04:28  10,0   0,0   0,0   2,0  11,0   12:52    JZ
 3   5,9   7,9   04:04   1,4   23:58  12,5   0,0   0,0   0,8   9,4   04:15     Z
 4   2,8   6,9   15:09   0,8   00:27  15,4   0,0   0,0   1,5  11,9   13:19     Z
 5   2,1   7,3   15:51  -0,5   07:42  16,3   0,0   0,0   0,2   5,8   10:51     Z
 6   5,1  12,0   13:37   0,0   06:17  13,3   0,0   0,0   0,7   7,3   19:27    JV
 7   6,8  11,4   15:31   3,0   03:48  11,6   0,0   0,0   2,5  13,9   09:47   VJV
 8   6,9  10,3   13:29   3,7   03:51  11,5   0,0   0,3   1,3  11,9   23:16    JV
 9   8,9  13,0   13:32   4,8   07:25   9,4   0,0   0,3   2,7  15,1   20:28   JJV
10   4,9  10,3   00:16   1,0   23:37  13,4   0,0   9,3   1,1  12,6   00:08    JZ
11   3,2   8,7   15:19  -0,7   23:57  15,1   0,0   0,0   1,4   9,4   13:24   ZJZ
12   2,0   7,5   12:59  -2,5   03:29  16,3   0,0   0,0   0,7   6,5   18:42   VJV
13   3,2   8,2   15:34  -0,5   23:50  15,0   0,0   1,2   0,6   4,4   01:17    SV
14   5,5  10,8   12:50  -1,0   00:27  12,7   0,0   4,2   1,9  11,0   20:20   JJV
15   6,4   9,0   13:16   2,8   06:43  11,8   0,0   0,6   0,4   4,4   12:26   ZJZ
16   3,9   8,3   11:36   1,7   03:22  14,4   0,0   0,0   1,6  10,2   23:32   VSV
17   3,2   6,5   21:07   1,1   05:23  15,1   0,0   0,6   3,4  12,2   01:20     V
18   6,9   8,4   13:27   5,2   03:18  11,4   0,0   9,0   1,1  10,2   08:20   VJV
19   3,7   6,9   00:00   2,1   19:37  14,5   0,0  14,4   0,6   6,1   13:28     Z
20   4,2   8,6   14:36   0,8   03:25  14,2   0,0   3,0   2,8  11,9   12:36    JZ
21   8,6  13,2   13:41   3,6   00:00   9,7   0,0   1,8   2,4  13,1   16:18   ZJZ
22  11,7  17,4   14:50   7,4   07:22   6,6   0,0   0,0   2,2  12,2   12:23    JZ
23   6,8  12,6   10:38   1,8   19:43  11,5   0,0   6,6   1,4   9,4   13:15   SSV
24   1,7   6,8   13:11  -3,0   23:35  16,6   0,0   0,3   1,0   7,3   13:21   ZJZ
25   0,9   6,3   11:12  -3,3   01:45  17,4   0,0   0,3   1,5   7,8   06:55   SSV
26   0,1   7,3   15:22  -5,5   06:33  18,2   0,0   0,0   0,5   4,9   20:43   ZJZ
27   1,8   5,5   09:56  -3,7   00:57  16,5   0,0   0,0   3,2  11,4   10:57     V
28   6,5  10,4   12:49   3,7   02:15  11,8   0,0   0,0   2,4   8,2   14:15   VSV
29   4,1   5,4   00:00   3,4   19:54  14,3   0,0  15,6   3,8  14,6   14:37    SV
----------------------------------------------------------------------------------
     4,9  17,4    22    -5,5    26   389,0   0,0  70,8   1,6  15,1     9      JV

Max >=  27,0:  0
Max <=   0,0:  0
Min <=   0,0: 10
Min <= -18,0:  0
Max Rain: 15,6 on day 29
Days of Rain: 16 (>= 0,2 mm)  8 (>= 2,0 mm)  0 (>= 20,0 mm)
Heat Base: 18,3  Cool Base: 18,3  Method: Integration



Poslední aktualizace 9.7.2020 23:50:01

Měšíční a roční statistické protokoly ve fromátu NOAA (National Oceanic and Atmospheric Administration)
Original Author: Ken True webmaster@saratoga-weather.org.
Bodged by beteljuice.