Němčany počasí: NOAA reporty

 


NOAA reporty


Report pro 2016 Led
                   Monthly Climatological Summary for 1 2016

Name: Němčany   City: Němčany   State: Czech Repulic
Elevation: 256 m  Lat: N 49° 10' 12"   Lon: E 016° 54' 59"

                  Temperature (°C), Rain (mm), Wind Speed (m/s)

                                      Heat  Cool        Avg
    Mean                              Deg   Deg         Wind                 Dom
Day Temp  High   Time   Low    Time   Days  Days  Rain  Speed High   Time    Dir
----------------------------------------------------------------------------------
 1  -3,2  -1,9   21:07  -4,5   08:27  21,4   0,0   0,0   0,8   3,7   14:49     J
 2  -3,9  -1,9   05:09  -7,4   23:08  22,2   0,0   0,0   1,9   7,8   21:36    SV
 3  -8,2  -5,8   22:37  -9,6   10:03  26,4   0,0   0,0   3,8  10,2   23:44   SSV
 4  -7,5  -5,9   00:00  -8,6   18:16  25,9   0,0   0,0   2,3   9,4   07:11   VJV
 5  -6,5  -4,4   13:51  -8,5   00:00  24,8   0,0   0,0   1,6   5,3   10:19   JJZ
 6  -3,7  -2,3   13:51  -5,7   00:00  22,1   0,0   0,0   0,7   4,1   07:39   JJZ
 7  -1,1   1,9   13:15  -3,5   04:15  19,4   0,0   1,5   0,8   6,5   20:37   VSV
 8  -1,3   5,9   14:08  -5,8   22:10  19,6   0,0   0,0   1,0   6,5   04:51    JZ
 9  -0,8   1,4   19:00  -5,7   00:20  19,1   0,0   0,3   1,1   8,5   06:43   SSV
10   1,2   2,8   12:16   0,5   07:21  17,1   0,0   1,2   0,2   3,2   13:14   JJZ
11   1,0   2,6   17:17   0,2   23:35  17,3   0,0   1,2   1,5   8,2   13:19     Z
12   1,9   6,0   13:48  -0,8   07:54  16,5   0,0   0,3   0,8   7,3   14:25   ZJZ
13   2,8   6,1   12:07   0,5   07:23  15,6   0,0   2,1   2,1  10,6   15:51   ZJZ
14   1,9   6,7   14:59  -1,3   06:44  16,4   0,0   0,0   1,3  11,0   20:49    JV
15   0,7   5,1   14:38  -1,2   20:47  17,6   0,0   0,0   0,8   5,3   05:20    JZ
16  -0,4   1,5   13:30  -2,8   08:12  18,7   0,0   0,0   0,5   5,8   09:03   ZJZ
17  -3,1  -0,7   13:46  -6,0   07:36  21,4   0,0   0,0   1,9  13,4   11:46     V
18  -3,8   0,3   13:31  -6,8   04:21  22,1   0,0   0,0   0,7   4,4   15:36    SV
19  -5,4  -3,2   13:49  -8,9   05:57  23,7   0,0   0,0   0,8   5,3   08:50    SV
20  -4,7  -3,5   14:41  -6,3   10:30  23,1   0,0   0,0   1,5   7,0   12:45   JJZ
21  -5,1  -0,2   10:39 -12,1   23:52  23,5   0,0   0,3   0,6   7,0   12:54     Z
22  -8,5   1,1   14:32 -14,0   06:37  26,9   0,0   0,0   0,4   4,4   11:50     S
23  -6,0  -4,3   23:59 -11,9   00:00  24,3   0,0   0,0   1,1   5,8   11:53     J
24  -1,6   4,0   14:52  -4,9   02:39  20,0   0,0   2,1   0,1   3,2   14:53    JV
25   0,0   1,6   12:07  -5,0   00:53  18,3   0,0   3,9   0,1   3,2   07:48     J
26   2,5   8,4   15:21   0,8   19:08  15,9   0,0   0,0   0,2   4,1   06:07    JV
27   3,0   7,5   14:33  -0,4   07:53  15,3   0,0   0,0   0,8   5,3   06:43    JZ
28   6,1  10,3   12:23   2,9   23:57  12,2   0,0   2,1   0,5   7,8   15:17     Z
29   4,0  10,1   15:08   1,2   04:56  14,4   0,0   0,0   1,0   7,8   13:16    JZ
30   3,7  10,2   13:42  -0,1   04:04  14,6   0,0   0,0   1,3   8,5   20:27   JJZ
31   4,0   7,1   12:10   1,9   07:32  14,3   0,0   0,0   1,2  10,2   10:53   ZJZ
----------------------------------------------------------------------------------
    -1,4  10,3    28   -14,0    22   610,1   0,0  15,0   1,1  13,4    17     JJZ

Max >=  27,0:  0
Max <=   0,0: 11
Min <=   0,0: 24
Min <= -18,0:  0
Max Rain: 3,9 on day 25
Days of Rain: 10 (>= 0,2 mm)  4 (>= 2,0 mm)  0 (>= 20,0 mm)
Heat Base: 18,3  Cool Base: 18,3  Method: Integration



Poslední aktualizace 9.7.2020 23:30:02

Měšíční a roční statistické protokoly ve fromátu NOAA (National Oceanic and Atmospheric Administration)
Original Author: Ken True webmaster@saratoga-weather.org.
Bodged by beteljuice.