Němčany počasí: NOAA reporty

 


NOAA reporty


Report pro 2015 Pros
                   Monthly Climatological Summary for 12 2015

Name: Němčany   City: Němčany   State: Czech Repulic
Elevation: 256 m  Lat: N 49° 10' 12"   Lon: E 016° 54' 59"

                  Temperature (°C), Rain (mm), Wind Speed (m/s)

                                      Heat  Cool        Avg
    Mean                              Deg   Deg         Wind                 Dom
Day Temp  High   Time   Low    Time   Days  Days  Rain  Speed High   Time    Dir
----------------------------------------------------------------------------------
 1   7,9  11,1   06:31   5,1   23:20  10,5   0,0   1,8   2,3  14,6   06:48     Z
 2   6,8   9,5   16:31   4,2   07:50  11,5   0,0   1,8   0,9   5,3   11:27    JZ
 3   5,7  10,9   14:06   0,0   22:50  12,5   0,0   0,0   0,3   4,1   14:20    JZ
 4   3,0   6,0   14:07  -0,2   00:17  15,3   0,0   0,3   1,0   5,8   11:16   JJZ
 5   4,6  10,1   14:28   1,4   23:42  13,7   0,0   0,0   0,3   3,7   19:28     J
 6   2,9   3,5   01:56   1,7   00:00  15,4   0,0   0,0   3,8   8,2   17:20   JJZ
 7   2,6   3,2   13:31   2,0   06:53  15,7   0,0   0,3   1,5   5,8   00:48   JJZ
 8   3,9   4,9   14:57   2,8   00:00  14,4   0,0   0,3   0,6   5,3   16:43    JV
 9   3,0   4,8   23:59   1,9   06:07  15,3   0,0   2,7   1,3   6,5   02:55   JJZ
10   3,7   9,9   12:11  -3,6   23:58  14,7   0,0   0,3   0,6   5,8   01:59     Z
11  -2,6  -0,8   23:54  -4,7   02:26  20,9   0,0   0,0   1,3   6,1   13:23   JJZ
12   2,6   5,9   11:10  -0,8   00:00  15,7   0,0   0,9   0,7   4,4   01:31    JZ
13   4,2   8,6   15:09  -0,4   23:38  14,1   0,0   0,0   1,4   9,4   17:50    JZ
14   0,6   4,9   12:30  -4,1   07:45  17,8   0,0   0,0   1,1   5,3   15:30   SSV
15   2,0   2,5   03:07   1,5   07:56  16,2   0,0   0,3   0,6   4,4   10:18     J
16   2,6   4,0   13:42   1,4   23:56  15,7   0,0   0,3   0,9   5,8   19:07     J
17   1,6   2,0   15:09   1,1   00:51  16,7   0,0   1,8   1,1   5,3   06:08     J
18   2,5   3,1   14:08   1,8   00:08  15,9   0,0   2,4   1,6   5,3   17:19   JJZ
19   4,0   5,1   12:29   3,0   00:00  14,3   0,0   0,3   1,1   4,9   14:00   JJZ
20   3,1   4,2   00:00   2,6   08:56  15,3   0,0   0,3   0,9   6,1   10:23   JJV
21   3,2   3,8   22:41   2,9   18:52  15,1   0,0   0,6   2,4   7,0   11:21   JJZ
22   6,8  10,7   14:13   3,0   02:07  11,5   0,0   0,3   1,1   5,3   09:08   ZJZ
23   3,5   5,9   00:00   2,4   03:19  14,8   0,0   0,0   0,7   5,3   08:56    JZ
24   1,0   6,3   14:23  -1,3   05:53  17,3   0,0   0,3   0,6   7,0   16:08     S
25   2,4   3,4   15:05  -0,4   00:00  16,0   0,0   0,0   1,6   5,3   12:26    JZ
26   2,3   4,3   13:53   0,0   21:40  16,0   0,0   0,0   1,1   5,8   12:16    JZ
27   0,3   1,3   15:32  -0,4   06:50  18,0   0,0   0,3   0,7   4,4   14:24    JZ
28   1,9   6,3   14:26  -0,7   05:44  16,4   0,0   0,3   0,7   7,0   21:19     S
29   2,1   5,0   14:26   0,3   07:43  16,2   0,0   0,3   2,4   8,5   23:15   SSV
30  -1,5   2,2   14:00  -5,0   19:24  19,8   0,0   0,0   2,2   8,5   11:28    SV
31  -3,2   0,4   14:05  -4,8   07:38  21,5   0,0   0,0   1,9   8,5   04:24    JV
----------------------------------------------------------------------------------
     2,7  11,1     1    -5,0    30   484,2   0,0  15,9   1,2  14,6     1     JJZ

Max >=  27,0:  0
Max <=   0,0:  1
Min <=   0,0: 14
Min <= -18,0:  0
Max Rain: 2,7 on day 9
Days of Rain: 20 (>= 0,2 mm)  2 (>= 2,0 mm)  0 (>= 20,0 mm)
Heat Base: 18,3  Cool Base: 18,3  Method: Integration



Poslední aktualizace 10.7.2020 0:10:01

Měšíční a roční statistické protokoly ve fromátu NOAA (National Oceanic and Atmospheric Administration)
Original Author: Ken True webmaster@saratoga-weather.org.
Bodged by beteljuice.