Němčany počasí: NOAA reporty

 


NOAA reporty


Report pro 2015 List
                   Monthly Climatological Summary for 11 2015

Name: Němčany   City: Němčany   State: Czech Repulic
Elevation: 256 m  Lat: N 49° 10' 12"   Lon: E 016° 54' 59"

                  Temperature (°C), Rain (mm), Wind Speed (m/s)

                                      Heat  Cool        Avg
    Mean                              Deg   Deg         Wind                 Dom
Day Temp  High   Time   Low    Time   Days  Days  Rain  Speed High   Time    Dir
----------------------------------------------------------------------------------
 1   7,9  15,0   14:47   2,7   23:56  10,4   0,0   0,0   1,1   9,0   10:40   JJV
 2   4,9  14,7   14:14  -1,5   06:47  13,4   0,0   0,0   0,6   5,3   14:47   JJZ
 3   5,9  14,8   13:55  -1,8   06:56  12,4   0,0   0,0   0,6   5,8   12:18    JV
 4   3,8  12,0   13:32  -1,4   06:41  14,5   0,0   0,0   0,5   3,7   13:59   JJZ
 5   3,3  15,0   14:58  -2,3   06:53  15,0   0,0   0,0   0,2   2,4   13:39     J
 6   5,9  14,7   15:18  -1,1   06:58  12,5   0,0   0,0   0,3   3,2   12:28   JJZ
 7   8,8  11,7   14:49   5,1   06:29   9,5   0,0   0,3   0,2   2,9   13:43   JJV
 8  11,8  21,6   13:11   5,1   23:38   6,8   0,3   0,3   0,8   9,4   12:11   ZJZ
 9   7,6  13,0   21:56   3,1   03:39  10,7   0,0   0,6   0,4   4,4   10:02   JJZ
10  15,1  20,4   14:50  12,1   03:54   3,3   0,1   0,0   2,2  11,9   12:25     Z
11  13,5  16,4   13:20   8,7   18:49   4,8   0,0   3,3   0,7  13,1   19:50   ZJZ
12   9,5  12,7   16:25  -0,6   16:01   8,9   0,0   2,1   0,6  30,6   16:53     Z
13   7,1  13,0   13:59   3,0   03:39  11,2   0,0   0,3   0,8   8,5   11:28    JZ
14   7,9  12,2   13:38   4,7   20:55  10,4   0,0   1,2   1,9  18,0   16:00     Z
15   8,0  12,4   23:45   5,6   01:55  10,4   0,0   6,0   1,9   7,8   22:28    JZ
16  11,1  17,2   14:21  -4,5   23:20   7,2   0,0   0,0   1,4   8,2   07:21     Z
17   8,7  12,1   21:30   4,4   03:56   9,6   0,0   0,6   0,8   9,0   10:22   JJZ
18  12,9  17,1   12:46   5,6   23:50   5,4   0,0   0,6   2,9  22,1   12:51     Z
19  10,0  15,3   12:36   5,3   00:57   8,2   0,0   1,2   1,3   8,5   14:33   ZJZ
20   8,5  12,6   02:57   4,7   23:56   9,1   0,0  13,8   1,7  10,2   08:50    JZ
21   3,2   5,2   10:43   0,0   23:56  15,1   0,0   0,6   0,5   4,4   04:54     Z
22   1,1   4,6   12:31  -1,8   03:41  17,3   0,0   0,3   0,5   6,5   16:45   ZJZ
23  -0,7   4,4   12:09  -3,9   07:17  19,0   0,0   0,3   1,0  12,2   14:56    JZ
24  -0,5   5,3   11:48  -4,5   07:29  18,8   0,0   0,9   0,3   3,2   13:21     J
25  -0,3   2,1   12:47  -3,8   07:18  18,6   0,0   0,0   1,0   8,5   10:12     J
26   1,7   3,9   13:07  -0,4   06:52  16,6   0,0   0,0   0,6   5,3   14:25   VJV
27   2,0   3,6   12:31   0,1   01:05  16,4   0,0   0,0   1,5  10,2   11:16     V
28   2,2   5,7   13:20  -1,4   07:49  16,2   0,0   0,0   1,1   9,0   23:59     Z
29   3,1   6,7   15:24  -1,3   03:52  15,2   0,0   0,9   1,6   9,0   00:00    JZ
30   7,0  10,2   13:09   4,7   00:00  11,2   0,0   4,8   1,9  14,3   10:43   ZJZ
----------------------------------------------------------------------------------
     6,4  21,6     8    -4,5    16   358,1   0,4  38,1   1,0  30,6    12      JZ

Max >=  27,0:  0
Max <=   0,0:  0
Min <=   0,0: 15
Min <= -18,0:  0
Max Rain: 13,8 on day 20
Days of Rain: 13 (>= 0,4 mm)  5 (>= 2,0 mm)  0 (>= 20,0 mm)
Heat Base: 17,5  Cool Base: 17,5  Method: Integration



Poslední aktualizace 23.10.2020 14:00:02

Měšíční a roční statistické protokoly ve fromátu NOAA (National Oceanic and Atmospheric Administration)
Original Author: Ken True webmaster@saratoga-weather.org.
Bodged by beteljuice.