Němčany počasí: NOAA reporty

 


NOAA reporty


Report pro 2015 Říj
                   Monthly Climatological Summary for 10 2015

Name: Němčany   City: Němčany   State: Czech Repulic
Elevation: 256 m  Lat: N 49° 10' 12"   Lon: E 016° 54' 59"

                  Temperature (°C), Rain (mm), Wind Speed (m/s)

                                      Heat  Cool        Avg
    Mean                              Deg   Deg         Wind                 Dom
Day Temp  High   Time   Low    Time   Days  Days  Rain  Speed High   Time    Dir
----------------------------------------------------------------------------------
 1   9,7  19,4   15:14   2,4   06:59   8,7   0,0   0,0   1,5   6,5   01:51   SSV
 2  11,4  20,3   15:02   3,6   06:23   7,1   0,2   0,0   1,2   9,0   12:54   VJV
 3  15,0  21,5   14:11   6,9   04:35   3,9   0,5   0,0   2,0  11,4   12:31   VJV
 4  15,0  20,2   16:09  11,9   06:36   3,4   0,1   0,0   0,8   6,1   00:15    JV
 5  14,7  22,3   14:12   5,0   08:26   4,2   0,6   0,0   0,4   7,0   14:37   VSV
 6  14,3  20,4   13:06   9,2   07:18   4,2   0,2   0,0   1,0   6,1   05:44     V
 7  15,8  19,4   12:31  11,6   23:59   2,6   0,1   0,0   1,3   6,1   19:47   VSV
 8  11,6  14,7   16:31   9,2   09:13   6,7   0,0   0,0   1,2   5,8   08:16   SSV
 9  11,0  13,8   14:46   8,2   23:55   7,3   0,0   0,0   1,4   8,2   22:13   VSV
10   7,1   8,6   20:59   5,2   03:51  11,3   0,0   0,0   2,6  12,6   21:42     V
11   6,4   9,1   15:38   4,4   07:29  11,9   0,0   0,0   4,0  16,0   12:41     V
12   3,4   6,3   14:42  -1,3   23:58  14,9   0,0   0,0   2,0   9,8   09:50     V
13   2,9   6,2   23:38  -3,3   03:18  15,3   0,0   0,6   1,0   5,3   13:42   VSV
14   7,8   9,4   13:52   6,1   01:41  10,5   0,0   9,0   1,8   7,3   01:34   SSV
15   9,1  11,6   18:50   7,3   05:52   9,2   0,0  12,3   2,7   8,5   07:11   SSV
16  11,5  13,7   01:52   9,9   06:56   6,9   0,0   6,9   0,7   7,8   18:36    JV
17   8,3  11,7   13:59   3,0   23:58  10,0   0,0   3,6   1,3   5,8   02:14   JJZ
18   5,9   9,5   15:15   0,8   03:36  12,4   0,0   0,3   1,0   5,3   08:51   SSV
19   8,6  10,7   11:48   6,7   07:26   9,7   0,0   0,3   1,0   6,5   12:03   VJV
20   8,1  10,7   10:29   6,8   23:58  10,2   0,0   0,0   1,0   6,1   12:57    JZ
21   8,8  12,0   14:18   6,2   03:49   9,5   0,0   0,0   0,5   4,9   10:08   ZJZ
22   8,9  13,3   12:39   6,4   22:45   9,4   0,0   0,0   0,5   4,9   15:14    JZ
23   9,2  14,3   12:01   2,8   23:59   9,1   0,0   0,0   0,7   6,5   11:12     Z
24   7,0  16,7   16:06   0,2   06:34  11,3   0,0   0,0   0,2  13,4   20:35     V
25   6,7  11,1   14:38  -4,4   02:17  12,0   0,0   0,0   0,5  26,5   02:17    JZ
26   9,2  15,1   13:38   3,4   02:11   9,1   0,0   0,0   1,7   8,2   10:54    SV
27  10,1  15,6   15:03   7,3   22:48   8,2   0,0   0,0   1,6   9,4   13:08     V
28  10,5  14,6   12:24   5,6   04:36   7,7   0,0   0,0   2,9  14,3   11:07   VJV
29   9,8  10,6   07:51   8,7   22:12   8,5   0,0   0,0   1,3   9,4   06:59   JJV
30   8,8  10,7   13:33   5,2   23:42   9,5   0,0   0,0   0,4   4,1   17:35   SSV
31   8,4  15,9   13:15   3,1   07:02   9,8   0,0   0,0   0,9   7,8   13:26   VJV
----------------------------------------------------------------------------------
     9,5  22,3     5    -4,4    25   274,5   1,7  33,0   1,3  26,5    25       V

Max >=  27,0:  0
Max <=   0,0:  0
Min <=   0,0:  3
Min <= -18,0:  0
Max Rain: 12,3 on day 15
Days of Rain: 5 (>= 0,4 mm)  4 (>= 2,0 mm)  0 (>= 20,0 mm)
Heat Base: 17,5  Cool Base: 17,5  Method: Integration



Poslední aktualizace 23.10.2020 13:40:02

Měšíční a roční statistické protokoly ve fromátu NOAA (National Oceanic and Atmospheric Administration)
Original Author: Ken True webmaster@saratoga-weather.org.
Bodged by beteljuice.