Němčany počasí: NOAA reporty

 


NOAA reporty


Report pro 2015 Zář
                   Monthly Climatological Summary for 9 2015

Name: Němčany   City: Němčany   State: Czech Repulic
Elevation: 256 m  Lat: N 49° 10' 12"   Lon: E 016° 54' 59"

                  Temperature (°C), Rain (mm), Wind Speed (m/s)

                                      Heat  Cool        Avg
    Mean                              Deg   Deg         Wind                 Dom
Day Temp  High   Time   Low    Time   Days  Days  Rain  Speed High   Time    Dir
----------------------------------------------------------------------------------
 1  24,7  33,6   15:57  16,4   05:14   0,3   6,7   0,0   1,0   7,8   18:50    JV
 2  19,5  23,3   01:21  16,0   23:48   0,4   1,6   0,6   1,1   9,0   02:28     S
 3  18,6  24,4   14:45  11,4   06:12   1,6   1,9   7,8   1,0   7,8   12:48    SV
 4  18,0  24,6   16:08  13,5   23:59   1,6   1,3   8,4   0,7   7,8   14:29   ZJZ
 5  16,4  21,4   13:52  12,8   01:33   2,4   0,5   0,6   1,0   7,8   16:19    JZ
 6  14,0  17,7   15:05  11,3   06:11   4,3   0,0   0,0   2,5  12,2   20:16     Z
 7  13,0  18,8   13:09   9,8   07:12   5,3   0,0   0,0   1,8  10,2   12:28     Z
 8  12,8  20,3   16:16   6,8   04:20   5,7   0,2   0,6   0,8   9,0   13:10     Z
 9  12,7  16,5   15:00   9,6   00:00   5,6   0,0   0,9   0,8   7,3   11:16   VSV
10  14,8  21,4   14:19   9,8   06:37   4,0   0,4   0,0   1,6   8,5   12:19    SV
11  14,3  16,6   17:53  11,8   01:08   4,0   0,0   0,3   1,0   4,9   09:41    SV
12  17,1  23,7   15:18  10,0   06:35   2,3   1,1   0,0   1,1   8,2   17:03    JV
13  19,4  25,0   14:53  12,2   06:24   1,2   2,3   0,0   2,9  13,4   23:48   VJV
14  20,1  24,8   11:32  14,1   23:40   0,3   2,2   0,3   3,6  13,4   12:20    JV
15  16,7  22,7   17:35   9,8   05:23   2,7   1,1   0,0   0,5   7,3   17:22   VSV
16  21,0  29,1   16:19  13,3   05:51   1,1   3,8   0,0   1,3   8,5   11:57    JV
17  24,6  32,8   16:17  16,6   06:14   0,1   6,5   0,0   2,1  16,3   22:48    JV
18  18,0  23,8   14:59  13,0   06:37   1,5   1,1   0,0   0,8   7,0   00:15     S
19  17,4  24,8   14:21  10,3   07:08   2,4   1,6   0,0   0,8   9,4   13:03    SV
20  15,8  21,7   15:43   8,5   23:59   3,2   0,7   0,0   0,9   9,0   12:18    SZ
21  11,7  20,1   16:19   4,4   06:22   6,7   0,1   0,0   0,5   5,8   11:32   ZJZ
22  13,8  22,2   16:01   4,5   05:18   5,2   0,7   0,0   1,3  10,2   13:39    JV
23  16,6  22,3   14:53  12,8   23:46   2,3   0,6   0,0   1,2   6,1   10:39     J
24  16,4  22,6   15:45  11,7   07:12   2,5   0,6   0,0   0,8   8,2   11:28     V
25  15,5  17,9   14:30  13,0   23:53   2,8   0,0   0,3   0,6   6,1   14:03    JV
26  13,4  16,2   14:35   8,4   23:13   4,9   0,0   0,3   0,6   7,3   12:25   VJV
27  13,3  18,5   13:59   7,6   23:57   5,0   0,0   0,0   1,0   9,4   14:54   VJV
28  12,0  18,2   15:39   6,3   06:07   6,3   0,0   0,0   1,4  11,9   11:05   VSV
29  11,9  18,1   14:43   7,5   04:07   6,4   0,0   0,0   1,9  12,2   13:32   VSV
30  10,0  15,0   11:30   6,0   07:10   8,3   0,0   0,0   2,2  14,6   11:36    SV
----------------------------------------------------------------------------------
    16,1  33,6     1     4,4    21   100,4  35,0  20,1   1,3  16,3    17     VJV

Max >=  27,0:  3
Max <=   0,0:  0
Min <=   0,0:  0
Min <= -18,0:  0
Max Rain: 8,4 on day 4
Days of Rain: 6 (>= 0,4 mm)  2 (>= 2,0 mm)  0 (>= 20,0 mm)
Heat Base: 17,5  Cool Base: 17,5  Method: Integration



Poslední aktualizace 23.10.2020 14:30:01

Měšíční a roční statistické protokoly ve fromátu NOAA (National Oceanic and Atmospheric Administration)
Original Author: Ken True webmaster@saratoga-weather.org.
Bodged by beteljuice.