Němčany počasí: NOAA reporty

 


NOAA reporty


Report pro 2015 Srp
                   Monthly Climatological Summary for 8 2015

Name: Němčany   City: Němčany   State: Czech Repulic
Elevation: 256 m  Lat: N 49° 10' 12"   Lon: E 016° 54' 59"

                  Temperature (°C), Rain (mm), Wind Speed (m/s)

                                      Heat  Cool        Avg
    Mean                              Deg   Deg         Wind                 Dom
Day Temp  High   Time   Low    Time   Days  Days  Rain  Speed High   Time    Dir
----------------------------------------------------------------------------------
 1  21,1  28,7   16:07  13,0   05:46   1,4   4,2   0,0   2,1  10,2   11:27   VJV
 2  20,4  27,2   13:17  16,8   03:43   0,3   2,5   0,3   1,0   7,0   06:13   SSV
 3  23,7  32,4   15:32  15,4   05:28   0,6   6,0   0,3   0,9   7,0   18:48   VJV
 4  25,0  33,3   14:56  16,2   05:07   0,3   7,1   0,0   0,9   7,0   16:17    JV
 5  26,5  35,1   15:58  19,1   02:19   0,0   8,2   0,0   1,0   7,8   19:25   SSV
 6  28,1  37,0   17:22  20,5   05:52   0,0   9,8   0,0   1,1   7,0   14:25    SV
 7  29,2  38,2   16:46  20,3   06:07   0,0  10,9   0,0   0,9   6,1   03:37    SV
 8  29,0  36,8   15:34  20,7   05:24   0,0  10,7   0,0   1,3   9,0   13:29    JV
 9  28,3  37,6   14:56  19,8   05:39   0,0  10,0   0,0   1,1  11,0   13:17   JJZ
10  29,0  37,2   15:52  21,4   06:34   0,0  10,7   0,0   1,0   7,8   12:15    JV
11  28,5  36,6   16:45  20,0   06:10   0,0  10,2   0,0   0,9   5,3   13:16    JV
12  28,8  37,6   14:52  21,6   05:54   0,0  10,5   0,0   1,2   9,8   19:57    SV
13  28,1  35,8   16:13  21,6   06:35   0,0   9,8   0,0   2,7  12,2   10:44   VSV
14  28,8  36,3   16:13  21,9   06:12   0,0  10,5   0,0   2,2   9,8   13:49     V
15  27,9  34,5   16:16  21,2   05:50   0,0   9,6   0,0   1,8  10,6   13:55   JJZ
16  24,8  31,7   16:49  19,8   06:19   0,0   6,5   0,3   1,4   9,0   01:27   VSV
17  20,7  23,3   14:22  18,8   23:37   0,0   2,4  29,1   1,0   7,3   11:12   VSV
18  16,5  19,0   00:26  15,2   22:40   1,8   0,0  62,7   1,1   7,0   03:18    JZ
19  16,0  17,3   16:37  15,0   11:56   2,3   0,0  12,0   0,5   5,3   11:18     V
20  18,2  26,0   15:48  10,6   06:54   2,0   1,9   0,0   1,0   7,3   10:33   VSV
21  19,3  26,4   17:24  13,6   03:48   1,5   2,6   0,0   1,3   7,3   14:19    SV
22  19,3  26,3   15:58  13,3   06:07   1,5   2,4   0,0   1,6   9,0   13:32    SV
23  19,1  25,2   14:58  12,9   04:21   1,4   2,2   0,0   2,2   9,4   16:38   VJV
24  21,5  26,9   16:42  16,0   05:22   0,4   3,7   0,0   2,9  12,2   13:53   VJV
25  18,8  22,2   00:00  12,4   23:57   0,7   1,3   0,6   1,1   9,8   17:20   JJZ
26  18,3  28,5   17:16   9,2   05:48   3,2   3,2   0,3   0,4   4,4   13:07    JV
27  20,8  29,3   15:22  11,6   04:35   2,0   4,5   0,0   1,3   7,3   16:58   JJV
28  24,2  32,5   16:20  16,6   06:22   0,0   6,0   0,0   0,9   5,3   15:30   JJZ
29  25,5  33,0   15:57  19,8   00:53   0,0   7,2   0,0   1,3   6,1   22:34    SV
30  26,4  34,5   16:09  19,0   06:31   0,0   8,1   0,0   2,1  10,2   14:36     V
----------------------------------------------------------------------------------
    23,7  38,2     7     9,2    26    19,4 182,7 105,6   1,3  12,2    13       V

Max >=  27,0: 21
Max <=   0,0:  0
Min <=   0,0:  0
Min <= -18,0:  0
Max Rain: 62,7 on day 18
Days of Rain: 8 (>= 0,2 mm)  3 (>= 2,0 mm)  2 (>= 20,0 mm)
Heat Base: 18,3  Cool Base: 18,3  Method: Integration



Poslední aktualizace 8.7.2020 13:20:01

Měšíční a roční statistické protokoly ve fromátu NOAA (National Oceanic and Atmospheric Administration)
Original Author: Ken True webmaster@saratoga-weather.org.
Bodged by beteljuice.