Němčany počasí: NOAA reporty

 


NOAA reporty


Report pro 2015 Červnc
                   Monthly Climatological Summary for 7 2015

Name: Němčany   City: Němčany   State: Czech Repulic
Elevation: 256 m  Lat: N 49° 10' 12"   Lon: E 016° 54' 59"

                  Temperature (°C), Rain (mm), Wind Speed (m/s)

                                      Heat  Cool        Avg
    Mean                              Deg   Deg         Wind                 Dom
Day Temp  High   Time   Low    Time   Days  Days  Rain  Speed High   Time    Dir
----------------------------------------------------------------------------------
 1  22,7  29,4   15:18  15,4   04:19   0,6   5,0   0,0   1,5   7,0   13:10    SV
 2  23,3  30,4   16:58  15,7   05:39   0,4   5,3   0,0   1,9   9,0   11:25    SV
 3  24,2  32,9   17:46  15,0   04:57   0,4   6,3   0,0   1,3   7,3   01:58     V
 4  24,7  34,4   17:22  14,0   04:50   0,8   7,3   0,0   0,8   6,5   11:50    JZ
 5  25,6  37,8   17:30  14,0   04:56   0,8   8,2   0,0   0,8   7,3   11:09   JJZ
 6  26,4  35,4   15:35  16,1   04:46   0,3   8,4   0,0   1,1   7,8   14:18   ZJZ
 7  27,6  36,4   16:42  18,0   05:26   0,0   9,3   0,0   1,2   6,5   13:24     Z
 8  22,5  26,9   01:26  16,2   23:56   0,1   4,3   6,0   0,9   4,9   03:26    JZ
 9  17,1  25,1   14:46  10,9   05:41   2,5   1,3   0,3   1,3  10,2   16:21     Z
10  15,9  24,0   16:16   6,9   05:26   3,9   1,5   0,0   1,5  10,2   14:36     Z
11  17,1  26,8   15:51   5,5   05:11   3,8   2,6   0,0   1,2   9,4   15:36   JJZ
12  21,6  32,2   16:35   9,7   05:10   2,2   5,5   0,0   0,9   8,5   15:56    JZ
13  19,2  23,9   15:18  15,8   05:22   0,7   1,6   0,9   0,9   7,0   20:42    JZ
14  20,2  27,3   15:54  15,4   03:56   0,8   2,8   0,0   1,4  10,6   16:38     Z
15  22,6  29,1   15:54  17,1   23:57   0,1   4,4   0,0   1,2   8,5   12:30     Z
16  23,5  33,0   18:07  12,0   05:27   1,3   6,6   0,0   0,9   7,3   16:52    JZ
17  25,6  37,0   16:21  17,2   05:07   0,1   7,4   1,5   0,9  10,2   13:56   ZJZ
18  25,3  37,0   16:39  16,3   04:45   0,4   7,4   0,3   1,3   9,4   19:07    JZ
19  26,5  35,9   16:50  18,0   05:21   0,0   8,2   0,6   1,7  12,2   14:29   JJZ
20  25,5  31,0   14:24  19,9   05:45   0,0   7,2   0,0   1,4  10,2   12:15   ZSZ
21  26,2  35,5   16:07  15,7   05:05   0,4   8,3   0,0   1,4   9,0   12:34    JZ
22  29,4  38,0   16:20  20,2   02:50   0,0  11,1   0,0   1,1   7,0   04:53   JJZ
23  26,3  32,1   16:08  21,2   02:46   0,0   8,1   0,3   1,2   8,2   16:34    SZ
24  25,9  35,5   15:51  18,2   05:35   0,0   7,6   8,1   2,0  15,1   23:10   VSV
25  24,5  31,9   16:35  18,1   23:50   0,0   6,2   7,5   1,9   9,8   12:25    JZ
26  19,6  26,5   16:49  12,8   23:37   1,4   2,6   0,3   1,3   9,0   11:57   ZJZ
27  16,1  21,9   15:46  11,2   03:07   2,7   0,4  18,6   1,2   8,5   15:39   JJZ
28  19,6  26,7   14:43  12,6   03:27   1,6   2,9   0,3   2,4  12,6   14:18   JJZ
29  18,5  23,7   16:54  14,8   06:26   1,0   1,1   2,1   1,8   9,0   15:55   JJZ
30  18,8  25,3   15:58  11,3   05:46   1,7   2,3   0,0   1,1   9,0   10:24     Z
31  18,6  25,8   17:07  11,6   05:40   2,2   2,5   0,0   0,8   6,1   09:37    SV
----------------------------------------------------------------------------------
    22,6  38,0    22     5,5    11    30,2 163,7  46,8   1,3  15,1    24      JZ

Max >=  27,0: 20
Max <=   0,0:  0
Min <=   0,0:  0
Min <= -18,0:  0
Max Rain: 18,6 on day 27
Days of Rain: 8 (>= 0,4 mm)  5 (>= 2,0 mm)  0 (>= 20,0 mm)
Heat Base: 17,5  Cool Base: 17,5  Method: Integration



Poslední aktualizace 28.11.2020 2:50:01

Měšíční a roční statistické protokoly ve fromátu NOAA (National Oceanic and Atmospheric Administration)
Original Author: Ken True webmaster@saratoga-weather.org.
Bodged by beteljuice.