Němčany počasí: NOAA reporty

 


NOAA reporty


Report pro 2015 Červ
                   Monthly Climatological Summary for 6 2015

Name: Němčany   City: Němčany   State: Czech Repulic
Elevation: 256 m  Lat: N 49° 10' 12"   Lon: E 016° 54' 59"

                  Temperature (°C), Rain (mm), Wind Speed (m/s)

                                      Heat  Cool        Avg
    Mean                              Deg   Deg         Wind                 Dom
Day Temp  High   Time   Low    Time   Days  Days  Rain  Speed High   Time    Dir
----------------------------------------------------------------------------------
 1  20,2  27,6   15:40  13,6   05:51   1,0   2,9   0,0   0,9   6,5   14:17   JJZ
 2  21,2  28,7   16:10  13,5   02:07   1,3   4,2   0,0   1,0   6,1   02:29   JJZ
 3  22,8  31,5   16:57  13,0   05:33   1,1   5,6   0,0   1,1   7,8   13:54   JJZ
 4  21,1  26,2   14:50  14,6   23:58   0,4   3,2   0,0   2,0   8,5   17:08   VSV
 5  19,3  27,5   16:24   9,8   03:19   2,3   3,3   0,0   1,1   7,3   09:41    SV
 6  21,8  31,4   17:07  11,3   03:11   1,8   5,3   0,0   0,9   5,8   09:47   JJV
 7  23,1  32,6   16:27  12,7   05:08   1,2   6,0   0,0   0,9   7,8   19:24    SV
 8  20,0  25,5   16:07  15,0   04:57   0,6   2,3   0,0   2,6  11,0   18:23   VSV
 9  18,6  24,1   14:40  13,2   23:52   1,4   1,7   0,0   2,2  12,2   17:38     V
10  17,4  24,4   15:55  11,5   04:49   2,5   1,6   0,0   2,0  10,6   13:18     V
11  20,5  27,4   16:09  13,4   00:44   1,4   3,5   0,0   1,4   8,5   12:19   VSV
12  24,5  32,2   16:15  16,2   03:31   0,4   6,6   0,0   2,5  11,0   14:36    JV
13  25,2  32,4   15:06  16,7   05:19   0,1   7,0   9,0   1,3  20,4   21:15   JJV
14  22,0  31,1   14:57  15,4   04:19   0,6   4,3   0,6   0,9  17,2   18:49     Z
15  18,0  21,3   09:42  12,8   23:59   1,1   0,8   0,0   1,5   9,4   16:52     V
16  16,4  22,0   14:49   9,7   04:33   2,8   0,9   0,0   1,6   9,0   11:18   VSV
17  15,2  20,8   15:27   8,7   23:55   3,4   0,3   0,0   1,0   8,2   12:34   VSV
18  14,6  22,5   16:18   5,9   04:38   4,4   0,7   0,0   0,7   7,0   15:45    JZ
19  16,4  21,8   16:32  12,3   23:07   2,3   0,4   2,1   0,7   6,5   15:20     Z
20  14,3  20,0   16:07   9,5   22:39   4,1   0,1   0,0   0,9   9,4   12:18     Z
21  14,5  21,5   16:51  10,0   02:36   4,2   0,4   0,0   0,8   6,1   12:19     Z
22  14,8  22,9   13:46   7,7   03:50   4,2   0,7   5,7   1,1  10,2   17:44     J
23  14,5  20,4   17:08  10,0   23:39   4,0   0,1   4,5   1,9   9,4   18:31    JZ
24  14,4  21,0   17:19   6,3   05:30   4,3   0,3   0,0   0,5   5,3   15:30   ZJZ
25  15,9  23,0   16:26   7,9   04:54   3,4   1,0   0,0   1,0   7,0   16:52    SV
26  18,8  26,3   17:41   9,7   05:39   2,3   2,9   0,0   0,5   4,9   16:37     V
27  19,6  25,6   15:07  15,4   04:33   1,0   2,3   0,0   0,4   4,1   14:47     V
28  18,9  25,5   14:07  13,5   23:58   1,3   1,8   4,5   0,7   8,5   13:46     S
29  17,4  24,5   16:18  10,0   05:28   2,5   1,7   0,0   0,6   5,3   16:34    SV
30  19,3  29,6   15:38   9,3   05:08   2,4   3,4   0,0   0,6   5,8   13:58    SV
----------------------------------------------------------------------------------
    18,7  32,6     7     5,9    18    63,8  75,3  26,4   1,2  20,4    13       V

Max >=  27,0: 11
Max <=   0,0:  0
Min <=   0,0:  0
Min <= -18,0:  0
Max Rain: 9,0 on day 13
Days of Rain: 6 (>= 0,2 mm)  5 (>= 2,0 mm)  0 (>= 20,0 mm)
Heat Base: 18,3  Cool Base: 18,3  Method: Integration



Poslední aktualizace 9.7.2020 23:00:01

Měšíční a roční statistické protokoly ve fromátu NOAA (National Oceanic and Atmospheric Administration)
Original Author: Ken True webmaster@saratoga-weather.org.
Bodged by beteljuice.