Němčany počasí: NOAA reporty

 


NOAA reporty


Report pro 2015 Květ
                   Monthly Climatological Summary for 5 2015

Name: Němčany   City: Němčany   State: Czech Repulic
Elevation: 256 m  Lat: N 49° 10' 12"   Lon: E 016° 54' 59"

                  Temperature (°C), Rain (mm), Wind Speed (m/s)

                                      Heat  Cool        Avg
    Mean                              Deg   Deg         Wind                 Dom
Day Temp  High   Time   Low    Time   Days  Days  Rain  Speed High   Time    Dir
----------------------------------------------------------------------------------
 1   9,8  13,6   15:48   6,1   05:21   8,5   0,0   3,3   0,7   6,5   12:33    JZ
 2  11,9  16,5   14:34   5,1   23:59   6,4   0,0   0,3   0,8   6,5   10:13     V
 3   9,2  13,4   10:53   3,3   04:09   9,1   0,0   0,0   1,1   6,5   11:25     V
 4  15,5  24,1   17:10  10,9   01:53   3,6   0,8   0,3   0,9   4,4   10:16   JJZ
 5  19,3  25,3   16:24  13,9   05:45   1,2   2,2   0,0   1,5   8,5   13:41   VJV
 6  17,0  20,6   13:08  13,4   22:53   1,6   0,3   0,3   0,9   7,8   04:52    JV
 7  14,9  22,1   15:36   7,2   05:45   4,3   0,8   0,0   0,9  11,0   16:08   ZSZ
 8  14,8  23,5   16:32   5,0   05:36   4,5   1,0   0,0   1,6   7,8   23:51   SSV
 9  16,3  21,5   11:58  11,6   05:36   2,7   0,7   3,9   1,2   8,2   00:29     S
10  14,7  19,3   11:28   8,2   23:58   3,7   0,1   0,3   1,3  10,6   13:28     Z
11  12,5  22,3   15:39   3,4   04:51   6,1   0,3   0,0   1,1   7,3   10:26    SV
12  15,4  24,8   15:12   3,8   04:44   4,6   1,6   0,0   1,3   7,8   13:32     J
13  17,7  23,6   15:35  12,6   05:35   2,0   1,4   1,5   1,3   7,0   09:30     S
14  15,1  21,8   13:08   7,6   22:32   3,7   0,4   3,6   1,2   8,5   14:12   SSZ
15  12,3  19,2   16:24   5,8   02:12   6,1   0,0   0,0   1,1   5,8   04:08     S
16  14,8  24,7   16:42   2,1   06:58   5,0   1,6   0,0   0,9   7,0   12:23   ZJZ
17  15,7  21,1   16:11  12,3   21:36   3,0   0,3   0,0   1,3   8,2   14:07     Z
18  15,1  23,3   17:46   3,0   05:18   4,6   1,3   0,0   1,3   8,5   13:34   JJV
19  18,5  24,2   12:36  14,4   05:29   1,2   1,3   0,0   1,0   8,2   14:30   ZJZ
20  14,5  22,2   14:57   9,7   05:19   4,2   0,3   1,5   0,7   7,0   17:07     Z
21  12,4  15,0   15:16  10,0   01:49   5,9   0,0   0,0   1,1   8,2   15:20    JV
22  13,7  16,3   12:30  11,3   05:08   4,6   0,0   0,0   2,0   9,8   10:25     V
23  12,7  14,7   10:36  11,0   21:27   5,6   0,0  10,2   3,0  11,4   11:26     V
24  12,6  15,3   15:09   9,4   10:11   5,7   0,0   2,7   1,6   8,5   09:34     V
25  15,4  23,7   15:27   7,9   03:36   3,6   0,7   0,6   1,1   9,0   08:11     V
26  13,7  16,2   13:46  11,2   22:12   4,6   0,0   5,7   0,7   5,8   18:22     Z
27  11,6  15,8   17:15   8,6   05:35   6,7   0,0   0,0   1,7  10,6   16:36     Z
28  12,6  18,5   16:58   5,8   23:59   5,7   0,0   0,0   0,7   5,8   05:15   ZJZ
29  14,9  24,9   15:43   4,3   03:51   4,9   1,5   0,0   0,9   6,5   13:20   JJZ
30  17,5  23,2   13:48  11,4   23:59   1,8   1,0   3,3   1,5  13,4   15:32    JZ
31  15,7  23,2   17:47   6,8   04:59   3,7   1,2   0,0   0,7   5,3   12:59   JJZ
----------------------------------------------------------------------------------
    14,4  25,3     5     2,1    16   138,9  18,8  37,5   1,2  13,4    30      JV

Max >=  27,0:  0
Max <=   0,0:  0
Min <=   0,0:  0
Min <= -18,0:  0
Max Rain: 10,2 on day 23
Days of Rain: 10 (>= 0,4 mm)  7 (>= 2,0 mm)  0 (>= 20,0 mm)
Heat Base: 17,5  Cool Base: 17,5  Method: Integration



Poslední aktualizace 21.9.2020 20:40:02

Měšíční a roční statistické protokoly ve fromátu NOAA (National Oceanic and Atmospheric Administration)
Original Author: Ken True webmaster@saratoga-weather.org.
Bodged by beteljuice.