Němčany počasí: NOAA reporty

 


NOAA reporty


Report pro 2015 Břez
                   Monthly Climatological Summary for 3 2015

Name: Němčany   City: Němčany   State: Czech Repulic
Elevation: 256 m  Lat: N 49° 10' 12"   Lon: E 016° 54' 59"

                  Temperature (°C), Rain (mm), Wind Speed (m/s)

                                      Heat  Cool        Avg
    Mean                              Deg   Deg         Wind                 Dom
Day Temp  High   Time   Low    Time   Days  Days  Rain  Speed High   Time    Dir
----------------------------------------------------------------------------------
 1   3,5   7,8   11:52  -0,9   04:07  14,8   0,0   0,0   1,4   8,5   11:29    JZ
 2   4,8   9,7   13:58   1,3   21:46  13,5   0,0   4,8   1,7  13,1   12:38   ZJZ
 3   4,1  10,2   14:06  -1,2   23:48  14,3   0,0   0,3   2,3  14,3   10:23     Z
 4   3,5  10,2   13:05  -1,9   23:59  14,8   0,0   0,0   1,2  11,9   12:02   ZSZ
 5   2,0   9,9   14:28  -3,8   06:10  16,3   0,0   0,0   0,8  10,2   13:28     Z
 6   2,3  10,2   14:23  -3,0   04:30  16,1   0,0   0,0   0,6   6,5   10:31    SV
 7   3,5  11,0   12:47  -1,7   23:56  14,9   0,0   0,0   0,3   3,7   13:14     J
 8   4,0  14,2   15:10  -3,2   04:10  14,3   0,0   0,0   1,0   8,5   12:03   JJZ
 9   4,5  12,7   14:35  -2,1   04:15  13,8   0,0   0,0   0,9   7,8   10:44    JV
10   5,3  15,4   14:59  -1,5   05:35  13,0   0,0   0,0   0,8   6,1   06:13     Z
11   2,6   5,3   15:59  -2,0   03:02  15,8   0,0   3,9   1,0   7,8   09:51    JV
12   3,9   7,2   11:17   1,4   01:46  14,4   0,0   0,0   1,3   7,3   11:16    JV
13   3,6   5,0   12:20   2,8   06:31  14,7   0,0   0,0   1,4   7,8   14:11   VJV
14   3,2   5,4   12:05   2,1   21:41  15,1   0,0   3,0   1,5   7,8   09:03     V
15   5,5   9,4   15:58   2,1   00:00  12,8   0,0   0,6   1,6   7,8   14:31   VJV
16   8,9  13,6   15:58   5,3   23:55   9,4   0,0   0,0   2,6  13,4   10:09   VJV
17   9,1  17,2   15:13   1,6   05:31   9,3   0,0   0,0   1,3   9,0   10:40   VJV
18   7,1  14,3   14:43   2,5   23:55  11,3   0,0   0,0   1,7  10,6   21:41   SSV
19   5,8  12,6   15:15  -1,1   05:59  12,5   0,0   0,0   1,6   7,0   13:35   VSV
20   4,4  12,7   15:07  -1,9   05:26  13,9   0,0   0,0   1,0   5,8   13:07    JZ
21   6,1  15,1   14:31  -2,6   06:11  12,2   0,0   0,0   1,1   7,0   13:07    JZ
22   4,6   7,9   00:07  -1,9   23:47  13,7   0,0   0,0   3,8  13,9   09:33   VSV
23   3,4  12,7   15:43  -4,2   04:49  14,9   0,0   0,0   0,9   5,8   14:31   JJV
24  10,0  16,2   14:56   1,3   00:00   8,2   0,0   0,0   2,6  11,9   13:27    JV
25  12,1  18,3   12:04   3,7   03:51   6,2   0,0   0,0   2,6  11,0   10:50   VJV
26  12,0  15,3   14:19   9,8   04:07   6,4   0,0   0,9   2,1  13,4   07:54   JJV
27   8,0  11,2   00:00   5,0   22:59  10,3   0,0   2,4   1,2   9,4   03:17     Z
28   6,7  10,4   12:26   1,4   23:59  11,6   0,0   0,0   1,3  11,4   08:18   ZSZ
29   5,8  11,5   17:35  -0,9   04:23  12,0   0,0   2,7   1,3   5,8   12:39   JJZ
30   8,3  11,6   11:05   2,6   23:57  10,0   0,0   1,8   3,6  16,3   15:17   ZJZ
31   5,1  13,1   15:09   0,9   10:14  13,2   0,0   9,3   2,5  18,4   23:07   ZJZ
----------------------------------------------------------------------------------
     5,6  18,3    25    -4,2    23   393,7   0,0  29,7   1,6  18,4    31     JJV

Max >=  27,0:  0
Max <=   0,0:  0
Min <=   0,0: 16
Min <= -18,0:  0
Max Rain: 9,3 on day 31
Days of Rain: 10 (>= 0,2 mm)  6 (>= 2,0 mm)  0 (>= 20,0 mm)
Heat Base: 18,3  Cool Base: 18,3  Method: Integration



Poslední aktualizace 9.7.2020 21:40:02

Měšíční a roční statistické protokoly ve fromátu NOAA (National Oceanic and Atmospheric Administration)
Original Author: Ken True webmaster@saratoga-weather.org.
Bodged by beteljuice.