Němčany počasí: NOAA reporty

 


NOAA reporty


Report pro 2015 Ún
                   Monthly Climatological Summary for 2 2015

Name: Němčany   City: Němčany   State: Czech Repulic
Elevation: 256 m  Lat: N 49° 10' 12"   Lon: E 016° 54' 59"

                  Temperature (°C), Rain (mm), Wind Speed (m/s)

                                      Heat  Cool        Avg
    Mean                              Deg   Deg         Wind                 Dom
Day Temp  High   Time   Low    Time   Days  Days  Rain  Speed High   Time    Dir
----------------------------------------------------------------------------------
 1  -4,0   1,5   11:55  -8,7   05:13  22,4   0,0   0,3   0,4   3,7   12:09     Z
 2  -1,6   4,8   15:22  -4,3   01:24  19,9   0,0   0,0   0,5   3,7   11:01     J
 3  -2,2   6,6   14:17  -7,8   20:56  20,5   0,0   1,2   0,6   5,3   12:24    JZ
 4  -1,7   3,2   12:53  -7,6   23:18  20,0   0,0   0,0   1,4   7,8   19:51     S
 5  -2,8   1,5   14:06  -6,6   06:45  21,1   0,0   0,0   2,5  10,6   12:33   VSV
 6  -2,2   0,0   13:33  -3,6   07:51  20,5   0,0   0,6   6,7  20,4   11:32   VSV
 7  -1,9   4,5   15:07  -5,1   07:38  20,2   0,0   0,0   1,9  11,0   00:37     V
 8  -0,9   2,6   12:38  -3,4   21:44  19,2   0,0   0,3   2,5  16,3   09:57     Z
 9  -0,1   4,1   20:07  -4,6   04:30  18,4   0,0   1,5   2,0   9,8   00:40   ZJZ
10   3,6   5,5   15:23   1,1   21:33  14,7   0,0   0,0   1,1   8,5   11:05     Z
11   2,4   3,5   13:05   1,4   07:44  15,9   0,0   0,0   0,7   5,3   20:22   VSV
12   2,4   7,0   13:13  -0,6   23:49  16,0   0,0   0,0   1,1   7,3   13:32   VJV
13   1,9   6,7   14:29  -1,0   00:49  16,4   0,0   0,0   1,6   7,3   15:42   VJV
14   4,0   8,1   12:34   0,7   00:00  14,3   0,0   0,0   2,5   9,4   02:13   VJV
15   5,0  11,2   14:25   0,2   23:32  13,3   0,0   0,0   2,0   9,8   15:30     V
16   0,3   4,3   14:33  -2,1   22:54  18,0   0,0   0,0   3,5  12,6   05:45   VSV
17   0,3   6,3   14:36  -3,8   05:58  18,0   0,0   0,0   2,4   9,4   01:44    SV
18   0,0   1,1   14:02  -1,6   00:00  18,4   0,0   0,0   0,4   2,9   04:18   JJZ
19   0,1   1,9   15:28  -3,8   23:37  18,2   0,0   0,0   1,1   6,1   14:02    JZ
20  -0,4   8,0   15:50  -5,7   05:42  18,7   0,0   0,0   0,6   5,8   23:32   JJZ
21   5,0  11,0   14:51   1,6   00:40  13,3   0,0   0,0   2,1  12,6   10:50   VJV
22   4,6  10,4   12:54  -1,3   06:27  13,8   0,0   0,9   0,9   6,5   14:28   JJZ
23   4,3   7,0   14:22   2,4   05:55  14,0   0,0   0,6   1,8  13,1   13:55     J
24   5,4   8,3   15:42   2,8   06:18  12,8   0,0   1,2   0,5   4,9   13:26    JV
25   4,8   7,4   13:34   3,3   04:09  13,5   0,0   5,4   1,1   6,5   17:42    JZ
26   4,4   6,4   13:10   3,1   04:46  13,9   0,0   1,2   1,2   8,2   11:52    JV
27   5,0   9,2   14:29   3,3   02:31  13,3   0,0   0,0   1,1   7,0   13:51   VJV
28   5,1   8,1   12:33   3,0   06:34  13,2   0,0   0,0   0,7   4,9   22:47   VSV
----------------------------------------------------------------------------------
     1,5  11,2    15    -8,7     1   471,9   0,0  13,2   1,6  20,4     6     VJV

Max >=  27,0:  0
Max <=   0,0:  1
Min <=   0,0: 17
Min <= -18,0:  0
Max Rain: 5,4 on day 25
Days of Rain: 10 (>= 0,2 mm)  1 (>= 2,0 mm)  0 (>= 20,0 mm)
Heat Base: 18,3  Cool Base: 18,3  Method: Integration



Poslední aktualizace 9.7.2020 23:50:01

Měšíční a roční statistické protokoly ve fromátu NOAA (National Oceanic and Atmospheric Administration)
Original Author: Ken True webmaster@saratoga-weather.org.
Bodged by beteljuice.