Němčany počasí: NOAA reporty

 


NOAA reporty


Report pro 2015 Led
                   Monthly Climatological Summary for 1 2015

Name: Němčany   City: Němčany   State: Czech Repulic
Elevation: 256 m  Lat: N 49° 10' 12"   Lon: E 016° 54' 59"

                  Temperature (°C), Rain (mm), Wind Speed (m/s)

                                      Heat  Cool        Avg
    Mean                              Deg   Deg         Wind                 Dom
Day Temp  High   Time   Low    Time   Days  Days  Rain  Speed High   Time    Dir
----------------------------------------------------------------------------------
 1  -3,0  -0,6   19:52  -5,4   00:00  21,2   0,0   0,0   0,9   4,1   13:13   JJZ
 2   0,3   2,8   23:52  -1,8   08:10  17,9   0,0   0,6   0,9   5,8   23:53    JZ
 3   1,8   3,7   13:12   0,3   22:42  16,5   0,0   0,3   1,5   9,8   17:43    JZ
 4   2,0   5,4   14:12  -0,2   03:48  16,4   0,0   1,2   2,7  18,0   12:15     Z
 5   1,1   2,7   15:07  -0,9   07:24  17,2   0,0   0,6   2,0  10,6   12:27     Z
 6  -2,0   3,0   11:09  -6,3   23:47  20,3   0,0   0,0   1,2   7,3   12:01    SV
 7  -4,8  -2,1   11:58  -6,9   01:50  23,1   0,0   0,0   1,2   5,8   10:11    JV
 8  -3,7  -1,7   23:52  -5,3   00:00  22,0   0,0   0,0   2,1   9,0   23:01   JJZ
 9   3,5   7,8   21:43  -1,7   00:00  14,8   0,0   1,5   2,9  14,3   21:42   ZJZ
10   9,4  15,4   14:33   4,9   05:13   8,9   0,0   3,6   3,0  19,6   16:36     Z
11   3,7   7,6   00:00   1,1   05:56  14,6   0,0   0,0   3,1  17,2   21:42     Z
12   3,4   6,5   14:11   1,0   05:44  14,9   0,0   1,2   2,2  14,6   00:53   ZJZ
13   4,3  11,8   14:35   0,4   06:54  14,1   0,0   0,0   1,2  11,4   17:30    JZ
14   2,8   6,5   13:53   0,8   05:58  15,5   0,0   0,3   1,3   6,1   14:06    JZ
15   3,6   7,8   13:50  -1,7   07:33  14,7   0,0   0,0   1,5  10,6   01:32     J
16   4,9   6,8   11:12   1,9   23:26  13,4   0,0   0,0   1,2   8,5   10:38    JV
17   5,0   7,5   07:58   1,7   23:24  13,3   0,0   2,7   1,4   8,2   11:21   JJV
18   2,3   5,7   15:06   0,6   20:48  16,1   0,0   0,3   0,7   6,5   22:54    SV
19   1,5   2,1   15:35   0,9   23:18  16,8   0,0   0,0   1,2   6,5   08:17    SV
20   2,8   5,6   12:36   0,7   03:25  15,5   0,0   0,0   1,2   6,5   15:23     V
21   2,1   3,8   13:37  -0,4   08:31  16,3   0,0   0,0   1,2   7,0   20:39   SSV
22   4,0   6,4   16:14   2,7   02:58  14,3   0,0   0,3   3,6   8,2   02:56   SSV
23   3,7   5,7   12:52   1,6   23:51  14,6   0,0   0,6   2,9  10,2   22:17   VSV
24   0,5   1,9   12:55  -0,9   23:36  17,8   0,0   0,0   1,4   8,5   00:07    JV
25  -0,5   2,7   13:05  -4,2   20:38  18,8   0,0   1,2   0,6   7,0   15:32    JZ
26  -2,4   6,0   15:08  -8,4   20:29  20,7   0,0   1,2   0,2   2,4   23:05    SZ
27  -1,1   3,4   14:59  -8,0   02:37  19,4   0,0   3,6   0,6   4,9   11:12   JJZ
28   0,4   6,0   14:57  -2,8   02:49  17,9   0,0   0,9   0,7   7,8   23:53   JJZ
29   0,3   4,2   13:37  -1,0   21:25  18,0   0,0   2,1   2,7  13,1   22:53   JJV
30   0,6   2,3   10:16  -2,6   23:52  17,8   0,0   0,6   2,7  18,0   06:34    JV
31  -2,0   5,4   11:21  -8,1   08:11  20,3   0,0   3,3   0,6   6,5   14:36   JJZ
----------------------------------------------------------------------------------
     1,4  15,4    10    -8,4    26   523,1   0,0  26,1   1,6  19,6    10     JJZ

Max >=  27,0:  0
Max <=   0,0:  3
Min <=   0,0: 18
Min <= -18,0:  0
Max Rain: 3,6 on day 10
Days of Rain: 15 (>= 0,4 mm)  5 (>= 2,0 mm)  0 (>= 20,0 mm)
Heat Base: 17,5  Cool Base: 17,5  Method: Integration



Poslední aktualizace 23.10.2020 13:50:02

Měšíční a roční statistické protokoly ve fromátu NOAA (National Oceanic and Atmospheric Administration)
Original Author: Ken True webmaster@saratoga-weather.org.
Bodged by beteljuice.