Němčany počasí: NOAA reporty

 


NOAA reporty


Report pro 2014 Pros
                   Monthly Climatological Summary for 12 2014

Name: Němčany   City: Němčany   State: Czech Repulic
Elevation: 256 m  Lat: N 49° 10' 12"   Lon: E 016° 54' 59"

                  Temperature (°C), Rain (mm), Wind Speed (m/s)

                                      Heat  Cool        Avg
    Mean                              Deg   Deg         Wind                 Dom
Day Temp  High   Time   Low    Time   Days  Days  Rain  Speed High   Time    Dir
----------------------------------------------------------------------------------
 1  -1,9  -0,9   20:28  -2,8   04:30  20,3   0,0   5,4   1,8  11,4   07:30   VSV
 2  -1,8  -0,6   19:37  -2,5   07:18  20,1   0,0   0,3   0,0   0,0   00:00   ---
 3   0,2   1,3   23:59  -1,2   00:00  18,1   0,0   0,0   0,9   8,5   16:35   SSV
 4   2,5   5,8   12:08   0,9   03:22  15,8   0,0   0,0   2,8   9,0   01:48     S
 5   5,5   7,1   14:50   2,3   00:00  12,8   0,0   0,9   1,5   7,0   04:36     V
 6   4,1   4,9   17:19   3,4   03:05  14,2   0,0   1,5   2,6   6,5   03:08   SSV
 7   4,1   5,0   13:36   3,4   00:56  14,3   0,0   0,0   1,4   7,8   10:39     V
 8   2,8   5,4   13:23  -0,2   20:54  15,6   0,0   0,3   0,6   6,5   05:20     Z
 9   1,1   6,0   14:32  -2,1   07:58  17,2   0,0   0,0   1,2  11,0   10:58   JJV
10  -1,0   3,2   11:43  -5,0   07:50  19,3   0,0   0,0   0,8   6,1   12:08   JJZ
11   1,9   5,2   21:53  -1,3   07:56  16,4   0,0   0,0   0,7   5,8   22:27    JZ
12   4,9   9,6   13:39   1,4   05:49  13,4   0,0   0,3   1,5   9,4   17:33   JJZ
13   3,6   6,4   12:12   1,0   22:28  14,7   0,0   0,0   2,6   8,5   06:50   JJZ
14   2,5   3,9   23:59   0,7   00:50  15,8   0,0   0,0   0,7   5,3   19:55    JZ
15   4,5   5,0   16:30   3,6   00:46  13,8   0,0   0,0   0,9   4,4   08:39    JZ
16   4,8   6,7   13:04   3,6   21:46  13,5   0,0   0,9   0,6   5,3   14:45   JJZ
17   4,1   7,8   11:59   0,9   08:01  14,2   0,0   0,9   0,7   6,5   19:53   JJZ
18   6,3   9,0   12:55   3,8   07:21  12,0   0,0   0,6   1,2   5,8   11:38    JZ
19  10,4  14,3   13:34   7,9   00:00   7,9   0,0   0,6   1,7   9,4   13:20    JZ
20   5,9   9,0   00:00   2,6   06:59  12,4   0,0   0,0   2,0  12,2   23:57   ZJZ
21   4,4   7,3   11:36   2,7   07:51  13,9   0,0   0,6   2,9  16,3   06:56     Z
22   6,1   7,9   21:48   4,1   01:53  12,2   0,0   0,0   2,9   9,8   07:24    JZ
23   8,5  13,3   14:07   5,6   23:21   9,8   0,0   0,0   1,5   7,8   07:39    JZ
24   5,4   9,8   14:04   1,5   05:15  12,9   0,0   0,0   1,8  12,6   14:15   ZJZ
25   4,8   8,2   13:27   1,8   19:19  13,5   0,0   0,9   1,4  10,2   13:30   ZJZ
26   0,5   5,9   00:54  -2,7   17:42  17,9   0,0   0,0   1,2   9,8   08:39     Z
27  -3,5  -0,2   10:37  -8,7   07:51  21,8   0,0   0,0   1,8   9,0   23:43    SV
28  -6,6  -4,1   00:00 -12,6   23:07  25,0   0,0   0,3   3,1  14,3   06:50   VSV
29  -6,6  -2,2   13:18 -13,2   02:59  24,9   0,0   0,0   0,8   7,0   05:20   ZJZ
30  -7,4  -1,9   11:48 -11,7   21:05  25,7   0,0   0,0   0,5   4,1   05:38    SV
31  -6,6  -4,9   13:07  -9,6   00:00  25,0   0,0   0,0   1,5   4,9   09:30   JJZ
----------------------------------------------------------------------------------
     2,0  14,3    19   -13,2    29   504,4   0,0  13,5   1,5  16,3    21      JZ

Max >=  27,0:  0
Max <=   0,0:  7
Min <=   0,0: 13
Min <= -18,0:  0
Max Rain: 5,4 on day 1
Days of Rain: 13 (>= 0,2 mm)  1 (>= 2,0 mm)  0 (>= 20,0 mm)
Heat Base: 18,3  Cool Base: 18,3  Method: Integration



Poslední aktualizace 10.7.2020 0:10:01

Měšíční a roční statistické protokoly ve fromátu NOAA (National Oceanic and Atmospheric Administration)
Original Author: Ken True webmaster@saratoga-weather.org.
Bodged by beteljuice.