Němčany počasí: NOAA reporty

 


NOAA reporty


Report pro 2014 List
                   Monthly Climatological Summary for 11 2014

Name: Němčany   City: Němčany   State: Czech Repulic
Elevation: 256 m  Lat: N 49° 10' 12"   Lon: E 016° 54' 59"

                  Temperature (°C), Rain (mm), Wind Speed (m/s)

                                      Heat  Cool        Avg
    Mean                              Deg   Deg         Wind                 Dom
Day Temp  High   Time   Low    Time   Days  Days  Rain  Speed High   Time    Dir
----------------------------------------------------------------------------------
 1   9,3  13,9   13:07   5,4   23:55   9,0   0,0   0,0   0,6   4,9   11:35   JJZ
 2   6,5  12,3   14:41   2,9   05:47  11,9   0,0   0,0   0,4   5,3   22:18     J
 3   8,6  11,1   15:09   6,5   06:07   9,7   0,0   0,0   1,8   8,5   19:34    JV
 4  12,7  19,2   14:27   7,4   05:08   5,6   0,0   0,0   2,8  13,9   18:35    JV
 5  14,6  19,7   12:07  11,0   06:35   3,8   0,1   0,0   4,6  13,1   20:27    JV
 6  12,1  14,9   00:07   8,4   20:44   6,2   0,0   0,0   2,0  12,2   02:52    JV
 7  10,8  14,3   13:24   7,1   05:23   7,5   0,0   1,2   0,4   6,5   12:41   JJV
 8  10,0  11,8   00:00   7,8   22:06   8,3   0,0   5,7   0,8   7,0   00:42   ZJZ
 9  11,9  16,1   13:41   8,2   06:34   6,5   0,0   0,0   2,3   9,8   14:58     V
10  12,8  14,6   15:04  11,6   00:00   5,5   0,0   0,0   2,0   8,5   21:44    JV
11  13,7  17,6   12:11  11,8   22:07   4,6   0,0   0,0   2,8  11,9   14:49   VJV
12  12,8  16,1   12:33  11,4   23:42   5,5   0,0   0,0   2,7  11,4   01:39   VJV
13  10,2  15,8   14:24   5,9   22:43   8,1   0,0   0,0   1,0   8,5   02:15    SV
14   8,6  11,6   22:59   5,7   04:46   9,7   0,0   0,0   2,3  10,2   22:54   SSV
15  11,4  11,9   11:01  10,9   08:35   6,9   0,0   0,0   3,8  15,1   10:36   VJV
16   9,4  11,2   14:37   8,5   14:18   8,9   0,0   0,0   2,6  11,9   06:28   VJV
17   8,8   9,3   08:59   8,5   18:15   9,5   0,0   2,1   1,0   7,0   20:11   VJV
18   8,1  10,1   14:10   5,0   23:53  10,2   0,0   7,8   2,8   9,0   09:26   VSV
19   6,8   9,1   13:50   4,2   03:11  11,5   0,0   0,0   0,3   4,1   16:15   JJV
20   5,6   7,5   12:32   2,4   21:46  12,7   0,0   0,0   0,6   7,8   10:58     Z
21   4,8   6,8   14:34   3,1   03:09  13,6   0,0   0,0   0,4   3,7   15:30   SSV
22   4,5   5,9   13:54   2,6   01:26  13,8   0,0   0,0   0,4   3,7   21:14     V
23   4,9   7,9   11:54   1,4   23:55  13,4   0,0   0,0   0,5   4,9   13:52    JV
24   3,6   5,9   10:50   0,5   07:14  14,7   0,0   2,1   0,7   7,3   11:26   JJV
25   3,4   5,1   14:30   0,0   23:30  14,9   0,0   0,0   0,3   5,3   23:53   VSV
26   2,2   4,1   13:19  -0,5   04:11  16,1   0,0   0,3   1,5   7,0   23:32   VSV
27   1,7   3,0   00:00   0,8   23:22  16,6   0,0   0,0   3,0   9,8   11:12   VJV
28   1,4   2,1   13:07   0,8   00:00  16,9   0,0   0,0   1,5   5,8   11:51     V
29  -0,6   0,9   00:00  -1,6   19:41  18,9   0,0   0,0   3,7  12,2   15:58   VSV
30  -1,5  -0,9   13:37  -2,6   22:31  19,9   0,0   0,0   3,7  11,4   03:41   VSV
----------------------------------------------------------------------------------
     7,6  19,7     5    -2,6    30   320,4   0,1  19,2   1,8  15,1    15     VJV

Max >=  27,0:  0
Max <=   0,0:  1
Min <=   0,0:  4
Min <= -18,0:  0
Max Rain: 7,8 on day 18
Days of Rain: 6 (>= 0,2 mm)  4 (>= 2,0 mm)  0 (>= 20,0 mm)
Heat Base: 18,3  Cool Base: 18,3  Method: Integration



Poslední aktualizace 8.7.2020 13:20:01

Měšíční a roční statistické protokoly ve fromátu NOAA (National Oceanic and Atmospheric Administration)
Original Author: Ken True webmaster@saratoga-weather.org.
Bodged by beteljuice.