Němčany počasí: NOAA reporty

 


NOAA reporty


Report pro 2014 Říj
                   Monthly Climatological Summary for 10 2014

Name: Němčany   City: Němčany   State: Czech Repulic
Elevation: 256 m  Lat: N 49° 10' 12"   Lon: E 016° 54' 59"

                  Temperature (°C), Rain (mm), Wind Speed (m/s)

                                      Heat  Cool        Avg
    Mean                              Deg   Deg         Wind                 Dom
Day Temp  High   Time   Low    Time   Days  Days  Rain  Speed High   Time    Dir
----------------------------------------------------------------------------------
 1  14,8  16,8   13:05  13,1   00:00   3,5   0,0  20,7   0,4   5,8   20:18   VSV
 2  15,6  21,5   12:57  12,2   03:33   3,0   0,4   0,0   1,0   7,0   16:18     V
 3  14,3  19,8   14:02  11,0   22:09   4,2   0,1   0,0   2,0   9,8   18:56   VSV
 4  12,1  15,1   15:54  10,2   07:19   6,2   0,0   0,0   1,6   7,3   07:09    SV
 5  13,3  18,8   14:25   9,5   06:08   5,1   0,0   0,0   1,3   6,5   13:28   VSV
 6  13,9  18,9   15:49   8,8   04:07   4,5   0,0   0,0   2,0  10,2   14:17   VJV
 7  13,3  14,4   16:57  11,2   07:17   5,1   0,0   0,0   3,1  10,6   06:32   VJV
 8  14,6  16,6   16:06  13,2   05:21   3,7   0,0   0,0   1,5   8,2   16:07   VJV
 9  15,9  20,4   11:31  11,3   04:16   2,7   0,3   0,0   0,9   7,8   13:24    JV
10  16,2  22,5   13:53  10,4   07:08   2,8   0,7   0,0   0,8   5,3   00:24   JJV
11  15,4  20,1   16:26  12,7   07:12   3,1   0,2   0,0   1,3   7,3   04:58   SSV
12  17,0  25,0   14:18  12,7   07:49   2,7   1,3   0,0   0,5   6,1   22:14    SV
13  15,5  21,4   15:20  12,8   05:38   3,2   0,4   0,0   1,5   7,3   04:07     S
14  15,3  21,9   12:56   9,9   23:55   3,5   0,5   0,3   0,9   7,3   11:04   ZJZ
15  12,0  17,6   15:33   9,2   01:48   6,2   0,0   0,0   0,8   6,1   10:06     S
16  13,3  18,5   15:20   9,8   00:55   5,0   0,0   1,5   0,4   4,9   14:04   JJZ
17  13,2  15,6   14:31  11,7   07:33   5,1   0,0   4,8   0,6   5,3   23:23     Z
18  13,5  20,7   14:08   8,3   07:15   4,9   0,1   0,0   0,6   5,8   11:44   JJZ
19  11,6  17,1   15:41   7,0   07:46   6,6   0,0   0,0   0,9   6,1   12:45    JZ
20  12,3  15,7   14:50   9,7   05:57   6,0   0,0   0,6   0,8   6,1   15:14    JZ
21  13,5  19,0   14:36   9,6   07:47   4,9   0,0   0,3   0,7   7,0   13:35    JZ
22   9,0  13,7   01:47   6,8   22:14   9,3   0,0   6,3   2,0  13,4   02:07     Z
23   7,8   9,9   11:51   6,3   23:55  10,5   0,0   0,9   1,9  13,1   14:06    JV
24   6,3  11,6   14:50   3,7   22:49  12,0   0,0   0,3   4,2  14,6   18:22   VSV
25   4,9   6,9   16:05   2,7   04:39  13,4   0,0   0,0   0,8   6,5   00:44     V
26   6,1   9,0   15:06   1,2   23:32  12,7   0,0   0,3   0,1   2,4   08:42   VJV
27   3,5   7,0   14:43   0,6   23:58  14,8   0,0   0,0   0,4   4,4   10:47   VSV
28   2,3  12,0   14:25  -1,5   03:47  16,0   0,0   0,3   0,5   5,3   19:12     S
29   4,3  10,9   13:23  -1,6   05:31  14,0   0,0   0,0   1,2   8,2   11:09    JZ
30   7,4  12,0   13:39   2,5   06:59  10,9   0,0   0,0   0,6   6,1   13:29   JJZ
31   7,8  13,8   13:59   4,2   06:05  10,4   0,0   0,0   0,3   3,7   09:36   SSZ
----------------------------------------------------------------------------------
    11,5  25,0    12    -1,6    29   216,0   4,0  36,3   1,2  14,6    24       V

Max >=  27,0:  0
Max <=   0,0:  0
Min <=   0,0:  2
Min <= -18,0:  0
Max Rain: 20,7 on day 1
Days of Rain: 6 (>= 0,4 mm)  3 (>= 2,0 mm)  1 (>= 20,0 mm)
Heat Base: 17,5  Cool Base: 17,5  Method: Integration



Poslední aktualizace 23.10.2020 13:40:02

Měšíční a roční statistické protokoly ve fromátu NOAA (National Oceanic and Atmospheric Administration)
Original Author: Ken True webmaster@saratoga-weather.org.
Bodged by beteljuice.