Němčany počasí: NOAA reporty

 


NOAA reporty


Report pro 2014 Zář
                   Monthly Climatological Summary for 9 2014

Name: Němčany   City: Němčany   State: Czech Repulic
Elevation: 256 m  Lat: N 49° 10' 12"   Lon: E 016° 54' 59"

                  Temperature (°C), Rain (mm), Wind Speed (m/s)

                                      Heat  Cool        Avg
    Mean                              Deg   Deg         Wind                 Dom
Day Temp  High   Time   Low    Time   Days  Days  Rain  Speed High   Time    Dir
----------------------------------------------------------------------------------
 1  15,3  17,0   13:51  13,7   00:00   3,0   0,0   7,2   0,6   7,8   13:58   JJV
 2  15,2  16,8   13:49  13,7   03:58   3,1   0,0  11,1   0,7   7,0   22:56    JV
 3  16,9  20,5   14:38  15,0   07:13   1,5   0,2   0,0   2,7  13,4   14:37     V
 4  19,9  25,8   16:15  15,5   06:32   0,7   2,3   0,0   2,4  10,6   20:29   VSV
 5  21,0  29,8   16:26  14,7   06:21   0,7   3,5   0,0   0,9   5,3   00:30   VSV
 6  19,7  26,2   16:20  14,9   05:40   0,9   2,3   0,0   0,8   5,3   01:42   JJZ
 7  19,2  27,3   15:26  13,0   04:43   1,9   2,8   0,0   0,6   4,4   15:43   JJZ
 8  19,3  28,5   16:05  11,7   05:25   2,3   3,3   0,0   0,6   5,3   14:28   JJZ
 9  19,1  26,0   16:24  12,8   06:23   1,7   2,5   2,1   0,5   5,8   14:14    JZ
10  17,5  24,1   15:43  12,3   05:08   2,1   1,3   0,0   0,9   7,8   14:13    SV
11  14,0  15,0   23:37  12,6   05:58   4,3   0,0  12,6   1,0   7,3   23:46   VSV
12  15,5  17,2   14:06  14,2   21:59   2,8   0,0  14,1   1,3   9,8   01:43    SV
13  16,7  21,0   16:38  14,1   06:42   1,9   0,3   1,2   1,2   7,8   09:10    SV
14  17,2  20,7   13:05  15,2   04:16   1,4   0,3   7,5   0,9   5,3   23:19   SSV
15  17,1  21,9   17:30  14,6   23:15   1,8   0,6   1,2   1,0   8,2   19:29    SV
16  17,3  24,9   15:22  13,0   06:57   2,4   1,3   0,3   1,1   6,5   08:58    SV
17  17,3  25,0   15:50  11,8   04:45   2,7   1,7   0,0   1,1   6,5   15:31   VJV
18  17,4  23,1   15:45  12,3   02:57   2,1   1,2   0,0   1,8   9,8   11:43    JV
19  17,7  23,1   15:54  12,9   06:37   1,7   1,2   0,0   1,6   7,8   13:53    JV
20  18,4  26,6   14:16  13,8   02:27   1,6   1,7   0,6   0,6   6,5   15:47   JJZ
21  18,0  24,2   13:05  13,6   06:39   1,5   1,1   4,8   0,7   7,8   16:52    JZ
22  13,7  18,0   15:57   7,5   23:51   4,6   0,0   3,3   1,4  11,4   16:19     Z
23  11,1  19,7   21:14   6,6   00:47   7,3   0,0   0,0   1,5  10,8   13:40     Z
24  10,8  18,4   14:59   2,2   05:44   7,6   0,0   0,0   1,1   9,0   16:33    JV
25  13,0  19,0   14:50   9,6   08:01   5,4   0,0   0,6   1,0   8,5   14:05   ZJZ
26  13,1  16,0   16:57  11,3   05:37   5,2   0,0   0,6   0,5   6,1   10:39   ZJZ
27  15,1  22,2   16:13  10,7   23:25   3,6   0,4   0,9   0,4   4,4   12:56     Z
28  13,3  22,7   15:26   5,7   06:52   5,8   0,8   0,3   0,3   4,4   13:57     J
29  12,5  19,6   14:05   8,0   02:59   5,9   0,0   0,0   0,9   7,3   14:33    JZ
30  11,8  19,3   15:55   7,2   04:12   6,5   0,0   0,3   0,5   4,4   13:42   JJZ
----------------------------------------------------------------------------------
    16,1  29,8     5     2,2    24    94,0  28,8  68,7   1,0  13,4     3     VJV

Max >=  27,0:  3
Max <=   0,0:  0
Min <=   0,0:  0
Min <= -18,0:  0
Max Rain: 14,1 on day 12
Days of Rain: 17 (>= 0,2 mm)  8 (>= 2,0 mm)  0 (>= 20,0 mm)
Heat Base: 18,3  Cool Base: 18,3  Method: Integration



Poslední aktualizace 3.7.2020 13:30:01

Měšíční a roční statistické protokoly ve fromátu NOAA (National Oceanic and Atmospheric Administration)
Original Author: Ken True webmaster@saratoga-weather.org.
Bodged by beteljuice.