Němčany počasí: NOAA reporty

 


NOAA reporty


Report pro 2014 Srp
                   Monthly Climatological Summary for 8 2014

Name: Němčany   City: Němčany   State: Czech Repulic
Elevation: 256 m  Lat: N 49° 10' 12"   Lon: E 016° 54' 59"

                  Temperature (°C), Rain (mm), Wind Speed (m/s)

                                      Heat  Cool        Avg
    Mean                              Deg   Deg         Wind                 Dom
Day Temp  High   Time   Low    Time   Days  Days  Rain  Speed High   Time    Dir
----------------------------------------------------------------------------------
 1  21,7  27,8   15:58  18,3   04:10   0,0   3,4   0,9   1,3   9,4   18:26   VSV
 2  25,1  32,2   15:45  19,4   00:00   0,0   6,8   0,0   1,5   8,5   13:06   VJV
 3  22,8  30,5   12:42  17,9   23:54   0,0   4,5  22,5   1,4   9,4   14:31   VJV
 4  20,4  25,9   16:30  16,3   05:12   0,4   2,5   2,7   0,6   5,3   01:21   ZJZ
 5  21,6  28,8   14:58  15,2   06:01   0,7   4,0   0,3   0,7   7,3   17:58   ZSZ
 6  21,1  26,8   15:33  15,6   04:51   0,5   3,3   0,0   1,1   9,0   10:42   VSV
 7  21,1  28,1   14:28  15,3   05:51   0,9   3,7   0,0   1,0   8,5   12:21    SV
 8  22,2  30,8   14:22  13,8   05:25   1,0   4,9   0,0   0,6   7,8   14:38   VJV
 9  22,3  31,7   15:16  15,7   04:09   0,5   4,5   0,0   1,5  10,2   16:39     J
10  23,5  31,3   14:31  17,0   01:57   0,3   5,6   0,0   1,5   8,5   17:29     V
11  22,6  30,8   12:56  16,7   23:17   0,2   4,4   1,5   1,1  10,6   15:52     Z
12  17,7  20,3   19:09  14,5   23:13   1,1   0,4   2,1   0,9   7,0   10:28    JZ
13  17,6  19,9   16:16  14,4   00:32   1,2   0,5  12,6   0,8   9,4   23:13     V
14  17,5  20,9   17:10  14,7   06:09   1,3   0,5   0,3   0,9   6,5   01:25    JZ
15  17,8  24,2   14:00  13,5   04:11   1,9   1,3   0,3   1,0   8,5   14:23   JJZ
16  15,8  21,6   16:25  11,4   06:09   2,9   0,4   0,9   1,0   7,3   13:34     Z
17  15,3  22,3   17:29  10,2   06:05   3,5   0,5   0,0   1,3   7,8   14:19   JJZ
18  18,5  25,8   17:56   9,3   06:06   2,2   2,4   0,3   1,7   9,0   11:34   JJZ
19  15,3  20,4   16:45  12,4   23:33   3,1   0,1   7,8   0,4   4,1   04:44   VJV
20  15,0  18,0   15:29  11,6   01:45   3,3   0,0   0,0   0,5   4,9   14:15    JZ
21  15,0  22,0   14:07  10,1   23:48   3,6   0,3   6,3   0,5   6,1   14:56    JV
22  14,9  22,5   16:54   7,8   04:56   4,2   0,8   0,3   0,7   7,0   14:18     J
23  16,3  23,9   16:07  10,8   06:18   2,8   0,8   4,5   0,4   6,5   19:28    JZ
24  15,0  19,8   13:54   8,5   23:50   3,4   0,1   1,5   1,2  11,0   09:44     Z
25  13,6  21,9   16:49   5,5   06:13   5,2   0,5   0,0   1,2   8,5   12:40     J
26  15,1  18,6   18:07  12,7   07:07   3,2   0,0   8,1   0,9  11,0   12:11   JJZ
27  14,4  20,2   17:28   8,9   23:50   4,0   0,1   5,7   1,0   7,8   11:50   VSV
28  14,4  23,1   14:26   5,9   06:24   5,2   1,3   0,0   0,9   6,5   13:23   JJZ
29  16,8  24,6   14:09   7,8   05:12   3,4   1,9   0,0   0,4   6,1   10:40     J
30  17,6  22,1   14:09  11,5   06:15   1,7   1,1   0,0   0,9   5,8   15:30   JJZ
31  17,1  22,7   14:05  13,7   23:36   1,9   0,7   3,9   0,6   8,2   17:16     J
----------------------------------------------------------------------------------
    18,2  32,2     2     5,5    25    63,6  61,3  82,5   1,0  11,0    24       J

Max >=  27,0:  9
Max <=   0,0:  0
Min <=   0,0:  0
Min <= -18,0:  0
Max Rain: 22,5 on day 3
Days of Rain: 19 (>= 0,2 mm)  10 (>= 2,0 mm)  1 (>= 20,0 mm)
Heat Base: 18,3  Cool Base: 18,3  Method: Integration



Poslední aktualizace 8.7.2020 13:30:02

Měšíční a roční statistické protokoly ve fromátu NOAA (National Oceanic and Atmospheric Administration)
Original Author: Ken True webmaster@saratoga-weather.org.
Bodged by beteljuice.