Němčany počasí: NOAA reporty

 


NOAA reporty


Report pro 2014 Červnc
                   Monthly Climatological Summary for 7 2014

Name: Němčany   City: Němčany   State: Czech Repulic
Elevation: 256 m  Lat: N 49° 10' 12"   Lon: E 016° 54' 59"

                  Temperature (°C), Rain (mm), Wind Speed (m/s)

                                      Heat  Cool        Avg
    Mean                              Deg   Deg         Wind                 Dom
Day Temp  High   Time   Low    Time   Days  Days  Rain  Speed High   Time    Dir
----------------------------------------------------------------------------------
 1  16,7  23,7   16:39   9,6   05:38   3,0   1,4   0,3   0,7   6,1   09:53     Z
 2  17,1  24,0   14:10  11,6   00:00   2,4   1,2   5,4   1,3   8,2   05:26   SSV
 3  19,7  28,3   17:17  10,5   05:27   2,0   3,4   0,3   0,8   6,5   15:10   ZSZ
 4  21,1  29,4   15:34  10,3   04:55   2,1   4,9   0,0   1,8  10,6   12:36    JV
 5  21,5  27,3   16:39  18,0   23:58   0,0   3,2   0,3   1,7   8,2   01:15    JV
 6  24,0  32,2   16:38  15,7   05:37   0,4   6,1   0,0   0,9   7,0   13:22   JJZ
 7  25,6  34,0   16:08  16,8   02:58   0,2   7,5   0,0   1,2   9,4   14:15   JJV
 8  24,5  31,9   15:09  18,6   23:59   0,0   6,2   0,0   2,3  13,4   15:58   VJV
 9  18,0  22,9   13:43  15,1   23:30   1,2   1,0   1,2   2,2   8,5   13:37    JZ
10  17,0  22,6   14:33  11,4   04:39   2,1   0,8   0,0   0,9   5,8   08:37   ZJZ
11  18,4  24,7   12:29  14,8   05:09   1,3   1,3   8,1   0,7  11,0   15:27     Z
12  18,9  27,1   15:07  10,2   05:05   2,2   2,8   0,0   0,9  14,3   20:49   ZJZ
13  18,5  27,1   15:58  10,0   03:12   2,7   2,8   0,0   1,2  10,6   16:43   JJZ
14  21,7  29,8   16:36  12,4   05:51   1,2   4,5   0,9   1,2  11,4   20:43     J
15  22,7  30,5   13:35  14,8   05:22   0,5   4,8   0,0   0,8   7,0   14:37   SSV
16  24,3  30,2   13:07  17,8   04:22   0,0   6,1   0,0   1,1   8,2   17:02    SV
17  24,5  32,1   15:32  14,9   05:35   0,5   6,7   0,0   1,1  10,2   15:10   VSV
18  27,2  31,8   14:36  21,8   23:58   0,0   4,0   0,3   1,3   8,5   13:59    SV
19  25,5  34,5   15:47  16,1   05:33   0,3   7,5   0,3   1,0   7,0   15:49     V
20  26,4  35,1   17:07  16,7   03:37   0,2   8,4   0,0   1,9  10,6   16:17    JV
21  25,1  35,1   15:13  19,5   22:49   0,0   6,8   8,4   1,5  10,6   15:32   VSV
22  22,1  27,1   18:10  19,5   00:00   0,0   3,8   3,0   1,3   8,5   09:29   VSV
23  21,1  28,6   13:11  15,4   23:27   0,1   2,9   0,9   1,8  13,4   13:41     V
24  20,2  24,9   19:15  15,4   23:56   0,5   2,5   0,0   0,7   6,1   10:23     S
25  20,9  29,8   14:39  12,9   05:01   1,5   4,1   0,0   0,9   7,0   12:34    JZ
26  23,6  31,6   17:12  14,8   04:34   0,7   5,8   6,3   1,3  14,3   16:07     V
27  24,4  33,2   15:42  17,5   05:31   0,0   6,2   0,0   2,0   8,5   14:34    SV
28  21,8  29,4   13:53  14,9   23:59   0,5   3,9   0,0   1,0   9,4   17:56   VJV
29  22,2  29,4   13:53  16,2   03:40   0,4   4,7   0,0   1,4   9,4   17:56   VJV
30  22,7  29,3   15:13  18,2   05:34   0,0   4,4  10,8   1,6   9,0   15:58   VJV
31  20,9  25,4   11:13  18,3   23:45   0,0   2,6  48,0   1,1   7,8   14:23   VSV
----------------------------------------------------------------------------------
    21,9  35,1    20     9,6     1    26,0 132,3  94,5   1,3  14,3    12     VJV

Max >=  27,0: 24
Max <=   0,0:  0
Min <=   0,0:  0
Min <= -18,0:  0
Max Rain: 48,0 on day 31
Days of Rain: 15 (>= 0,2 mm)  7 (>= 2,0 mm)  1 (>= 20,0 mm)
Heat Base: 18,3  Cool Base: 18,3  Method: Integration



Poslední aktualizace 9.7.2020 23:20:01

Měšíční a roční statistické protokoly ve fromátu NOAA (National Oceanic and Atmospheric Administration)
Original Author: Ken True webmaster@saratoga-weather.org.
Bodged by beteljuice.