Němčany počasí: NOAA reporty

 


NOAA reporty


Report pro 2014 Červ
                   Monthly Climatological Summary for 6 2014

Name: Němčany   City: Němčany   State: Czech Repulic
Elevation: 256 m  Lat: N 49° 10' 12"   Lon: E 016° 54' 59"

                  Temperature (°C), Rain (mm), Wind Speed (m/s)

                                      Heat  Cool        Avg
    Mean                              Deg   Deg         Wind                 Dom
Day Temp  High   Time   Low    Time   Days  Days  Rain  Speed High   Time    Dir
----------------------------------------------------------------------------------
 1  16,3  22,3   15:55   9,8   01:47   3,0   1,0   0,0   0,7   7,0   16:18     V
 2  14,1  21,7   13:53   6,1   04:49   4,5   0,4   0,0   0,9   9,0   16:58     S
 3  14,4  19,3   16:08  10,6   04:42   4,0   0,1   3,0   0,5   4,4   11:44   VJV
 4  16,9  25,1   15:07   9,9   05:31   3,1   1,7   0,0   0,8   6,1   14:20    JV
 5  16,5  23,6   14:36  10,6   05:12   2,7   0,9   0,0   0,8   5,8   11:29    JZ
 6  19,1  27,3   16:18   8,3   05:14   2,4   3,2   0,0   1,2   7,0   10:58    SV
 7  20,7  30,9   16:26   9,8   04:59   2,0   4,5   0,0   1,0   7,3   09:43    SV
 8  22,7  33,4   15:08  11,4   03:58   1,9   6,3   0,0   0,6   4,4   16:43    JV
 9  24,9  35,5   16:11  13,3   03:37   1,0   7,7   0,0   0,7   4,9   11:59   JJZ
10  26,4  36,9   16:34  14,8   05:13   0,6   8,7   0,0   1,1   6,5   07:54    SV
11  26,3  34,1   14:51  19,0   03:46   0,0   8,0   0,0   1,3   7,0   08:44    SV
12  23,7  30,3   16:31  18,1   05:27   0,0   5,4   0,0   0,8   6,5   13:08     S
13  20,3  26,5   16:30  14,0   05:39   0,9   2,9   0,0   1,2   8,5   16:29   ZSZ
14  16,5  21,5   16:08  10,4   05:50   2,4   0,6   0,0   1,1   9,0   13:50   ZSZ
15  16,1  22,5   13:38   7,9   05:39   3,5   1,2   0,0   1,5  10,2   14:21    SV
16  16,3  25,2   15:38   5,7   05:08   3,7   1,7   0,0   0,7   6,1   12:19   SSV
17  19,3  26,3   15:42  10,0   04:29   1,9   2,9   0,0   1,3  10,2   14:32    SV
18  19,8  27,2   14:10   9,5   05:41   1,8   3,3   0,0   1,0   8,2   15:25    SV
19  18,4  27,4   14:10   8,9   05:20   2,5   2,6   0,0   1,0   8,2   13:53    JZ
20  16,1  20,8   15:46  12,3   02:31   2,5   0,3   0,3   1,2   9,8   08:42     Z
21  14,9  20,7   14:49   9,0   05:11   3,6   0,2   0,0   1,1   7,3   12:07     Z
22  17,4  24,5   14:49   9,6   03:32   2,6   1,7   0,0   1,1   8,5   10:24     Z
23  19,9  27,7   17:25  13,3   04:55   1,4   3,1   0,0   1,1  10,2   10:40   ZSZ
24  18,7  25,5   16:38  12,5   04:07   1,9   2,4   0,0   1,0   6,1   18:35    SV
25  15,7  22,4   17:16  11,7   23:07   3,2   0,6   3,6   1,5   9,8   18:58    SV
26  15,5  22,4   14:24   9,6   03:42   3,4   0,6   0,0   1,0   8,5   02:17   SSV
27  18,3  27,6   17:30   4,8   01:40   3,0   3,0   0,0   1,0   7,0   12:37   VJV
28  21,8  29,4   16:13  11,2   02:49   1,5   5,1   0,0   2,3  10,6   16:16   JJV
29  21,7  29,5   12:49  15,6   23:18   0,3   3,7   7,2   1,3  10,6   15:58   JJV
30  15,9  19,2   17:49  13,3   23:11   2,4   0,0  10,2   0,5   4,4   12:54   ZJZ
----------------------------------------------------------------------------------
    18,8  36,9    10     4,8    27    67,7  83,8  24,3   1,0  10,6    28      SV

Max >=  27,0: 13
Max <=   0,0:  0
Min <=   0,0:  0
Min <= -18,0:  0
Max Rain: 10,2 on day 30
Days of Rain: 4 (>= 0,4 mm)  4 (>= 2,0 mm)  0 (>= 20,0 mm)
Heat Base: 17,5  Cool Base: 17,5  Method: Integration



Poslední aktualizace 23.10.2020 13:20:02

Měšíční a roční statistické protokoly ve fromátu NOAA (National Oceanic and Atmospheric Administration)
Original Author: Ken True webmaster@saratoga-weather.org.
Bodged by beteljuice.