Němčany počasí: NOAA reporty

 


NOAA reporty


Report pro 2014 Květ
                   Monthly Climatological Summary for 5 2014

Name: Němčany   City: Němčany   State: Czech Repulic
Elevation: 256 m  Lat: N 49° 10' 12"   Lon: E 016° 54' 59"

                  Temperature (°C), Rain (mm), Wind Speed (m/s)

                                      Heat  Cool        Avg
    Mean                              Deg   Deg         Wind                 Dom
Day Temp  High   Time   Low    Time   Days  Days  Rain  Speed High   Time    Dir
----------------------------------------------------------------------------------
 1  15,8  25,3   16:22   7,7   05:23   4,1   1,6   0,0   0,8   7,0   10:27    SZ
 2  15,2  24,6   13:13   8,1   03:56   4,1   1,0   5,7   1,7  11,0   17:58   VSV
 3   8,7  11,8   12:56   5,7   23:43   9,7   0,0   0,3   2,1  12,2   13:06   VJV
 4   9,9  17,7   15:23   2,2   05:55   8,4   0,0   0,9   1,6  11,4   12:10   JJV
 5   9,0  17,0   16:22  -0,5   05:47   9,5   0,0   0,0   0,8   6,5   10:08   VSV
 6  12,6  21,6   16:48   0,9   05:42   6,3   0,6   0,0   1,4   8,5   15:53    JV
 7  14,6  19,3   13:44  12,2   04:56   3,7   0,0   5,4   1,3   8,2   00:44   JJV
 8  14,5  21,0   17:54   7,8   05:35   4,4   0,6   0,0   1,1  11,9   14:16   ZJZ
 9  15,1  23,5   14:40   6,1   03:24   4,4   1,2   0,6   1,5   9,4   14:42    JZ
10  15,8  22,3   17:41  10,3   05:32   3,2   0,7   4,2   1,4  14,6   03:31   ZJZ
11  12,4  15,4   08:36   8,6   23:36   5,9   0,0  11,4   1,2   7,8   16:29   JJZ
12  11,2  18,3   14:50   7,2   23:45   7,1   0,0   0,3   1,6  11,4   16:49   ZJZ
13   9,6  14,4   14:58   5,0   04:47   8,7   0,0   0,3   0,8   5,8   13:11   JJZ
14  10,5  15,4   14:10   6,0   03:10   7,8   0,0   0,0   1,1   8,5   14:15   ZJZ
15  10,9  13,5   14:22   8,7   04:22   7,4   0,0   0,3   2,6  14,6   14:51    JZ
16  10,6  12,0   15:50   8,6   06:06   7,7   0,0  11,1   2,1  11,0   12:45     J
17  11,5  14,7   12:14   9,5   03:43   6,9   0,0   9,6   0,9   5,8   00:30    JZ
18  11,4  14,5   17:22   9,6   04:58   6,9   0,0   1,5   1,4   7,8   13:40   JJV
19  16,5  22,9   15:43  11,6   05:16   2,9   1,1   0,3   1,9   8,5   18:56    JV
20  18,7  26,5   16:07  11,9   01:24   2,3   2,7   0,0   1,5   9,4   13:08   VJV
21  19,6  27,3   15:18  11,0   04:34   2,1   3,4   0,0   1,7  12,6   16:18   VJV
22  22,1  29,4   14:55  14,2   02:27   0,6   4,4   0,0   2,4  12,2   13:54   VJV
23  24,2  30,1   14:42  18,3   00:07   0,0   6,0   0,0   2,6  14,3   10:10   VJV
24  21,2  28,5   16:14  15,1   03:59   0,6   3,5   0,3   0,8   7,3   11:26   VJV
25  19,8  27,2   15:19  12,1   05:55   1,6   3,1   0,0   1,5   7,8   09:42    SV
26  19,3  26,5   12:09  13,5   04:42   1,3   2,3   0,6   1,6   8,5   18:53    SV
27  19,0  24,7   13:37  14,3   05:24   1,2   1,9   0,3   1,2   8,2   18:58     V
28  17,4  23,9   16:30  13,2   05:06   2,1   1,2   0,0   1,2   5,8   11:42     J
29  12,4  15,3   08:14   8,5   23:59   5,9   0,0   6,6   0,9   6,1   12:13     V
30  10,9  15,4   18:40   6,7   23:10   7,4   0,0   1,5   0,8   7,3   09:14    JV
31  13,7  21,4   13:20   4,3   05:17   5,2   0,6   0,0   0,7   7,3   11:19   VSV
----------------------------------------------------------------------------------
    14,6  30,1    23    -0,5     5   149,4  35,9  61,2   1,4  14,6    10      JV

Max >=  27,0:  5
Max <=   0,0:  0
Min <=   0,0:  1
Min <= -18,0:  0
Max Rain: 11,4 on day 11
Days of Rain: 12 (>= 0,4 mm)  7 (>= 2,0 mm)  0 (>= 20,0 mm)
Heat Base: 17,5  Cool Base: 17,5  Method: Integration



Poslední aktualizace 28.11.2020 2:40:01

Měšíční a roční statistické protokoly ve fromátu NOAA (National Oceanic and Atmospheric Administration)
Original Author: Ken True webmaster@saratoga-weather.org.
Bodged by beteljuice.