Němčany počasí: NOAA reporty

 


NOAA reporty


Report pro 2014 Břez
                   Monthly Climatological Summary for 3 2014

Name: Němčany   City: Němčany   State: Czech Repulic
Elevation: 256 m  Lat: N 49° 10' 12"   Lon: E 016° 54' 59"

                  Temperature (°C), Rain (mm), Wind Speed (m/s)

                                      Heat  Cool        Avg
    Mean                              Deg   Deg         Wind                 Dom
Day Temp  High   Time   Low    Time   Days  Days  Rain  Speed High   Time    Dir
----------------------------------------------------------------------------------
 1   6,8  13,7   15:26   1,8   00:00  11,5   0,0   0,0   1,7   9,4   16:45     V
 2   7,5  16,2   13:44   1,4   06:27  10,9   0,0   0,0   2,7   9,4   23:58   SSV
 3   4,6   9,2   15:02   0,7   06:29  13,7   0,0   0,0   2,7   9,4   00:59   VSV
 4   6,7  11,9   16:21   2,0   23:58  11,6   0,0   1,2   1,7   6,5   08:03    SV
 5   5,5  13,7   14:37   0,5   04:55  12,8   0,0   0,0   2,0  10,2   12:49     V
 6   6,4   9,4   14:48   2,5   20:17  11,9   0,0   0,0   3,3  13,1   11:14     V
 7   5,3   9,4   15:02   1,8   02:32  13,0   0,0   0,0   1,9   9,4   12:26     V
 8   6,5  16,2   15:30  -1,4   06:41  11,8   0,0   0,0   1,0   6,1   14:38    SV
 9   7,1  14,9   15:21   0,4   02:52  11,3   0,0   0,0   2,0   9,8   10:02   VSV
10   6,6  15,8   13:54  -1,1   23:38  11,7   0,0   0,0   1,1   7,3   00:25   VSV
11   7,6  18,7   15:02  -3,2   04:10  10,8   0,0   0,0   1,7   9,8   23:46   VSV
12   8,8  16,4   15:06   1,4   05:34   9,6   0,0   0,0   2,1  11,4   10:38   VSV
13   8,3  18,2   15:57   1,1   05:41  10,0   0,0   0,0   0,9   6,1   13:06    JZ
14   8,3  21,6   15:34  -1,7   05:44  10,4   0,4   0,0   0,4   4,9   13:15     J
15   5,6  12,6   10:54   0,8   01:47  12,7   0,0   6,3   1,9  15,5   10:58     Z
16   9,2  11,9   12:45   5,1   00:59   9,0   0,0   0,3   4,2  16,7   12:31     Z
17  11,3  13,3   15:51   9,9   20:26   7,0   0,0   0,0   2,3  11,9   13:23     Z
18  11,6  17,4   14:46   5,9   06:24   6,7   0,0   0,6   1,1   9,0   11:46    JZ
19  10,2  14,2   12:40   7,4   03:34   8,1   0,0   0,6   2,7  13,9   09:14     Z
20  11,9  20,0   15:55   5,0   04:58   6,6   0,2   0,0   1,9   8,5   12:46   JJZ
21  14,6  21,5   13:57   7,5   02:40   4,3   0,5   0,0   1,9  11,4   14:58   JJV
22  13,4  20,5   13:42   3,8   06:30   5,2   0,3   0,0   2,1  13,1   15:14   VJV
23   9,8  12,0   00:00   4,6   23:30   8,5   0,0   1,5   1,1   5,8   17:07   JJZ
24   5,2   8,9   15:59   2,6   21:36  13,1   0,0   0,6   1,1   6,5   14:42     Z
25   5,6  12,5   14:19   0,0   23:54  12,7   0,0   0,0   1,0   8,2   08:27   ZSZ
26   6,6  14,2   12:54  -0,1   00:06  11,6   0,0   0,0   1,8   9,8   09:06    SV
27   9,3  17,6   14:15   2,3   06:12   9,0   0,0   0,0   2,7  10,2   08:30    SV
28  11,0  18,9   14:33   5,0   05:16   7,4   0,0   0,0   2,6  11,0   08:58     V
29  11,4  19,7   15:16   4,9   05:59   7,0   0,1   0,0   2,1   7,8   10:50    SV
30  12,8  23,3   16:19   5,6   07:06   6,2   1,0   0,0   1,8   9,4   08:43   SSV
31  12,0  21,5   14:47   4,2   05:58   6,6   0,3   0,0   1,3  11,0   16:26   ZJZ
----------------------------------------------------------------------------------
     8,6  23,3    30    -3,2    11   302,7   2,8  11,1   1,9  16,7    16     VSV

Max >=  27,0:  0
Max <=   0,0:  0
Min <=   0,0:  6
Min <= -18,0:  0
Max Rain: 6,3 on day 15
Days of Rain: 6 (>= 0,4 mm)  1 (>= 2,0 mm)  0 (>= 20,0 mm)
Heat Base: 17,5  Cool Base: 17,5  Method: Integration



Poslední aktualizace 21.9.2020 19:50:02

Měšíční a roční statistické protokoly ve fromátu NOAA (National Oceanic and Atmospheric Administration)
Original Author: Ken True webmaster@saratoga-weather.org.
Bodged by beteljuice.