Němčany počasí: NOAA reporty

 


NOAA reporty


Report pro 2014 Ún
                   Monthly Climatological Summary for 2 2014

Name: Němčany   City: Němčany   State: Czech Repulic
Elevation: 256 m  Lat: N 49° 10' 12"   Lon: E 016° 54' 59"

                  Temperature (°C), Rain (mm), Wind Speed (m/s)

                                      Heat  Cool        Avg
    Mean                              Deg   Deg         Wind                 Dom
Day Temp  High   Time   Low    Time   Days  Days  Rain  Speed High   Time    Dir
----------------------------------------------------------------------------------
 1  -1,0   1,0   13:10  -2,5   08:05  19,5   0,0   0,0   3,7  13,1   17:38    JV
 2   0,1   0,5   08:33  -0,8   00:00  18,4   0,0   0,4   2,0  13,1   02:59    JV
 3   1,0   6,0   14:09  -3,8   23:45  17,3   0,0   0,3   2,0  11,0   14:49    JV
 4   0,2   3,8   13:41  -4,2   00:41  18,1   0,0   0,0   3,0  18,4   12:34    JV
 5   0,7   3,4   11:53  -1,4   00:00  17,7   0,0   0,0   2,5  12,6   12:22    JV
 6   0,4   3,5   15:41  -2,1   19:10  17,8   0,0   0,0   1,0   5,3   11:50   JJZ
 7   2,5   4,3   17:11  -2,0   00:00  15,8   0,0   0,0   1,9  10,6   04:45    JV
 8   4,2  11,1   14:07  -0,1   09:04  14,1   0,0   0,3   1,1   9,0   16:40    JV
 9   3,5   5,8   00:00   1,8   21:42  14,8   0,0   3,6   0,5   7,3   14:05    JZ
10   3,9   9,4   13:06  -1,4   07:20  14,4   0,0   0,3   2,9  14,6   19:21   VJV
11   5,3   8,9   00:54   0,4   23:29  12,9   0,0   3,6   1,0  10,2   01:12   JJZ
12   2,0   7,6   14:21  -2,3   23:54  16,3   0,0   0,3   0,6   6,1   05:13    SZ
13   1,7   8,1   14:58  -5,3   07:10  16,7   0,0   0,0   1,4  10,2   20:19    JV
14   3,8  11,2   14:59  -2,7   23:07  14,6   0,0   0,0   1,4  11,0   13:26   ZJZ
15   5,1  11,0   14:09  -2,0   00:00  13,2   0,0   0,0   2,3  13,1   13:30   VJV
16   2,8   5,2   15:43  -1,2   07:09  15,6   0,0   0,0   0,7   4,9   09:50   ZJZ
17   4,8  12,0   13:49  -0,3   23:59  13,5   0,0   0,0   0,6   5,3   14:05    JZ
18   2,9  10,2   14:32  -3,2   06:08  15,4   0,0   0,0   0,9   9,0   15:49   VJV
19   5,1   7,0   12:06   1,5   21:39  13,2   0,0   0,0   0,7   4,4   11:03    JZ
20   4,0  12,3   14:55   0,0   07:12  14,3   0,0   0,0   0,6   7,0   14:20   JJZ
21   5,9  10,9   14:30   0,9   00:00  12,4   0,0   0,0   1,4   8,2   12:09    JV
22   6,3  10,0   13:21   4,0   23:57  12,0   0,0   0,3   0,4   6,1   14:21   JJZ
23   5,4  12,9   14:21  -0,9   06:59  12,9   0,0   0,0   1,0   9,0   14:02   VSV
24   4,6  13,5   13:57  -1,5   01:01  13,8   0,0   0,0   0,9   7,3   10:18    SV
25   5,7  11,8   13:07  -1,5   07:00  12,7   0,0   0,0   2,4  11,0   15:37   VJV
26   6,1  11,0   12:09   0,2   22:08  12,2   0,0   0,0   1,7   9,4   10:59    JV
27   3,1   7,3   13:55  -0,8   20:50  15,2   0,0   0,0   0,5   4,4   00:17    JZ
28   4,0   7,5   14:54   0,9   00:00  14,4   0,0   0,0   1,2   7,8   02:02    SV
----------------------------------------------------------------------------------
     3,4  13,5    24    -5,3    13   419,2   0,0   9,1   1,4  18,4     4      JV

Max >=  27,0:  0
Max <=   0,0:  0
Min <=   0,0: 21
Min <= -18,0:  0
Max Rain: 3,6 on day 9
Days of Rain: 8 (>= 0,2 mm)  2 (>= 2,0 mm)  0 (>= 20,0 mm)
Heat Base: 18,3  Cool Base: 18,3  Method: Integration



Poslední aktualizace 9.7.2020 23:50:01

Měšíční a roční statistické protokoly ve fromátu NOAA (National Oceanic and Atmospheric Administration)
Original Author: Ken True webmaster@saratoga-weather.org.
Bodged by beteljuice.