Němčany počasí: NOAA reporty

 


NOAA reporty


Report pro 2014 Led
                   Monthly Climatological Summary for 1 2014

Name: Němčany   City: Němčany   State: Czech Repulic
Elevation: 256 m  Lat: N 49° 10' 12"   Lon: E 016° 54' 59"

                  Temperature (°C), Rain (mm), Wind Speed (m/s)

                                      Heat  Cool        Avg
    Mean                              Deg   Deg         Wind                 Dom
Day Temp  High   Time   Low    Time   Days  Days  Rain  Speed High   Time    Dir
----------------------------------------------------------------------------------
 1   2,9   3,5   02:10   2,3   21:15  15,4   0,0   0,0   2,1   9,4   04:15    JV
 2   3,3   4,0   12:52   2,3   00:00  15,0   0,0   0,3   1,9   9,4   07:19   VJV
 3   3,1   9,6   13:13  -1,2   07:49  15,3   0,0   0,3   0,3   3,2   13:35     J
 4   3,9   7,6   22:44   1,0   00:13  14,4   0,0   1,5   2,1  17,5   21:11   VJV
 5   7,9   9,5   13:21   5,6   23:52  10,9   0,0   0,3   1,5  15,1   00:20    JV
 6   4,2  10,3   15:24   0,2   07:56  14,2   0,0   0,3   0,4   4,4   12:37    JZ
 7   4,3   5,8   15:09   0,8   00:13  14,0   0,0   0,0   0,5   6,5   19:10   JJZ
 8   4,5   5,9   01:49   3,1   23:35  13,8   0,0   0,0   2,3   8,2   11:14   JJZ
 9   3,5   4,2   16:55   2,6   04:18  14,8   0,0   0,3   2,6   8,2   21:54   JJZ
10   4,5   8,4   11:29   1,1   23:57  13,8   0,0   0,3   2,6  11,0   13:04   ZJZ
11   3,1   7,2   13:27  -0,8   06:26  15,2   0,0   0,0   0,8   5,3   22:15   JJZ
12   2,8   6,7   14:13  -2,6   22:17  15,6   0,0   0,3   1,9  14,6   10:52     Z
13  -0,9   7,5   14:01  -7,1   07:32  19,2   0,0   0,0   0,3   2,9   10:36    JZ
14   3,3   6,3   14:01  -0,8   00:00  15,0   0,0   0,6   2,4  10,2   02:46    SV
15   2,9   5,4   14:56  -1,2   23:51  15,6   0,0   0,0   1,4   8,2   00:46    JZ
16   1,4   5,2   20:26  -4,6   04:58  16,9   0,0   0,0   0,9   7,3   21:08   VJV
17   3,6   5,0   00:00   0,8   23:39  14,7   0,0   0,3   0,8   5,3   00:44   JJV
18   2,0   4,6   23:09  -0,8   02:43  16,3   0,0   0,0   3,1  10,2   16:00   SSV
19   9,0  13,9   10:53   4,4   00:00   9,3   0,0   0,0   2,2   9,4   12:42   VSV
20   6,4   9,7   03:55   3,9   23:07  11,9   0,0   9,3   3,0   9,4   20:22    SV
21   2,0   3,9   00:00   0,2   23:28  16,3   0,0   3,3   1,1   8,2   01:16   VSV
22  -1,3   0,2   00:00  -4,4   22:14  19,6   0,0   0,0   1,6   7,0   18:17   VSV
23  -3,3  -1,9   12:55  -4,4   22:46  22,3   0,0   0,0   2,4   7,3   05:59   VSV
24  -4,1  -2,9   15:10  -6,2   23:56  23,0   0,0   0,0   3,1  11,0   22:24    SV
25  -8,5  -3,4   13:40 -11,5   06:57  27,0   0,0   0,0   4,0  13,1   04:54     V
26 -10,0  -2,7   14:52 -13,9   05:14  28,4   0,0   0,0   1,2   6,5   00:04    SV
27  -4,8  -3,0   12:00  -7,8   00:00  23,2   0,0   0,0   0,9   7,0   11:26    JV
28  -3,5   1,7   11:49  -6,4   22:09  21,9   0,0   0,6   1,8   8,2   18:01   VSV
29  -5,2  -2,9   23:58  -6,5   00:08  23,6   0,0   0,0   3,3   8,5   02:51    SV
30  -1,0   2,1   23:41  -3,0   05:57  19,4   0,0   0,0   3,4  14,3   20:45   VJV
31   1,0   2,3   09:21  -0,6   23:25  17,3   0,0   0,9   3,4  17,5   03:58    JV
----------------------------------------------------------------------------------
     1,2  13,9    19   -13,9    26   533,3   0,0  18,6   1,9  17,5     4       V

Max >=  27,0:  0
Max <=   0,0:  6
Min <=   0,0: 18
Min <= -18,0:  0
Max Rain: 9,3 on day 20
Days of Rain: 6 (>= 0,4 mm)  2 (>= 2,0 mm)  0 (>= 20,0 mm)
Heat Base: 17,5  Cool Base: 17,5  Method: Integration



Poslední aktualizace 23.10.2020 13:50:02

Měšíční a roční statistické protokoly ve fromátu NOAA (National Oceanic and Atmospheric Administration)
Original Author: Ken True webmaster@saratoga-weather.org.
Bodged by beteljuice.