Němčany počasí: NOAA reporty

 


NOAA reporty


Report pro 2013 Pros
                   Monthly Climatological Summary for 12 2013

Name: Němčany   City: Němčany   State: Czech Repulic
Elevation: 256 m  Lat: N 49° 10' 12"   Lon: E 016° 54' 59"

                  Temperature (°C), Rain (mm), Wind Speed (m/s)

                                      Heat  Cool        Avg
    Mean                              Deg   Deg         Wind                 Dom
Day Temp  High   Time   Low    Time   Days  Days  Rain  Speed High   Time    Dir
----------------------------------------------------------------------------------
 1   2,8   4,9   13:29   1,1   03:48  15,5   0,0   0,0   0,8   6,1   13:22    JZ
 2   2,9   9,0   12:52  -1,5   20:32  15,4   0,0   0,0   0,8   7,0   12:24    SV
 3   0,0   5,6   12:51  -4,2   05:59  18,4   0,0   0,0   0,8   7,0   01:38     V
 4  -2,4   0,3   23:55  -4,9   04:35  20,7   0,0   0,0   1,5   6,5   11:47    JZ
 5   3,0   6,9   12:22  -0,5   08:07  15,3   0,0   0,3   2,3  10,2   19:20    JZ
 6   2,4   4,9   01:37  -0,1   21:55  15,9   0,0   0,9   4,9  19,2   10:49     Z
 7   0,0   2,1   10:50  -1,9   01:16  18,3   0,0   0,0   2,7  14,3   06:31     Z
 8   1,1   2,2   21:21  -0,2   00:33  17,2   0,0   0,3   0,5   4,4   08:52   JJZ
 9   5,1   6,7   13:15   1,8   00:00  13,2   0,0   1,5   1,8  10,2   15:06   ZJZ
10   4,2   7,6   01:49   2,7   23:19  14,1   0,0   0,3   1,2   6,1   04:15    SV
11   2,0   3,2   12:51   1,2   22:44  16,3   0,0   0,0   0,5   3,7   05:31   JJZ
12   0,6   1,6   12:56  -0,4   23:43  17,8   0,0   0,0   0,9   3,7   18:43   JJZ
13  -0,8  -0,3   00:00  -1,7   23:59  19,1   0,0   0,0   0,6   4,4   07:43    JV
14  -0,3   1,0   23:31  -1,9   00:20  18,6   0,0   0,3   0,0   1,2   23:58    JV
15   2,4   6,0   14:27   0,7   21:08  15,9   0,0   0,0   0,3   2,9   09:19   JJZ
16   0,5   3,6   10:13  -0,8   06:50  17,9   0,0   0,0   1,6   7,3   21:06   JJZ
17  -0,7   0,0   13:08  -1,5   23:28  19,0   0,0   0,0   2,3   7,8   19:58     J
18  -1,9  -1,5   00:00  -2,6   21:29  20,3   0,0   0,0   2,0   6,1   02:37   JJZ
19  -2,4  -1,4   23:31  -3,3   04:48  20,7   0,0   0,0   1,8   7,8   08:43     J
20  -0,8  -0,3   10:16  -2,3   23:58  19,2   0,0   0,0   1,3   5,3   15:12   JJZ
21  -2,3   0,5   23:50  -5,1   04:11  20,7   0,0   0,0   0,3   4,1   19:58    JV
22   1,2   1,7   12:01   0,5   00:00  17,2   0,0   0,0   2,2   7,0   12:21   JJZ
23   1,8   2,7   14:38   0,9   00:36  16,5   0,0   0,3   2,4   8,2   04:16   JJZ
24   5,3   7,9   14:32   2,4   00:00  13,0   0,0   0,0   3,9  16,0   18:54   VJV
25   8,6  11,1   12:21   6,4   04:40   9,7   0,0   0,0   6,0  19,2   01:43   VJV
26   8,4   9,5   08:31   7,4   23:56   9,9   0,0   0,9   4,9  16,7   05:49   VJV
27   4,9   7,4   00:00   0,6   20:32  13,4   0,0   0,3   1,2   5,8   05:40   JJZ
28   6,5   7,8   14:24   2,1   00:00  11,9   0,0   0,0   2,9  10,6   04:30   VJV
29   5,3   8,3   12:45   2,4   23:58  13,1   0,0   0,0   1,3   7,3   12:45    JZ
30   2,6   9,2   14:36  -2,5   08:05  15,7   0,0   0,0   0,5   4,9   23:59     S
31   2,1   3,6   20:19   1,1   07:45  16,2   0,0   1,2   2,1   9,4   23:13   SSV
----------------------------------------------------------------------------------
     2,0  11,1    25    -5,1    21   506,1   0,0   6,3   1,8  19,2     6       J

Max >=  27,0:  0
Max <=   0,0:  5
Min <=   0,0: 17
Min <= -18,0:  0
Max Rain: 1,5 on day 9
Days of Rain: 4 (>= 0,4 mm)  0 (>= 2,0 mm)  0 (>= 20,0 mm)
Heat Base: 17,5  Cool Base: 17,5  Method: Integration



Poslední aktualizace 21.9.2020 22:10:02

Měšíční a roční statistické protokoly ve fromátu NOAA (National Oceanic and Atmospheric Administration)
Original Author: Ken True webmaster@saratoga-weather.org.
Bodged by beteljuice.