Němčany počasí: NOAA reporty

 


NOAA reporty


Report pro 2013 List
                   Monthly Climatological Summary for 11 2013

Name: Němčany   City: Němčany   State: Czech Repulic
Elevation: 256 m  Lat: N 49° 10' 12"   Lon: E 016° 54' 59"

                  Temperature (°C), Rain (mm), Wind Speed (m/s)

                                      Heat  Cool        Avg
    Mean                              Deg   Deg         Wind                 Dom
Day Temp  High   Time   Low    Time   Days  Days  Rain  Speed High   Time    Dir
----------------------------------------------------------------------------------
 1   6,6  13,4   13:46   2,2   06:51  11,6   0,0   0,0   0,6   4,9   12:54    JZ
 2   9,4  11,7   10:35   5,3   00:00   8,9   0,0   0,0   1,2   6,5   10:34   JJZ
 3   7,7  11,0   11:23   3,6   02:49  10,6   0,0   2,7   1,1   8,5   16:12   ZJZ
 4   7,8  12,7   13:10   2,5   06:32  10,5   0,0   0,0   1,6  12,2   11:09    JV
 5   7,3   9,7   13:13   1,4   23:33  11,1   0,0   2,1   0,5   7,3   13:34   ZJZ
 6   5,7  10,8   11:14   1,1   02:58  12,5   0,0   1,8   1,3  11,4   14:59   ZJZ
 7  10,5  17,2   15:34   6,2   03:18   7,8   0,0   1,8   0,9   7,0   11:49   JJZ
 8  11,4  18,8   15:18   5,7   04:42   6,9   0,0   0,0   0,7   7,3   19:12     J
 9   9,8  11,5   10:56   7,1   22:30   8,5   0,0   0,6   1,0   5,8   15:22   ZJZ
10   7,6  13,4   14:02   2,3   07:05  10,7   0,0   0,6   1,0   8,5   12:19    JV
11   6,6   9,7   10:52   2,5   22:58  11,8   0,0   1,8   1,3   6,1   12:56   JJV
12   3,6   7,7   13:43   1,3   06:27  14,7   0,0   0,0   2,0   9,4   09:14   VSV
13   4,3   8,3   13:50   0,8   23:39  14,0   0,0   0,0   0,7   5,3   00:20    JZ
14   3,0   5,8   10:45  -2,4   05:26  15,3   0,0   0,3   1,2   8,5   09:40    SV
15   6,0   8,4   13:52   4,3   03:07  12,2   0,0   0,0   1,3   6,1   16:58   SSV
16   4,7   9,7   14:06   0,6   23:45  13,6   0,0   0,0   0,8   7,8   09:52     S
17   2,8   8,3   14:22  -0,3   06:29  15,5   0,0   0,3   2,2   9,0   20:55     S
18   6,5   9,3   11:42   3,3   01:50  11,8   0,0   0,3   2,6  11,0   10:43   VJV
19   6,8   9,1   14:07   5,2   00:00  11,5   0,0   0,3   2,2   9,4   13:05    JV
20   6,7   8,0   00:34   3,7   23:48  11,6   0,0   0,6   1,9   8,2   07:30     J
21   4,1   6,8   20:46  -0,5   06:07  14,2   0,0   4,5   1,2   6,5   09:28    SV
22   7,1  10,6   10:02   6,1   20:12  11,2   0,0   0,0   2,0  10,2   20:18    SV
23   7,3   9,6   12:55   6,5   08:32  11,0   0,0   0,3   4,0  12,2   11:55     V
24   7,2   9,5   12:54   3,5   23:14  11,1   0,0   0,3   2,4  10,2   02:58   JJV
25   1,5   3,6   00:00   0,1   04:49  16,8   0,0   0,0   2,3  12,2   00:31     Z
26   0,8   2,9   11:52  -0,8   05:58  17,5   0,0   0,0   1,7   7,3   11:58    JZ
27  -1,0   5,1   14:01  -6,0   22:19  19,3   0,0   0,0   1,0   7,0   12:57    JV
28  -1,9   2,4   23:39  -6,4   05:25  20,2   0,0   0,0   1,5   6,5   23:12    JZ
29   3,2   7,0   11:42   0,4   07:50  15,1   0,0   0,0   1,8   9,0   00:24   ZJZ
30   3,7   7,4   14:18   1,9   03:07  14,6   0,0   0,6   1,8   7,3   11:02    JZ
----------------------------------------------------------------------------------
     5,6  18,8     8    -6,4    28   382,1   0,0  18,9   1,5  12,2     4     JJV

Max >=  27,0:  0
Max <=   0,0:  0
Min <=   0,0:  6
Min <= -18,0:  0
Max Rain: 4,5 on day 21
Days of Rain: 10 (>= 0,4 mm)  3 (>= 2,0 mm)  0 (>= 20,0 mm)
Heat Base: 17,5  Cool Base: 17,5  Method: Integration



Poslední aktualizace 28.10.2020 10:00:02

Měšíční a roční statistické protokoly ve fromátu NOAA (National Oceanic and Atmospheric Administration)
Original Author: Ken True webmaster@saratoga-weather.org.
Bodged by beteljuice.