Němčany počasí: NOAA reporty

 


NOAA reporty


Report pro 2013 Říj
                   Monthly Climatological Summary for 10 2013

Name: Němčany   City: Němčany   State: Czech Repulic
Elevation: 256 m  Lat: N 49° 10' 12"   Lon: E 016° 54' 59"

                  Temperature (°C), Rain (mm), Wind Speed (m/s)

                                      Heat  Cool        Avg
    Mean                              Deg   Deg         Wind                 Dom
Day Temp  High   Time   Low    Time   Days  Days  Rain  Speed High   Time    Dir
----------------------------------------------------------------------------------
 1   8,6  15,6   14:34   2,9   07:14   9,7   0,0   0,0   2,4  12,2   12:39     V
 2   7,8  15,4   15:49   2,3   23:59  10,5   0,0   0,0   1,6  11,0   11:22   VSV
 3   5,5  14,6   15:01  -0,7   07:07  12,8   0,0   0,0   1,0   7,0   08:28   VSV
 4   7,2  14,5   15:57  -0,1   00:12  11,1   0,0   0,0   2,3   9,8   11:19   VJV
 5   9,1  14,1   14:54   2,0   07:05   9,2   0,0   0,0   2,2  11,9   10:14   VJV
 6   9,8  11,8   13:43   5,5   22:37   8,5   0,0   0,0   0,6   4,4   01:50   JJV
 7  10,3  17,7   15:54   4,2   04:34   8,0   0,0   0,0   0,5   4,9   12:30    SV
 8  12,4  22,1   14:35   6,0   23:57   6,4   0,5   0,0   1,2   8,2   15:04   VSV
 9  10,0  14,8   15:22   5,8   04:58   8,4   0,0   1,5   0,3   3,2   05:58    JZ
10  12,8  16,0   13:34  10,2   04:49   5,5   0,0   0,6   2,0  11,9   20:53   VJV
11  13,8  19,9   15:36   9,8   04:57   4,6   0,1   9,0   1,6   8,5   14:27     V
12  14,1  19,6   16:19  10,0   06:23   4,2   0,0   0,6   1,1  11,9   17:11   VJV
13  11,9  17,6   15:54   7,2   21:12   6,5   0,0   0,0   1,0   5,8   09:30   JJZ
14   8,5  11,8   14:45   0,9   19:50   9,8   0,0   0,3   0,6   4,4   06:50   SSV
15   8,9  13,7   16:29   5,1   02:24   9,3   0,0   6,0   0,5   7,0   12:23    JZ
16   9,5  12,1   16:54   7,3   22:12   8,8   0,0   3,0   0,8   8,2   12:25     Z
17   9,2  14,5   16:44   5,1   07:26   9,1   0,0   0,6   0,9   7,0   13:49    JZ
18  10,3  13,3   11:18   7,1   05:27   8,0   0,0   3,3   1,1   9,4   09:47   ZJZ
19  10,1  16,4   14:04   5,1   07:32   8,1   0,0   0,0   2,1   9,0   15:39     V
20  11,8  18,4   15:51   7,2   07:19   6,5   0,0   0,0   1,1   6,1   10:41   JJZ
21  13,0  21,8   15:18   7,4   07:27   5,7   0,4   0,0   0,7   6,5   13:39   JJZ
22  14,1  22,2   15:26   8,4   07:18   4,7   0,5   0,0   0,7   5,8   20:07    JV
23  15,5  21,6   16:02  11,0   00:12   3,2   0,4   0,0   0,9   7,8   13:05     V
24  13,8  18,1   15:23   9,2   23:59   4,5   0,0   2,7   0,5   4,1   10:59    JZ
25  13,2  19,7   15:53   8,8   00:15   5,2   0,1   0,3   1,4   8,5   09:53   SSV
26  11,8  13,1   02:19   8,0   23:13   6,5   0,0   0,3   0,7   4,9   09:18   JJZ
27  11,6  16,2   15:03   7,6   06:38   7,1   0,0   1,5   1,1   7,0   02:55    JZ
28  15,7  20,6   14:07  10,5   03:36   2,9   0,2   0,3   1,3   7,8   12:25     J
29  11,6  15,2   11:04   7,0   23:27   6,7   0,0   0,0   0,4   6,1   14:44    JZ
30   8,1  13,1   15:41   1,5   23:54  10,2   0,0   0,3   0,3   5,8   13:47    JZ
31   5,9  14,1   14:40   0,8   03:26  12,4   0,0   0,3   1,0   6,5   10:30   SSV
----------------------------------------------------------------------------------
    10,8  22,2    22    -0,7     3   234,1   2,2  30,6   1,1  12,2     1     VJV

Max >=  27,0:  0
Max <=   0,0:  0
Min <=   0,0:  2
Min <= -18,0:  0
Max Rain: 9,0 on day 11
Days of Rain: 16 (>= 0,2 mm)  5 (>= 2,0 mm)  0 (>= 20,0 mm)
Heat Base: 18,3  Cool Base: 18,3  Method: Integration



Poslední aktualizace 8.7.2020 13:00:01

Měšíční a roční statistické protokoly ve fromátu NOAA (National Oceanic and Atmospheric Administration)
Original Author: Ken True webmaster@saratoga-weather.org.
Bodged by beteljuice.