Němčany počasí: NOAA reporty

 


NOAA reporty


Report pro 2013 Červ
                   Monthly Climatological Summary for 6 2013

Name: Němčany   City: Němčany   State: Czech Repulic
Elevation: 256 m  Lat: N 49° 10' 12"   Lon: E 016° 54' 59"

                  Temperature (°C), Rain (mm), Wind Speed (m/s)

                                      Heat  Cool        Avg
    Mean                              Deg   Deg         Wind                 Dom
Day Temp  High   Time   Low    Time   Days  Days  Rain  Speed High   Time    Dir
----------------------------------------------------------------------------------
 1  11,7  20,0   15:45   5,4   03:45   6,6   0,0   0,9   0,6   6,5   15:36   ZJZ
 2  14,7  22,3   16:16  10,7   01:52   3,9   0,4   8,7   0,6   4,8   23:41    JZ
 3  11,3  13,1   08:29   8,3   14:09   7,0   0,0   8,7   1,0   6,5   14:07   ZJZ
 4  14,6  20,3   15:32  10,6   00:00   3,8   0,1   1,5   0,5   4,4   17:30   ZJZ
 5  13,2  16,2   11:12  10,7   23:31   5,1   0,0   0,3   0,5   3,7   12:16     V
 6  15,7  22,1   14:36  10,8   00:00   3,2   0,6   0,0   0,8   5,8   22:27   VSV
 7  18,4  25,1   16:59  12,5   04:45   1,6   1,7   0,0   0,6   6,8   10:58   VSV
 8  20,9  30,3   16:50  12,7   03:29   1,3   3,8   0,0   0,6   4,8   11:34    SV
 9  22,1  29,0   16:16  13,7   03:37   0,9   4,8   0,0   0,9   5,8   18:49   VJV
10  20,0  26,4   13:45  14,4   04:08   0,8   2,5   0,0   1,0   7,1   13:49   JJZ
11  15,8  20,7   15:23  11,0   23:54   2,8   0,3   5,7   0,6   5,8   14:20    JV
12  16,6  23,8   11:07   7,2   05:14   3,1   1,5   0,0   0,6   7,8   10:29   VSV
13  18,9  29,7   18:28   7,7   05:14   3,2   3,8   0,0   0,3   3,4   14:13     J
14  18,7  26,7   10:49  10,0   03:51   2,3   2,7   0,0   0,8   6,8   12:53     V
15  20,9  27,5   13:37  14,6   04:08   0,9   3,5   0,0   0,8   5,4   14:20   JJZ
16  21,6  30,5   17:54  15,2   01:58   0,7   4,0   2,4   0,6   4,4   13:58    JZ
17  24,7  33,8   16:48  15,0   05:15   0,7   7,1   0,0   0,5   4,1   11:44    SV
18  26,4  33,3   15:10  17,0   04:59   0,1   8,2   0,0   0,9   6,1   11:53    JZ
19  26,8  34,3   16:44  19,3   02:24   0,0   8,6   0,0   1,0   6,1   01:11   SSV
20  28,5  35,9   16:37  20,6   03:20   0,0  10,2   0,0   1,0   6,8   13:13     V
21  26,2  31,6   16:46  22,7   05:41   0,0   8,0   0,0   0,7   6,5   00:50    JZ
22  23,1  28,7   14:41  18,9   23:41   0,0   4,8  10,5   0,7   5,4   11:24     V
23  22,0  29,6   15:28  15,2   23:58   0,4   4,2   0,0   0,6   6,1   18:43    JZ
24  15,1  17,4   03:34  12,4   23:50   3,2   0,0   8,4   0,7   7,5   04:21   ZJZ
25  13,1  15,0   12:36  11,3   23:43   5,2   0,0   7,5   0,7   6,1   14:17   ZJZ
26  12,3  14,7   14:43   9,0   23:45   6,0   0,0   0,6   0,8   7,5   08:46     Z
27  14,0  21,6   15:17   7,9   05:36   4,4   0,2   0,0   0,3   5,8   14:10    SV
28  15,7  22,7   18:37   9,5   01:26   3,4   0,8   0,0   0,6   5,8   11:45    SV
29  16,4  25,6   18:26   6,8   04:33   3,5   1,6   0,0   0,5   5,4   15:19   ZJZ
30  14,9  22,1   16:21   8,0   23:30   3,9   0,5   0,0   0,4   4,8   07:31     Z
----------------------------------------------------------------------------------
    18,5  35,9    20     5,4     1    78,0  83,9  55,2   0,7   7,8    12       J

Max >=  27,0: 12
Max <=   0,0:  0
Min <=   0,0:  0
Min <= -18,0:  0
Max Rain: 10,5 on day 22
Days of Rain: 11 (>= 0,2 mm)  7 (>= 2,0 mm)  0 (>= 20,0 mm)
Heat Base: 18,3  Cool Base: 18,3  Method: Integration



Poslední aktualizace 9.7.2020 23:00:01

Měšíční a roční statistické protokoly ve fromátu NOAA (National Oceanic and Atmospheric Administration)
Original Author: Ken True webmaster@saratoga-weather.org.
Bodged by beteljuice.