Němčany počasí: NOAA reporty

 


NOAA reporty


Report pro 2013 Květ
                   Monthly Climatological Summary for 5 2013

Name: Němčany   City: Němčany   State: Czech Repulic
Elevation: 256 m  Lat: N 49° 10' 12"   Lon: E 016° 54' 59"

                  Temperature (°C), Rain (mm), Wind Speed (m/s)

                                      Heat  Cool        Avg
    Mean                              Deg   Deg         Wind                 Dom
Day Temp  High   Time   Low    Time   Days  Days  Rain  Speed High   Time    Dir
----------------------------------------------------------------------------------
 1  14,3  18,5   15:52  11,3   05:28   4,0   0,0   0,0   2,6   9,9   18:52     V
 2  14,3  19,4   16:09  10,2   03:27   4,0   0,0   2,7   1,1   6,5   06:48    SV
 3  13,4  16,0   12:15  10,3   17:18   5,0   0,0  10,2   0,6   5,4   00:58   VSV
 4  15,1  22,6   18:24   9,1   01:46   3,8   0,6   0,0   0,4   3,7   23:07    SV
 5  16,4  23,9   16:22  11,7   05:28   3,0   1,0   8,4   0,5   4,4   03:15    SV
 6  17,6  24,4   16:36  12,9   08:08   2,2   1,5   3,6   1,0   6,8   11:26    SV
 7  17,7  23,2   12:35  15,1   01:40   1,2   0,6   9,3   0,7   5,4   11:34   VSV
 8  18,8  26,0   16:32  11,6   05:02   1,4   1,9   0,0   0,5   5,1   09:08   VJV
 9  19,8  27,7   15:28  11,2   04:24   1,9   3,4   0,0   0,7   7,8   13:18   JJV
10  19,3  27,1   15:42  13,4   23:07   1,4   2,4   0,6   0,9   6,8   15:13    JV
11  13,3  16,2   13:42  11,0   23:40   5,0   0,0  10,2   0,4   5,1   13:33   JJZ
12  12,4  16,6   18:08  10,3   04:48   5,9   0,0   4,5   0,6   6,5   21:27     V
13  12,8  20,9   16:07   7,4   23:57   5,6   0,1   0,0   0,9   8,2   19:49   ZJZ
14  13,0  23,4   16:52   3,1   05:25   5,8   0,5   0,0   0,4   5,1   11:07   JJZ
15  16,4  24,8   15:11   6,7   02:17   3,6   1,7   0,0   1,2   8,8   22:40   VJV
16  19,8  25,5   16:07  14,6   05:36   0,8   2,3   0,0   2,1  10,9   11:25   VJV
17  18,6  22,7   08:52  15,2   05:12   0,8   1,0   0,0   0,9   6,8   14:26   VJV
18  17,6  24,2   16:07  12,3   23:59   1,9   1,2   0,3   1,1   6,8   14:45   JJZ
19  20,0  28,1   16:36  10,8   05:52   1,9   3,6   6,0   1,4   9,9   12:24    JV
20  16,1  20,9   16:19   8,8   23:36   2,6   0,4   1,2   1,4   8,2   14:19    JZ
21  14,6  24,0   16:40   7,6   04:22   4,4   0,7   2,1   0,6   7,8   23:11   ZJZ
22  13,7  20,5   16:53   8,9   05:13   4,8   0,2   2,7   1,0   8,2   19:21    JZ
23  10,3  15,6   16:49   5,2   05:20   8,0   0,0   0,0   0,6   5,8   10:25   SSV
24  10,5  14,4   14:05   4,8   05:16   7,8   0,0   0,0   0,5   4,1   12:40     V
25  10,1  13,3   13:12   6,1   23:57   8,3   0,0   4,5   0,4   3,7   11:48    JZ
26  10,0  15,3   11:51   3,6   05:27   8,3   0,0   0,0   1,2   7,5   11:52    JZ
27   9,5  12,1   14:52   7,3   04:28   8,8   0,0   0,3   1,4   6,1   09:49    JZ
28  12,6  20,5   16:10   6,2   04:32   5,7   0,1   0,0   1,5   8,2   11:13    JZ
29  17,0  23,9   16:16   9,4   04:38   2,7   1,3   0,0   1,1   8,8   11:21    JV
30  12,9  15,8   13:21  11,0   01:57   5,4   0,0  10,5   0,2   3,7   22:17     J
31  11,7  15,8   15:46   6,7   07:48   6,6   0,0   2,4   0,7   5,1   13:16    JV
----------------------------------------------------------------------------------
    14,8  28,1    19     3,1    14   132,6  24,5  79,5   0,9  10,9    16      JV

Max >=  27,0:  3
Max <=   0,0:  0
Min <=   0,0:  0
Min <= -18,0:  0
Max Rain: 10,5 on day 30
Days of Rain: 15 (>= 0,4 mm)  13 (>= 2,0 mm)  0 (>= 20,0 mm)
Heat Base: 17,5  Cool Base: 17,5  Method: Integration



Poslední aktualizace 23.10.2020 13:00:01

Měšíční a roční statistické protokoly ve fromátu NOAA (National Oceanic and Atmospheric Administration)
Original Author: Ken True webmaster@saratoga-weather.org.
Bodged by beteljuice.