Němčany počasí: NOAA reporty

 


NOAA reporty


Report pro 2013 Dub
                   Monthly Climatological Summary for 4 2013

Name: Němčany   City: Němčany   State: Czech Repulic
Elevation: 256 m  Lat: N 49° 10' 12"   Lon: E 016° 54' 59"

                  Temperature (°C), Rain (mm), Wind Speed (m/s)

                                      Heat  Cool        Avg
    Mean                              Deg   Deg         Wind                 Dom
Day Temp  High   Time   Low    Time   Days  Days  Rain  Speed High   Time    Dir
----------------------------------------------------------------------------------
 1   0,9   9,1   16:43  -5,5   07:13  17,4   0,0   0,0   0,3   5,8   12:14     Z
 2  -0,4   4,6   15:22  -5,1   00:05  18,7   0,0   0,0   2,3   9,9   21:59   VSV
 3   0,9   4,1   12:26  -0,9   06:15  17,4   0,0   0,6   2,3  10,2   03:11    JV
 4   2,3   6,1   13:15  -0,2   21:08  15,8   0,0   0,0   1,1   5,4   12:28     V
 5   0,8   5,9   16:43  -0,8   17:34  17,5   0,0   5,4   1,5   7,8   13:15   VSV
 6   2,7   5,4   10:59   0,9   01:27  15,6   0,0   0,0   0,6   3,4   00:17     V
 7   2,6   7,4   13:53  -0,9   22:23  15,6   0,0   0,0   0,4   4,4   16:59    SV
 8   4,0  11,0   14:59  -1,9   03:45  14,4   0,0   0,0   0,9   7,5   13:55   VSV
 9   7,0  15,4   17:16   2,6   00:28  11,3   0,0   0,0   1,0   5,1   00:25    JV
10   7,2  14,3   15:07   1,7   06:15  11,1   0,0   2,1   1,1   8,5   17:16    JZ
11  10,1  17,1   16:51   1,2   05:30   8,2   0,0   0,3   1,0  10,9   12:16   JJZ
12  11,8  17,0   14:38   7,0   23:59   6,5   0,0   2,1   1,5   7,8   13:43    JZ
13   9,9  18,6   15:53   3,8   04:35   8,4   0,0   0,0   1,0  10,5   15:40   ZJZ
14  10,9  21,1   17:43   0,7   05:24   7,6   0,2   0,0   0,6   4,8   21:28   SSV
15  12,9  23,4   16:57   4,1   05:06   6,0   0,6   0,0   1,1   6,1   09:13    SV
16  13,1  22,7   16:13   3,4   05:16   5,8   0,6   0,0   0,9   8,5   11:20   JJV
17  16,2  25,4   17:29   7,4   01:41   3,6   1,5   0,0   0,3   5,1   14:51    JV
18  17,6  26,1   15:30   7,7   05:47   3,0   2,4   0,0   0,9   8,2   15:13   JJZ
19  14,0  18,1   01:07   9,7   22:52   4,3   0,0  17,1   0,8   7,5   23:26   VJV
20  11,1  15,5   17:13   8,5   23:19   7,2   0,0   0,9   2,9  11,6   10:56     V
21  12,9  20,4   16:52   7,5   05:27   5,6   0,2   0,0   2,2   8,5   10:21   VSV
22  15,9  24,7   16:36   7,9   06:24   4,0   1,6   0,0   1,0   6,5   05:07   SSZ
23  15,1  22,8   15:12   6,4   05:58   4,2   1,0   0,0   1,0   7,8   14:43    JZ
24  15,6  24,2   15:59   7,6   02:17   4,0   1,4   0,0   0,8   7,5   14:29    JZ
25  17,3  27,9   17:26   7,0   05:42   3,7   2,7   0,0   0,4   6,1   14:36   JJZ
26  20,1  28,4   16:52   9,5   05:12   2,3   4,0   0,0   1,5   8,2   14:59   JJZ
27  20,5  26,4   14:26  14,7   06:31   0,4   2,6   0,0   1,2   8,8   22:46   JJV
28  14,7  19,0   09:08   8,8   22:51   3,6   0,0   0,0   1,2   8,2   17:32     V
29  15,2  22,9   14:22   7,8   05:33   4,1   0,9   0,0   0,8   5,8   12:16     J
30  17,8  25,6   16:52  10,6   05:17   2,3   1,8   0,0   1,4   6,8   20:51   VSV
----------------------------------------------------------------------------------
    10,7  28,4    26    -5,5     1   249,6  21,5  28,5   1,1  11,6    20     VJV

Max >=  27,0:  2
Max <=   0,0:  0
Min <=   0,0:  7
Min <= -18,0:  0
Max Rain: 17,1 on day 19
Days of Rain: 7 (>= 0,2 mm)  4 (>= 2,0 mm)  0 (>= 20,0 mm)
Heat Base: 18,3  Cool Base: 18,3  Method: Integration



Poslední aktualizace 8.7.2020 11:50:01

Měšíční a roční statistické protokoly ve fromátu NOAA (National Oceanic and Atmospheric Administration)
Original Author: Ken True webmaster@saratoga-weather.org.
Bodged by beteljuice.