Němčany počasí: NOAA reporty

 


NOAA reporty


Report pro 2013 Ún
                   Monthly Climatological Summary for 2 2013

Name: Němčany   City: Němčany   State: Czech Repulic
Elevation: 256 m  Lat: N 49° 10' 12"   Lon: E 016° 54' 59"

                  Temperature (°C), Rain (mm), Wind Speed (m/s)

                                      Heat  Cool        Avg
    Mean                              Deg   Deg         Wind                 Dom
Day Temp  High   Time   Low    Time   Days  Days  Rain  Speed High   Time    Dir
----------------------------------------------------------------------------------
 1   4,7  10,3   13:36   1,2   02:07  13,6   0,0   1,2   0,9  10,9   04:45   ZJZ
 2   3,5   5,5   13:40   2,0   22:11  14,8   0,0   2,4   0,7   5,8   14:45   ZJZ
 3   1,4   7,1   14:15  -1,4   18:16  16,9   0,0   0,0   0,9   7,8   03:30     Z
 4   1,8   3,9   10:53   0,1   00:00  16,5   0,0   2,1   1,8   7,8   14:30    JZ
 5   3,1   6,4   15:41  -0,6   23:18  15,2   0,0   4,8   0,6   5,4   12:54    JZ
 6   0,3   2,9   15:12  -2,2   21:21  18,0   0,0   0,3   0,2   2,7   11:42    JZ
 7   0,3   8,0   14:56  -2,1   03:49  18,0   0,0   0,0   0,3   5,1   15:17     Z
 8  -1,7   5,3   11:23  -5,8   07:05  20,0   0,0   0,0   0,3   3,4   14:58   SSZ
 9  -2,0   0,9   12:33  -5,8   06:22  20,3   0,0   0,0   0,8   5,8   11:47   VJV
10  -2,5   0,3   11:34  -3,8   23:22  20,8   0,0   0,0   1,2   7,5   11:42    JV
11  -2,6  -0,7   13:49  -4,0   01:39  20,9   0,0   0,0   1,6   8,5   21:43   VJV
12  -2,5  -0,9   13:28  -3,8   02:12  20,8   0,0   0,0   1,8   5,4   00:00    SV
13  -0,4   3,5   11:00  -2,3   00:00  18,7   0,0   1,2   0,1   2,7   00:16   SSV
14   0,1   1,5   12:50  -0,5   00:14  18,3   0,0   1,5   0,9   6,5   11:18     V
15   0,6   3,2   12:22  -0,7   05:19  17,7   0,0   0,9   0,8   4,8   06:53   SSV
16   0,8   6,8   12:19  -3,1   05:14  17,6   0,0   0,0   0,2   2,0   19:38     J
17   0,8   6,9   13:46  -4,3   06:12  17,5   0,0   0,0   0,3   3,7   12:35   VJV
18  -0,4   2,9   14:38  -2,5   05:07  18,7   0,0   0,0   0,3   3,1   10:22   SSV
19  -0,3   1,2   10:54  -1,4   03:08  18,7   0,0   0,3   1,1   6,8   11:26    JZ
20  -1,2   5,6   13:16  -6,5   23:08  19,5   0,0   2,7   0,2   4,8   17:31     Z
21  -4,2   3,3   12:30 -10,7   06:11  22,5   0,0   0,0   0,7   5,1   19:57   VSV
22  -4,2  -2,4   22:42  -7,1   00:23  22,5   0,0   0,0   2,5   8,5   13:44     V
23  -1,1   1,1   19:05  -2,9   05:31  19,5   0,0   1,8   2,1  11,2   09:27    SV
24   2,6   5,8   12:23   0,5   00:00  15,7   0,0   9,9   2,4   8,5   01:48   SSV
25   2,6   5,2   10:06   1,6   23:19  15,7   0,0   5,1   1,7   7,1   22:12   SSV
26   2,5   5,4   10:34   1,3   21:07  15,8   0,0   0,0   3,3  11,9   15:27     V
27   2,8   4,8   16:18   1,6   23:30  15,5   0,0   0,0   1,7   7,1   11:54   VJV
28   3,3  10,0   14:54  -0,5   05:51  15,0   0,0   0,0   0,9   5,1   11:12    SV
----------------------------------------------------------------------------------
     0,3  10,3     1   -10,7    21   504,7   0,0  34,2   1,1  11,9    26     VSV

Max >=  27,0:  0
Max <=   0,0:  3
Min <=   0,0: 21
Min <= -18,0:  0
Max Rain: 9,9 on day 24
Days of Rain: 11 (>= 0,4 mm)  6 (>= 2,0 mm)  0 (>= 20,0 mm)
Heat Base: 17,5  Cool Base: 17,5  Method: Integration



Poslední aktualizace 23.10.2020 14:10:01

Měšíční a roční statistické protokoly ve fromátu NOAA (National Oceanic and Atmospheric Administration)
Original Author: Ken True webmaster@saratoga-weather.org.
Bodged by beteljuice.