Němčany počasí: NOAA reporty

 


NOAA reporty


Report pro 2012 Pros
                   Monthly Climatological Summary for 12 2012

Name: Němčany   City: Němčany   State: Czech Repulic
Elevation: 256 m  Lat: N 49° 10' 12"   Lon: E 016° 54' 59"

                  Temperature (°C), Rain (mm), Wind Speed (m/s)

                                      Heat  Cool        Avg
    Mean                              Deg   Deg         Wind                 Dom
Day Temp  High   Time   Low    Time   Days  Days  Rain  Speed High   Time    Dir
----------------------------------------------------------------------------------
 1   0,0   7,1   13:42  -3,8   21:46  18,3   0,0   0,0   0,4   3,4   13:30    SV
 2  -0,5   1,1   10:33  -3,3   00:07  18,8   0,0   0,3   0,6   4,8   05:30    SZ
 3   0,0   4,2   13:12  -4,7   23:59  18,4   0,0   0,0   0,6   8,5   14:16   ZSZ
 4  -1,0   0,8   12:06  -5,4   00:46  19,3   0,0   0,0   0,4   4,4   05:46   JJZ
 5  -1,9   5,5   13:17  -5,9   06:41  20,2   0,0   2,4   0,1   2,7   11:39    JZ
 6  -2,9   0,4   14:20  -7,3   22:43  21,3   0,0   0,0   0,0   0,0   00:00     V
 7  -7,0   0,9   14:32 -13,1   07:16  25,3   0,0   0,6   0,7   6,5   22:15   SSV
 8  -7,2  -0,7   14:32 -14,0   23:51  25,6   0,0   0,0   1,2   6,5   00:24    SV
 9  -8,7   1,3   13:21 -15,4   06:55  27,0   0,0   0,0   0,2   3,1   13:40   JJZ
10  -1,2   1,5   11:19  -4,5   00:00  19,5   0,0   0,0   0,2   2,7   09:29   JJZ
11  -2,6   0,0   00:49  -7,3   20:32  20,9   0,0   0,0   0,0   0,0   00:00     V
12  -6,0   2,3   13:38 -11,7   18:46  24,3   0,0   0,3   0,0   0,0   00:00     V
13  -6,5   0,1   14:29 -12,3   21:06  24,9   0,0   0,0   0,0   0,0   00:00     V
14  -3,6   3,6   13:05 -11,2   00:00  21,9   0,0   1,2   0,5   6,1   22:51   VJV
15   2,3   4,5   12:04   0,6   23:24  16,0   0,0   4,2   0,9   9,9   01:29    JV
16   1,2   4,0   10:59   0,4   20:08  17,1   0,0   1,5   0,1   2,4   11:17   JJZ
17   1,8   3,0   12:17   0,8   01:36  16,5   0,0   0,3   0,3   4,4   13:41   JJZ
18   1,8   3,6   13:38   1,2   03:38  16,5   0,0   0,3   0,1   2,0   11:08    JZ
19   2,0   5,1   13:53   0,6   03:33  16,3   0,0   1,2   0,3   3,4   22:48   VSV
20  -0,4   2,5   11:44  -5,5   23:53  18,8   0,0   0,3   1,8   7,5   05:48     V
21  -4,6  -3,1   17:36  -6,2   01:55  22,9   0,0   0,0   1,6   7,5   02:13   SSV
22  -3,5  -2,1   13:15  -4,4   00:00  21,8   0,0   0,0   0,7   5,1   02:20   VSV
23  -1,1  -0,3   23:25  -2,2   00:00  19,4   0,0   0,0   0,6   6,8   13:43    JV
24   0,1   1,0   11:05  -0,5   20:08  18,2   0,0   0,3   0,0   2,4   14:50    JZ
25   1,0   1,9   15:38   0,0   00:00  17,3   0,0   4,2   0,5   5,1   08:41    JZ
26   0,5   1,6   12:12  -0,3   04:49  17,8   0,0   0,0   0,4   4,1   20:56    JZ
27   3,2   6,1   13:05   0,2   00:19  15,1   0,0   3,3   0,4   5,4   18:51   JJZ
28   1,3   5,8   14:10  -5,0   23:58  17,0   0,0   4,8   0,5   6,1   12:40   JJV
29  -1,8   6,0   14:13  -7,3   07:42  20,1   0,0   0,0   0,6   6,8   21:48   VJV
30  -0,4   2,3   12:57  -3,1   23:58  18,8   0,0   0,0   0,9   7,1   00:10     J
31   0,1   8,5   14:58  -4,9   07:03  18,2   0,0   0,3   0,2   3,1   22:46    JZ
----------------------------------------------------------------------------------
    -1,5   8,5    31   -15,4     9   613,5   0,0  25,5   0,5   9,9    15     VJV

Max >=  27,0:  0
Max <=   0,0:  5
Min <=   0,0: 25
Min <= -18,0:  0
Max Rain: 4,8 on day 28
Days of Rain: 16 (>= 0,2 mm)  5 (>= 2,0 mm)  0 (>= 20,0 mm)
Heat Base: 18,3  Cool Base: 18,3  Method: Integration



Poslední aktualizace 8.7.2020 13:50:02

Měšíční a roční statistické protokoly ve fromátu NOAA (National Oceanic and Atmospheric Administration)
Original Author: Ken True webmaster@saratoga-weather.org.
Bodged by beteljuice.