Němčany počasí: NOAA reporty

 


NOAA reporty


Report pro 2012 Říj
                   Monthly Climatological Summary for 10 2012

Name: Němčany   City: Němčany   State: Czech Repulic
Elevation: 256 m  Lat: N 49° 10' 12"   Lon: E 016° 54' 59"

                  Temperature (°C), Rain (mm), Wind Speed (m/s)

                                      Heat  Cool        Avg
    Mean                              Deg   Deg         Wind                 Dom
Day Temp  High   Time   Low    Time   Days  Days  Rain  Speed High   Time    Dir
----------------------------------------------------------------------------------
 1  16,2  23,6   14:59  11,1   07:12   3,0   0,9   0,3   1,1   6,8   13:39   SSZ
 2  15,2  20,5   10:52   9,2   23:58   3,2   0,1   0,0   0,3   4,8   13:00   ZJZ
 3  13,5  25,6   16:20   6,5   04:50   5,7   0,9   0,0   0,5   5,8   13:17    JZ
 4  14,6  23,6   15:22   6,0   07:07   4,4   0,8   3,6   1,3  11,2   20:48    JZ
 5  13,0  21,1   15:34   4,1   06:41   5,5   0,2   0,0   0,9   6,5   14:11   JJZ
 6  17,2  26,7   15:09   7,8   06:59   3,0   1,9   0,0   1,1  10,2   15:50    JZ
 7  12,5  19,3   00:00   5,6   23:07   5,8   0,0  37,2   0,7   7,8   14:54    JZ
 8   7,7  15,7   16:51   1,9   23:54  10,6   0,0   0,0   0,5   6,1   10:30   ZJZ
 9   7,2  14,6   14:30   0,8   03:29  11,1   0,0   0,0   0,6   5,4   14:21    JZ
10   7,2  13,8   12:12   0,3   07:08  11,1   0,0   0,0   0,4   4,1   12:33    JZ
11   6,6  17,3   15:51  -0,6   06:35  11,7   0,0   0,0   0,3   4,4   23:42    JZ
12   8,1  12,7   11:57   3,5   01:26  10,2   0,0   0,0   1,5   7,1   05:52    SV
13  11,5  19,8   16:10   7,3   07:40   6,8   0,0   0,0   0,4   3,7   09:44   JJZ
14  10,9  15,2   13:33   4,7   07:13   7,4   0,0   0,0   0,9   5,8   20:57    JV
15  13,9  20,3   14:57   9,8   23:53   4,5   0,1   0,0   1,4   9,9   14:59   JJZ
16   8,2   9,9   00:16   6,8   23:55  10,2   0,0  38,1   0,5   4,4   15:18    JZ
17   9,2  18,6   15:19   1,2   07:17   9,1   0,0   0,3   0,3   4,1   14:50   JJV
18  12,1  19,2   12:09   5,5   05:57   6,3   0,0   0,0   0,8   6,1   11:37   VJV
19  13,5  24,2   16:15   5,5   07:24   5,6   0,8   0,0   0,3   4,8   23:10     V
20  12,8  24,4   15:35   6,5   07:18   6,2   0,7   0,0   0,3   5,1   00:18   ZJZ
21  11,1  20,0   14:19   6,7   02:13   7,3   0,1   0,3   0,3   3,7   12:47     S
22  12,0  19,8   15:16   8,7   22:26   6,4   0,1   0,0   0,6   5,1   23:35   SSV
23   9,6  11,3   15:26   7,7   23:47   8,7   0,0   0,0   1,3   6,5   14:43     V
24  10,4  15,2   15:25   6,2   01:53   7,9   0,0   0,0   0,2   2,7   10:37    JV
25   9,1   9,8   00:00   7,8   23:58   9,2   0,0   0,0   1,1   5,1   12:08    JZ
26   6,8  12,5   10:27   3,6   23:58  11,5   0,0   0,0   1,0   6,5   23:36    SV
27   2,8   4,0   06:56   0,3   21:48  15,5   0,0   7,5   1,5   7,8   14:18   VSV
28   1,8   6,8   15:14  -0,5   03:46  17,2   0,0   2,7   1,0   5,4   11:42   JJV
29   1,1   3,0   03:30  -0,7   23:50  17,2   0,0   1,2   1,0   7,5   02:12    JV
30   1,7   6,5   14:52  -3,0   06:24  16,6   0,0   0,0   0,7   6,1   19:17    JZ
31   6,2  11,0   13:51   2,7   06:32  12,1   0,0   0,3   1,1   9,5   20:47    JV
----------------------------------------------------------------------------------
     9,8  26,7     6    -3,0    30   271,0   6,6  91,5   0,8  11,2     4       J

Max >=  27,0:  0
Max <=   0,0:  0
Min <=   0,0:  4
Min <= -18,0:  0
Max Rain: 38,1 on day 16
Days of Rain: 10 (> 0,2 mm)  5 (> 2,0 mm)  2 (> 20,0 mm)
Heat Base: 18,3  Cool Base: 18,3  Method: Integration



Poslední aktualizace 8.7.2020 13:00:01

Měšíční a roční statistické protokoly ve fromátu NOAA (National Oceanic and Atmospheric Administration)
Original Author: Ken True webmaster@saratoga-weather.org.
Bodged by beteljuice.