Němčany počasí: NOAA reporty

 


NOAA reporty


Report pro 2012 Zář
                   Monthly Climatological Summary for 9 2012

Name: Němčany   City: Němčany   State: Czech Repulic
Elevation: 256 m  Lat: N 49° 10' 12"   Lon: E 016° 54' 59"

                  Temperature (°C), Rain (mm), Wind Speed (m/s)

                                      Heat  Cool        Avg
    Mean                              Deg   Deg         Wind                 Dom
Day Temp  High   Time   Low    Time   Days  Days  Rain  Speed High   Time    Dir
----------------------------------------------------------------------------------
 1  16,5  20,3   15:26  14,2   06:13   1,9   0,1  10,5   0,9   5,8   15:18     V
 2  18,1  24,8   16:31  14,6   03:34   1,5   1,3   0,0   1,3   7,1   15:14     V
 3  19,2  26,1   15:50  13,0   06:38   1,3   2,2   0,0   0,8   5,4   11:40     V
 4  20,7  28,4   15:51  15,8   01:55   0,7   3,1   0,0   0,9   6,8   10:48     V
 5  21,1  30,0   15:58  14,8   06:20   1,0   3,7   0,0   0,7   5,4   13:31   VSV
 6  17,0  22,9   15:32   9,2   23:58   2,3   1,0   0,4   0,7   6,8   17:47     Z
 7  15,6  26,9   16:45   4,8   06:35   4,4   1,6   0,0   0,6   6,8   14:53    JZ
 8  19,0  29,9   17:32  10,4   04:37   2,4   3,2   0,0   0,5   5,1   14:24   ZJZ
 9  20,9  30,9   16:00  10,9   06:08   1,5   4,1   0,0   0,7   5,4   23:11   SSV
10  22,0  31,5   16:47  13,2   06:32   1,1   4,7   0,0   0,9   7,5   11:10   JJZ
11  23,3  32,4   16:41  13,8   03:48   1,0   5,9   0,0   0,9   9,2   13:32   JJZ
12  18,3  23,4   13:07  11,7   23:42   1,3   1,3  12,9   0,9   6,8   15:36    JZ
13  10,9  12,9   16:24   9,2   08:48   7,4   0,0  18,0   0,5   5,4   09:39   JJZ
14  14,7  24,0   17:23  10,0   22:33   4,2   0,6   0,0   0,4   4,1   09:47   JJV
15  14,0  20,1   14:09   7,2   06:13   4,4   0,1   0,0   0,5   6,1   17:19     Z
16  15,8  24,1   16:10  10,7   23:56   3,3   0,8   0,0   0,4   4,4   14:41    SV
17  16,2  26,2   16:10   8,5   06:30   3,7   1,7   0,0   1,0   9,9   15:31    JZ
18  18,5  27,1   16:24  10,6   06:20   2,1   2,3   0,0   0,9   8,2   15:00   JJZ
19  14,3  18,9   00:09   9,9   23:21   4,0   0,0   7,5   0,4   5,1   10:32   ZJZ
20  12,2  20,1   16:01   4,7   23:59   6,2   0,1   0,0   0,5   6,5   15:18     Z
21  10,6  19,6   16:22   2,4   06:41   7,8   0,1   0,0   0,4   4,8   14:26   JJV
22  13,0  20,3   16:14   6,8   23:55   5,3   0,1   0,0   1,1   6,5   13:28   JJZ
23  11,2  20,0   16:33   3,2   04:51   7,2   0,0   0,3   0,4   5,4   15:52    JZ
24  15,8  24,4   13:49   8,4   05:56   3,9   1,4   0,0   1,4   6,8   13:51    SV
25  18,5  26,6   16:14  12,6   07:04   1,6   1,7   0,6   0,7   4,8   00:42   JJZ
26  19,2  29,0   16:17  10,2   06:28   2,0   3,0   0,0   0,8   6,5   13:35    JV
27  17,5  21,4   08:07  13,6   23:47   1,3   0,4   0,0   1,4   9,9   09:33   JJZ
28  15,2  24,9   16:12   9,0   07:07   3,8   0,8   0,0   0,7   6,5   09:41    JZ
29  14,6  22,6   13:48   7,7   03:57   4,2   0,6   0,0   0,5   5,4   15:20    JZ
30  15,5  22,4   15:48   9,9   07:07   3,3   0,4   0,0   0,6   4,8   11:33   VSV
----------------------------------------------------------------------------------
    16,6  32,4    11     2,4    21    96,1  46,3  50,2   0,7   9,9    17       J

Max >=  27,0:  8
Max <=   0,0:  0
Min <=   0,0:  0
Min <= -18,0:  0
Max Rain: 18,0 on day 13
Days of Rain: 6 (>= 0,4 mm)  4 (>= 2,0 mm)  0 (>= 20,0 mm)
Heat Base: 17,5  Cool Base: 17,5  Method: Integration



Poslední aktualizace 21.9.2020 22:10:02

Měšíční a roční statistické protokoly ve fromátu NOAA (National Oceanic and Atmospheric Administration)
Original Author: Ken True webmaster@saratoga-weather.org.
Bodged by beteljuice.