Němčany počasí: NOAA reporty

 


NOAA reporty


Report pro 2012 Srp
                   Monthly Climatological Summary for 8 2012

Name: Němčany   City: Němčany   State: Czech Repulic
Elevation: 256 m  Lat: N 49° 10' 12"   Lon: E 016° 54' 59"

                  Temperature (°C), Rain (mm), Wind Speed (m/s)

                                      Heat  Cool        Avg
    Mean                              Deg   Deg         Wind                 Dom
Day Temp  High   Time   Low    Time   Days  Days  Rain  Speed High   Time    Dir
----------------------------------------------------------------------------------
 1  23,1  33,3   17:12  12,8   05:24   1,2   6,0   0,0   0,4   4,1   11:13    SV
 2  24,8  33,8   16:00  15,2   05:14   0,6   7,1   0,0   0,9   8,5   13:33   JJZ
 3  23,8  31,0   17:08  17,8   05:28   0,0   5,5   0,0   0,5   6,1   15:50     Z
 4  24,2  32,9   16:55  14,6   05:20   0,4   6,3   0,0   0,5   5,4   15:48   SSV
 5  24,7  33,2   16:29  18,2   08:13   0,0   6,4   9,6   0,6   6,1   01:52    JZ
 6  27,7  36,5   15:40  18,4   23:59   0,0   9,4   8,4   1,1   7,5   23:23    JZ
 7  21,3  29,0   16:27  15,0   23:52   0,3   3,3   0,0   1,1   7,8   14:00   ZJZ
 8  19,5  27,5   14:51  12,6   05:06   1,6   2,8   0,0   0,6   7,8   13:58   ZJZ
 9  19,9  27,9   13:08  10,6   05:18   1,8   3,4   0,0   0,4   4,4   16:27     Z
10  19,5  26,3   16:59  12,1   05:49   1,3   2,5   0,0   0,6   5,8   16:12    SZ
11  15,4  20,8   15:22  12,3   23:57   2,9   0,1   0,0   0,5   5,4   15:43    SV
12  16,7  24,4   16:12   8,6   04:33   3,1   1,5   0,0   0,9   6,5   10:38   VSV
13  16,5  24,5   17:28   8,7   05:44   3,0   1,3   0,0   0,7   5,1   08:56    SV
14  17,3  27,9   16:37   5,5   05:50   3,6   2,6   0,0   0,5   5,8   14:54   SSZ
15  19,6  31,2   16:21   7,6   05:52   2,8   4,1   0,0   0,5   4,8   15:25   VSV
16  21,7  30,4   15:46  10,8   05:44   1,4   4,8   0,0   0,8   5,8   04:12   ZSZ
17  22,0  30,3   16:17  17,1   06:00   0,1   3,8   0,0   0,5   4,4   19:16   SSV
18  22,5  33,4   16:37  13,7   05:15   0,8   5,1   0,0   0,7   4,8   09:43   SSV
19  24,2  34,8   16:31  13,9   06:15   0,7   6,6   0,0   0,5   5,1   15:35    JZ
20  26,2  38,5   17:31  13,1   05:40   1,1   9,0   0,0   0,7   6,5   13:24   JJZ
21  25,6  33,2   17:16  18,7   23:59   0,0   7,3   0,0   0,7   6,1   05:23     S
22  24,3  36,0   15:59  15,5   06:07   0,5   6,5   0,0   0,6   7,8   17:52    JZ
23  24,2  33,3   17:13  17,4   02:15   0,1   6,0   4,2   0,9   7,1   07:40    JZ
24  25,5  33,6   17:00  18,7   23:35   0,0   7,2   2,1   1,5   8,8   15:00   ZJZ
25  20,6  24,2   19:06  17,9   02:47   0,0   2,3   1,8   0,5   5,1   10:36    JZ
26  18,9  22,4   12:35  15,5   23:58   0,4   1,0   4,5   1,0   7,5   05:13   ZJZ
27  17,9  25,7   17:30  11,6   23:56   2,1   1,7   0,0   0,6   6,8   14:11     Z
28  18,4  29,0   17:10   8,7   04:35   3,0   3,1   0,0   0,5   9,9   12:33   JJZ
29  20,4  31,8   17:30  14,8   02:10   1,3   3,3   0,0   0,5   5,1   16:24    JZ
30  23,5  32,4   15:58  14,6   05:24   0,8   6,0   0,0   0,7   6,8   13:43    JV
31  19,2  23,4   01:49  15,1   22:50   0,7   1,5   6,1   0,9   7,1   07:10    JZ
----------------------------------------------------------------------------------
    21,6  38,5    20     5,5    14    35,6 137,5  36,7   0,7   9,9    28     ZJZ

Max >=  27,0: 23
Max <=   0,0:  0
Min <=   0,0:  0
Min <= -18,0:  0
Max Rain: 9,6 on day 5
Days of Rain: 7 (>= 0,4 mm)  6 (>= 2,0 mm)  0 (>= 20,0 mm)
Heat Base: 17,5  Cool Base: 17,5  Method: Integration



Poslední aktualizace 24.11.2020 11:00:02

Měšíční a roční statistické protokoly ve fromátu NOAA (National Oceanic and Atmospheric Administration)
Original Author: Ken True webmaster@saratoga-weather.org.
Bodged by beteljuice.