Němčany počasí: NOAA reporty

 


NOAA reporty


Report pro 2012 Červnc
                   Monthly Climatological Summary for 7 2012

Name: Němčany   City: Němčany   State: Czech Repulic
Elevation: 256 m  Lat: N 49° 10' 12"   Lon: E 016° 54' 59"

                  Temperature (°C), Rain (mm), Wind Speed (m/s)

                                      Heat  Cool        Avg
    Mean                              Deg   Deg         Wind                 Dom
Day Temp  High   Time   Low    Time   Days  Days  Rain  Speed High   Time    Dir
----------------------------------------------------------------------------------
 1  29,6  36,9   15:51  20,3   23:51   0,0  11,4   3,0   0,9  13,3   22:44    JV
 2  24,8  31,9   16:48  17,5   05:13   0,0   6,6   0,6   1,2   6,5   00:15   VSV
 3  27,1  36,4   15:35  19,5   23:55   0,0   8,8   3,3   1,2   7,5   20:33   VSV
 4  24,2  31,8   16:41  18,1   03:42   0,0   5,9   2,1   0,8   6,5   02:15    SV
 5  27,4  36,6   17:08  18,4   04:24   0,0   9,1   0,0   0,8   6,1   17:08   VJV
 6  25,2  36,5   16:08  16,0   05:31   0,3   7,2  12,6   0,9  11,2   17:56   JJV
 7  24,9  33,4   16:48  16,9   05:11   0,2   6,8   0,0   0,6   6,1   16:16   JJZ
 8  24,5  35,9   16:57  18,2   23:39   0,0   6,2   4,8   0,5   8,2   19:37     V
 9  22,0  30,3   18:12  16,3   23:59   0,2   3,9   0,3   0,4   5,8   17:35     Z
10  21,2  30,2   16:07  14,2   04:26   1,0   3,9   0,0   0,4   8,5   12:47     S
11  21,6  29,6   18:35  14,3   04:11   0,9   4,2   0,0   0,6   8,5   13:45   ZJZ
12  19,3  26,1   16:39  12,2   23:58   1,0   2,0   0,0   1,0  10,5   18:56   ZJZ
13  13,4  16,0   17:33   8,8   05:06   4,9   0,0   3,3   0,4   5,1   18:31     J
14  16,5  22,6   12:31  13,3   23:32   2,2   0,5   3,9   1,1   7,5   09:40    JZ
15  17,0  24,6   13:58  11,5   23:57   2,2   0,9   0,0   0,7   6,8   19:11    JZ
16  15,4  22,4   15:17   9,3   03:07   3,4   0,6   0,3   0,7   7,5   16:16     Z
17  15,2  23,8   16:45  10,2   00:27   3,7   0,6   3,0   0,7   9,5   16:07   ZJZ
18  18,9  26,7   18:14  12,7   04:17   1,8   2,4   0,0   0,9   8,2   14:30   ZJZ
19  20,4  27,1   16:59  12,8   05:40   0,8   2,9   4,2   0,9   9,9   14:51    JZ
20  19,0  25,6   14:24  12,2   05:31   1,3   1,9   0,6   0,8   6,5   10:49    JZ
21  17,1  23,6   13:40  14,4   05:15   1,9   0,7   2,7   0,4   4,4   12:24     V
22  15,9  23,1   16:26  10,4   23:30   3,1   0,7   0,0   0,6   6,8   13:23     V
23  19,3  27,3   15:59   9,6   03:15   2,2   3,2   0,0   1,3   9,5   12:16   VSV
24  23,7  34,0   18:35  13,6   04:25   0,8   6,2   0,0   0,9   6,1   09:11   VSV
25  20,3  28,2   15:27  18,1   23:55   0,0   2,0   9,3   0,4   4,4   11:31    SV
26  20,7  29,4   14:22  16,6   02:51   0,3   2,7  12,0   0,5   8,5   18:09    JZ
27  24,3  33,9   14:19  15,8   04:31   0,5   6,5   1,2   0,3   5,4   14:20   JJV
28  25,6  33,5   16:47  17,4   04:56   0,1   7,4   0,3   0,7  12,9   20:11   JJV
29  20,8  26,6   16:27  16,9   23:29   0,1   2,6   3,6   0,7   6,5   18:42    JZ
30  20,2  28,4   16:55  13,0   23:49   0,9   2,8   0,3   0,3   5,4   10:40    JZ
31  21,1  31,2   15:54  12,7   00:47   1,7   4,4   0,0   0,3   6,1   14:06   ZJZ
----------------------------------------------------------------------------------
    21,2  36,9     1     8,8    13    35,5 125,0  71,4   0,7  13,3     1       J

Max >=  27,0: 20
Max <=   0,0:  0
Min <=   0,0:  0
Min <= -18,0:  0
Max Rain: 12,6 on day 6
Days of Rain: 16 (>= 0,4 mm)  13 (>= 2,0 mm)  0 (>= 20,0 mm)
Heat Base: 17,5  Cool Base: 17,5  Method: Integration



Poslední aktualizace 24.11.2020 10:40:01

Měšíční a roční statistické protokoly ve fromátu NOAA (National Oceanic and Atmospheric Administration)
Original Author: Ken True webmaster@saratoga-weather.org.
Bodged by beteljuice.