Němčany počasí: NOAA reporty

 


NOAA reporty


Report pro 2012 Červ
                   Monthly Climatological Summary for 6 2012

Name: Němčany   City: Němčany   State: Czech Repulic
Elevation: 256 m  Lat: N 49° 10' 12"   Lon: E 016° 54' 59"

                  Temperature (°C), Rain (mm), Wind Speed (m/s)

                                      Heat  Cool        Avg
    Mean                              Deg   Deg         Wind                 Dom
Day Temp  High   Time   Low    Time   Days  Days  Rain  Speed High   Time    Dir
----------------------------------------------------------------------------------
 1  15,7  20,5   12:27  10,4   23:49   2,7   0,1   6,3   1,3   8,8   13:29   ZJZ
 2  15,6  23,3   16:44   8,5   01:59   3,6   0,9   0,0   0,9   7,5   14:12   ZJZ
 3  18,6  26,9   13:39   9,9   05:38   2,2   2,5   1,2   0,8   4,8   04:46   SSZ
 4  16,4  20,0   10:30  13,2   23:46   2,0   0,1   8,7   0,5   7,8   00:15    JZ
 5  12,3  19,5   11:30   7,1   23:58   6,0   0,0   6,9   1,0  11,2   11:43   ZJZ
 6  14,1  21,2   14:51   4,3   05:30   4,6   0,4   0,0   0,5   5,1   17:04   JJZ
 7  19,7  26,8   16:17  12,6   05:13   1,5   2,9   0,3   0,8   6,1   14:39   JJZ
 8  21,1  27,5   16:57  16,5   05:27   0,3   3,2   5,4   0,8   6,1   10:27    JZ
 9  16,2  21,5   13:51  12,9   23:32   2,3   0,1   2,4   0,3   4,4   15:59    JZ
10  15,0  19,1   08:32  10,2   04:20   3,3   0,0   6,3   0,3   3,1   07:31   VJV
11  16,0  21,5   13:35  11,7   03:33   2,6   0,3   0,0   0,4   3,4   10:05    SV
12  15,9  22,8   13:40  12,6   05:10   3,0   0,6  11,7   0,7   6,8   16:58   SSV
13  15,9  22,7   14:12  13,0   00:00   2,8   0,4   4,8   0,7   7,8   16:51   ZJZ
14  16,8  22,8   13:41  11,7   23:57   2,4   0,9   1,5   1,0   7,1   09:52   ZJZ
15  17,7  25,5   16:55   9,2   04:57   2,8   2,2   0,3   0,5   5,1   16:14   JJZ
16  22,8  31,6   15:44  12,5   04:48   1,3   5,8   0,0   1,0   7,1   18:26   VJV
17  25,8  35,2   18:00  19,7   05:04   0,0   7,5   0,0   0,7   6,5   05:12   JJV
18  25,9  33,8   17:52  18,1   02:47   0,0   7,6   0,0   0,9   6,8   13:30    JV
19  24,8  31,4   13:44  17,3   04:58   0,0   6,5   0,0   1,2   7,8   09:14    SV
20  26,0  34,6   15:41  18,1   05:06   0,0   7,7   0,0   1,0   7,5   13:39   VJV
21  24,5  31,2   16:22  17,6   05:42   0,0   6,3   3,6   0,8  10,5   00:51    JZ
22  22,9  29,5   17:44  17,0   23:59   0,0   4,6   6,4   0,7   5,1   09:47    SZ
23  20,3  27,8   17:56  14,5   23:54   0,9   2,9   0,0   0,3   3,7   14:21    JV
24  22,1  30,0   15:54  11,9   03:52   1,4   5,2   0,0   0,8   9,5   22:55   JJZ
25  19,0  24,3   16:54  14,5   23:59   0,3   1,0   0,9   1,1   6,5   15:27   ZJZ
26  17,7  24,9   17:56  11,8   23:52   2,1   1,5   0,0   0,9   8,5   14:32     Z
27  18,2  27,0   17:24   7,9   05:19   2,7   2,6   0,0   0,8   7,8   14:45   ZJZ
28  21,3  30,4   18:01  15,4   05:12   0,8   3,8   0,4   0,3   4,4   23:56   ZSZ
29  22,4  31,0   17:55  15,5   02:57   0,5   4,6   0,0   1,0   5,1   06:47    SV
30  23,8  25,0   23:59  24,0   23:43   0,0   0,2   0,0   0,8   2,7   23:51    JV
----------------------------------------------------------------------------------
    19,5  35,2    17     4,3     6    52,1  82,4  67,1   0,8  11,2     5      JZ

Max >=  27,0: 13
Max <=   0,0:  0
Min <=   0,0:  0
Min <= -18,0:  0
Max Rain: 11,7 on day 12
Days of Rain: 16 (> 0,2 mm)  10 (> 2,0 mm)  0 (> 20,0 mm)
Heat Base: 18,3  Cool Base: 18,3  Method: Integration



Poslední aktualizace 9.7.2020 23:00:01

Měšíční a roční statistické protokoly ve fromátu NOAA (National Oceanic and Atmospheric Administration)
Original Author: Ken True webmaster@saratoga-weather.org.
Bodged by beteljuice.