Němčany počasí: NOAA reporty

 


NOAA reporty


Report pro 2012 Květ
                   Monthly Climatological Summary for 5 2012

Name: Němčany   City: Němčany   State: Czech Repulic
Elevation: 256 m  Lat: N 49° 10' 12"   Lon: E 016° 54' 59"

                  Temperature (°C), Rain (mm), Wind Speed (m/s)

                                      Heat  Cool        Avg
    Mean                              Deg   Deg         Wind                 Dom
Day Temp  High   Time   Low    Time   Days  Days  Rain  Speed High   Time    Dir
----------------------------------------------------------------------------------
 1  23,4  32,7   16:09  13,9   03:17   0,8   5,8   0,0   1,2  12,2   15:30     V
 2  23,1  33,9   16:06  15,5   05:25   0,3   5,1   0,0   1,6   6,8   07:31   SSV
 3  19,9  25,7   15:23  13,9   06:02   0,6   2,2   0,0   1,3   7,5   15:24    JZ
 4  15,9  20,5   17:31   9,6   23:52   2,6   0,2   0,0   0,4   4,4   11:00    JV
 5  16,1  25,9   15:50   7,5   03:50   4,3   2,1   1,2   1,0   9,5   20:33     V
 6  16,2  26,1   16:13   8,4   03:19   3,5   1,4   0,0   0,8   5,4   10:38   JJZ
 7  13,8  21,6   15:54   7,3   23:59   4,7   0,1   1,2   0,9   6,5   13:22   VSV
 8  13,3  22,3   16:49   4,6   04:56   5,5   0,5   0,0   0,9   6,5   14:26   VSV
 9  17,9  27,3   15:35   7,3   05:26   3,2   2,8   0,0   1,1   6,8   03:13     V
10  21,3  29,4   16:01  11,3   05:21   1,0   4,1   0,0   0,7   6,1   14:09   JJZ
11  22,2  30,4   14:14  11,7   04:45   1,3   5,1   0,0   0,8   8,5   11:52   JJZ
12  15,0  25,2   08:59   8,4   23:54   4,0   0,7   3,0   0,6   6,8   15:49   ZJZ
13  10,1  15,0   14:41   3,0   05:40   8,2   0,0   0,0   0,9   6,1   15:56     J
14  11,1  17,2   16:29   6,9   04:40   7,2   0,0   0,0   1,3   8,8   18:21     V
15  12,2  20,4   12:40   6,3   04:49   6,2   0,0   0,0   0,6   5,1   08:57   SSV
16   9,7  13,1   13:45   5,3   01:27   8,6   0,0   0,0   0,8   9,2   18:20   ZJZ
17   9,4  15,5   15:31   2,0   23:58   8,9   0,0   0,0   1,1   8,8   15:50     Z
18  10,3  20,1   16:33  -1,7   05:10   8,2   0,1   0,0   0,8   7,5   16:19   VJV
19  15,1  25,2   16:46   3,6   03:42   5,0   1,8   0,0   0,8   6,5   10:10    JV
20  19,5  28,4   15:56   7,8   04:15   2,6   3,8   0,0   1,1   8,8   16:26   VJV
21  22,2  28,3   16:11  13,2   04:45   0,4   4,3   0,0   1,4  10,5   13:57   VJV
22  21,1  30,4   16:40  15,0   22:37   0,7   3,4   8,4   0,6  15,6   17:34     V
23  23,0  29,6   15:16  15,2   05:06   0,4   5,1   0,0   1,5  10,2   14:22     V
24  22,0  27,3   13:06  15,5   23:59   0,2   3,9   0,0   1,4   9,5   13:47    JV
25  17,7  23,5   16:38  12,1   23:33   2,0   1,4   0,0   1,4  10,2   12:16     V
26  16,7  23,9   15:11   7,0   04:28   3,3   1,7   0,0   1,1   8,2   15:17   VSV
27  17,2  26,3   15:36   7,0   04:58   3,2   2,1   0,0   0,7   5,8   12:51    SV
28  14,1  24,2   12:25   7,3   04:53   4,7   0,5   4,5   0,4   5,8   14:49     J
29  18,4  28,2   15:48   7,0   05:05   3,1   3,2   0,0   0,5   4,8   16:04    JZ
30  19,4  27,2   15:45  12,3   02:14   1,7   2,8   0,0   0,7   5,8   13:00   ZJZ
31  18,9  25,5   16:44  12,0   04:45   1,4   2,0   0,0   0,7   7,5   12:13    JZ
----------------------------------------------------------------------------------
    17,0  33,9     2    -1,7    18   107,8  66,2  18,3   0,9  15,6    22     VJV

Max >=  27,0: 12
Max <=   0,0:  0
Min <=   0,0:  1
Min <= -18,0:  0
Max Rain: 8,4 on day 22
Days of Rain: 5 (> 0,2 mm)  3 (> 2,0 mm)  0 (> 20,0 mm)
Heat Base: 18,3  Cool Base: 18,3  Method: Integration



Poslední aktualizace 9.7.2020 22:30:02

Měšíční a roční statistické protokoly ve fromátu NOAA (National Oceanic and Atmospheric Administration)
Original Author: Ken True webmaster@saratoga-weather.org.
Bodged by beteljuice.