Němčany počasí: NOAA reporty

 


NOAA reporty


Report pro 2012 Dub
                   Monthly Climatological Summary for 4 2012

Name: Němčany   City: Němčany   State: Czech Repulic
Elevation: 256 m  Lat: N 49° 10' 12"   Lon: E 016° 54' 59"

                  Temperature (°C), Rain (mm), Wind Speed (m/s)

                                      Heat  Cool        Avg
    Mean                              Deg   Deg         Wind                 Dom
Day Temp  High   Time   Low    Time   Days  Days  Rain  Speed High   Time    Dir
----------------------------------------------------------------------------------
 1   2,9  10,0   17:26  -1,9   03:09  15,4   0,0   0,0   0,9   8,5   13:24     Z
 2   6,3  14,1   14:54  -2,4   01:05  12,0   0,0   0,0   1,1   5,8   12:30   ZJZ
 3  11,0  20,5   15:45   2,7   06:35   7,4   0,2   0,0   1,1   7,1   15:36    SV
 4  14,7  22,9   15:41   5,4   05:29   4,3   0,7   0,0   1,1   8,2   14:45   JJZ
 5   8,4  11,1   12:29   5,6   22:41   9,9   0,0   9,3   3,4  11,2   15:56     V
 6   7,0  10,3   13:43   5,1   06:41  11,3   0,0   0,0   1,0   5,4   00:10   VJV
 7   6,6  12,4   12:21   0,2   23:20  11,7   0,0   0,0   1,2   8,2   15:37   ZJZ
 8   1,7   6,5   13:32  -4,3   23:35  16,6   0,0   0,0   1,0   8,5   12:52     Z
 9   4,3  13,0   16:21  -4,3   06:34  14,0   0,0   0,0   0,7   6,1   15:49    JZ
10   8,8  16,5   16:42   1,5   03:36   9,5   0,0   0,0   1,6   9,9   13:50    JV
11  12,4  20,0   15:30   7,0   05:33   5,9   0,0   0,0   1,8  10,9   04:30    JV
12   7,3  12,3   00:00   4,1   23:59  11,0   0,0   4,2   0,8   4,8   09:04   JJZ
13   8,5  20,2   16:53  -0,3   06:11   9,9   0,0   0,3   0,6   5,4   22:39   JJZ
14  10,7  15,0   14:06   7,2   05:48   7,7   0,0   0,0   2,7  11,9   13:48     V
15  10,2  12,0   13:03   8,3   23:35   8,1   0,0   0,9   1,2   6,8   08:39   JJV
16   6,8   8,3   00:00   4,0   23:46  11,5   0,0   7,5   0,7   5,8   15:36    JZ
17   6,8  13,4   16:02   3,2   06:08  11,5   0,0   0,0   0,9   5,8   10:37    SV
18   7,5  16,8   16:52  -2,8   06:00  10,8   0,0   0,0   0,6   7,8   13:37   ZJZ
19   9,9  18,1   14:41   3,8   03:18   8,4   0,0   6,3   1,4   6,8   19:32    SV
20  12,3  21,6   17:10   3,3   06:29   6,2   0,2   4,2   0,9   9,9   20:07    SV
21  11,6  18,3   14:00   6,2   23:07   6,7   0,0   0,0   0,8   5,4   15:38    JZ
22   9,4  15,3   10:28   4,2   04:25   8,9   0,0   0,0   0,6   7,5   14:51     Z
23  10,7  17,7   16:32   3,2   04:55   7,6   0,0   0,0   1,2   8,5   12:34   JJZ
24  12,2  19,0   15:17   7,5   23:56   6,1   0,0   0,9   2,1  12,2   16:32   JJV
25  11,6  20,4   17:09   2,7   04:21   6,9   0,1   0,0   1,3   8,5   11:21    JZ
26  16,0  23,5   16:25   6,3   03:27   3,6   1,2   0,0   0,9   7,8   15:33    JV
27  18,9  29,2   16:42   8,5   05:49   2,7   3,4   0,0   0,7   5,4   11:20   JJZ
28  20,9  30,6   16:12   9,5   05:14   2,3   4,9   0,0   0,9   7,8   16:35    JV
29  24,2  31,1   15:56  16,6   04:58   0,2   6,0   0,0   1,8  10,2   10:04    JV
30  23,0  32,2   16:19  11,7   05:23   0,8   5,5   0,0   1,1   8,5   16:44     J
----------------------------------------------------------------------------------
    10,8  32,2    30    -4,3     8   248,9  22,2  33,6   1,2  12,2    24     JJV

Max >=  27,0:  4
Max <=   0,0:  0
Min <=   0,0:  6
Min <= -18,0:  0
Max Rain: 9,3 on day 5
Days of Rain: 8 (> 0,2 mm)  5 (> 2,0 mm)  0 (> 20,0 mm)
Heat Base: 18,3  Cool Base: 18,3  Method: Integration



Poslední aktualizace 8.7.2020 11:50:01

Měšíční a roční statistické protokoly ve fromátu NOAA (National Oceanic and Atmospheric Administration)
Original Author: Ken True webmaster@saratoga-weather.org.
Bodged by beteljuice.