Němčany počasí: NOAA reporty

 


NOAA reporty


Report pro 2012 Ún
                   Monthly Climatological Summary for 2 2012

Name: Němčany   City: Němčany   State: Czech Repulic
Elevation: 256 m  Lat: N 49° 10' 12"   Lon: E 016° 54' 59"

                  Temperature (°C), Rain (mm), Wind Speed (m/s)

                                      Heat  Cool        Avg
    Mean                              Deg   Deg         Wind                 Dom
Day Temp  High   Time   Low    Time   Days  Days  Rain  Speed High   Time    Dir
----------------------------------------------------------------------------------
 1 -12,2  -8,3   13:57 -14,5   07:14  30,5   0,0   0,0   3,0  10,9   15:43     V
 2 -13,8  -8,9   14:44 -16,5   07:14  32,1   0,0   0,0   3,3  11,6   11:28     V
 3 -13,8  -7,7   14:31 -17,3   07:19  32,1   0,0   0,0   2,2   9,9   09:26     V
 4 -13,6 -10,5   14:46 -17,2   06:18  31,9   0,0   0,0   2,2   9,9   11:59   VJV
 5 -11,8  -8,5   14:11 -14,9   23:54  30,1   0,0   0,0   2,3  10,2   12:39     V
 6 -13,4 -10,4   11:36 -16,0   01:06  31,7   0,0   0,0   1,9   8,5   11:39   VJV
 7 -10,5  -7,8   13:54 -13,0   00:07  28,8   0,0   0,0   2,9   9,9   08:33     V
 8 -10,4  -5,6   14:11 -13,5   20:57  28,7   0,0   0,0   1,7   7,8   12:59     V
 9  -9,7  -3,4   13:27 -12,8   06:27  28,0   0,0   0,0   0,8   7,8   23:52     V
10 -11,3  -6,5   14:18 -14,0   04:29  29,7   0,0   0,0   2,7  11,2   12:12     V
11 -11,0  -6,0   14:24 -14,6   07:37  29,2   0,0   0,0   2,9   8,8   10:56   VSV
12 -13,2  -2,8   14:40 -16,6   23:55   7,0   0,0   0,0   1,2   3,7   20:05     S
13 -11,1  -5,1   15:09 -19,4   05:42  29,5   0,0   0,0   0,5   4,1   15:32    JZ
14  -5,7   0,5   14:50  -9,1   05:31  24,0   0,0   0,3   0,1   2,7   15:15     V
15  -0,6   4,2   12:06  -6,2   00:00  18,9   0,0   2,4   2,3  11,9   14:13   ZJZ
16  -0,6   3,0   11:34  -5,5   22:12  18,9   0,0   0,0   1,4  10,9   01:34     Z
17   0,0   4,1   13:49  -4,5   00:00  18,3   0,0   1,2   0,9   6,5   13:14   ZJZ
18   3,5   7,4   09:17  -0,3   07:20  14,8   0,0   0,0   0,7   5,4   11:05    JZ
19   1,4   4,2   10:34  -1,3   22:38  16,9   0,0   3,3   0,6   5,4   10:48   JJZ
20  -0,2   5,1   14:04  -5,4   23:59  18,5   0,0   0,0   0,2   4,1   15:29     Z
21  -1,3   5,0   14:38  -8,8   06:45  19,6   0,0   0,3   0,6   6,1   14:51    JZ
22   2,1   7,1   11:59  -1,0   00:09  16,2   0,0   0,0   0,4   4,1   12:03   JJZ
23   2,2   5,3   16:41  -1,2   05:36  16,1   0,0   0,0   1,3   5,4   17:14   ZJZ
24   7,8  13,9   15:40   3,7   01:44  10,5   0,0   0,0   1,5   8,8   14:47     Z
25   7,3  11,5   14:49   1,5   19:20  11,0   0,0   0,0   1,2   8,5   10:21     Z
26   2,8   8,7   14:12  -2,4   23:54  15,5   0,0   0,3   0,6   7,5   13:08     Z
27   0,5   6,8   14:53  -5,2   03:20  17,8   0,0   0,0   0,6   8,5   15:19     Z
28   2,6   6,9   23:14  -0,5   00:00  15,7   0,0   1,5   0,8   5,8   14:23   ZJZ
29  10,0  15,0   13:55   6,9   00:00   7,7   0,0   0,0   1,0   7,8   05:17     Z
----------------------------------------------------------------------------------
    -4,3  15,0    29   -19,4    13   629,7   0,0   9,3   1,4  11,9    15     VJV

Max >=  27,0:  0
Max <=   0,0: 13
Min <=   0,0: 26
Min <= -18,0:  1
Max Rain: 3,3 on day 19
Days of Rain: 4 (>= 0,4 mm)  2 (>= 2,0 mm)  0 (>= 20,0 mm)
Heat Base: 17,5  Cool Base: 17,5  Method: Integration



Poslední aktualizace 23.10.2020 14:10:01

Měšíční a roční statistické protokoly ve fromátu NOAA (National Oceanic and Atmospheric Administration)
Original Author: Ken True webmaster@saratoga-weather.org.
Bodged by beteljuice.