Němčany počasí: NOAA reporty

 


NOAA reporty

Vyberte roční nebo měsíční report

Report pro 2011 Pros
                   Monthly Climatological Summary for 12 2011

Name: Němčany   City: Němčany   State: Czech Repulic
Elevation: 256 m  Lat: N 49° 10' 12"   Lon: E 016° 54' 59"

                  Temperature (°C), Rain (mm), Wind Speed (m/s)

                                      Heat  Cool        Avg
    Mean                              Deg   Deg         Wind                 Dom
Day Temp  High   Time   Low    Time   Days  Days  Rain  Speed High   Time    Dir
----------------------------------------------------------------------------------
 1   0,8   1,6   12:37  -0,2   01:20  17,5   0,0   0,0   0,7   4,1   14:39   JJZ
 2  -0,6   0,8   00:00  -1,1   16:57  18,9   0,0   0,3   1,3   6,8   07:05   JJZ
 3  -0,1   2,1   23:47  -1,3   06:27  18,4   0,0   0,0   1,8   6,1   15:46    JZ
 4   6,3  10,8   23:39   2,0   00:01  12,0   0,0   0,6   0,9   7,1   23:39    JZ
 5   5,4  11,2   01:05  -2,5   23:12  12,9   0,0   2,7   1,7  13,3   13:27   ZJZ
 6   1,4   4,4   14:28  -1,6   07:23  16,9   0,0   0,9   0,4   3,7   18:14   ZJZ
 7   1,4   3,9   20:12  -2,2   05:53  16,9   0,0   2,7   0,9   9,9   17:45    JZ
 8   3,2   7,4   14:41  -0,4   23:24  15,1   0,0   0,9   2,3  13,9   07:15     Z
 9   2,9   5,1   14:29  -0,1   00:26  15,5   0,0   2,4   0,8   6,5   02:44     J
10   2,9   7,7   13:45  -1,5   23:30  15,4   0,0   0,3   0,3   4,1   03:54   ZJZ
11   0,2   6,2   13:55  -5,3   07:49  18,1   0,0   0,3   0,3   3,7   23:57   JJV
12   3,1   3,7   13:02   2,4   00:00  15,2   0,0   0,6   0,5   4,8   05:17    JV
13   3,1   7,3   13:14  -0,8   07:17  15,2   0,0   0,3   0,5   4,8   19:29   JJZ
14   4,1   5,4   13:04   2,7   06:00  14,3   0,0   0,0   1,0   5,4   08:29     J
15   3,6   8,3   12:48   0,4   08:05  14,7   0,0   0,0   0,2   4,1   16:12    JZ
16   3,7   7,5   21:33  -1,4   05:06  14,6   0,0   3,3   1,7  10,5   16:45   JJV
17   3,3   7,0   00:14  -0,2   22:21  15,0   0,0   0,6   1,8  10,2   00:07     Z
18   1,1   4,2   10:41  -2,0   23:47  17,2   0,0   0,3   1,2   6,8   11:09    JZ
19  -2,3   3,6   14:08  -6,9   23:43  20,6   0,0   0,0   0,2   2,4   00:11   JJZ
20  -4,7   6,5   14:28  -8,8   06:16  23,1   0,0   0,0   0,1   1,7   09:12   JJZ
21  -1,8   2,3   13:19  -7,5   00:00  20,1   0,0   0,9   0,4   5,1   16:34   ZJZ
22   0,0   6,0   15:02  -4,2   23:55  18,4   0,0   0,0   0,3   4,1   09:33   JJZ
23  -0,7   1,1   14:39  -4,7   00:40  19,1   0,0   0,3   0,1   1,4   01:39   VJV
24   1,8   3,3   19:28   0,7   00:00  16,5   0,0   1,2   0,7   6,8   23:17   ZJZ
25   2,9   6,1   13:42   0,2   08:15  15,4   0,0   0,0   0,6   7,1   05:59   ZJZ
26   4,2   6,3   14:41   2,2   00:00  14,1   0,0   0,3   0,4   3,4   10:17    JZ
27   5,1   6,1   14:50   4,5   06:14  13,3   0,0   0,3   0,2   2,4   05:09    JZ
28   3,7   5,1   11:20   1,4   23:27  14,6   0,0   0,3   1,3   7,1   14:12    JZ
29   1,7   5,9   15:38   0,0   23:56  16,7   0,0   0,0   1,4   8,8   01:16    JZ
30   1,8   5,0   14:16   0,0   00:00  16,5   0,0   1,2   1,4  10,2   07:44    JZ
31   1,0   7,5   14:21  -4,0   23:52  17,3   0,0   0,3   0,9   6,1   13:12   ZJZ
----------------------------------------------------------------------------------
     1,9  11,2     5    -8,8    20   509,5   0,0  21,0   0,9  13,9     8      JZ

Max >=  27,0:  0
Max <=   0,0:  0
Min <=   0,0: 22
Min <= -18,0:  0
Max Rain: 3,3 on day 16
Days of Rain: 22 (> 0,2 mm)  4 (> 2,0 mm)  0 (> 20,0 mm)
Heat Base: 18,3  Cool Base: 18,3  Method: Integration



Poslední aktualizace 8.7.2020 13:50:02

Měšíční a roční statistické protokoly ve fromátu NOAA (National Oceanic and Atmospheric Administration)
Original Author: Ken True webmaster@saratoga-weather.org.
Bodged by beteljuice.