Němčany počasí: NOAA reporty

 


NOAA reporty

Vyberte roční nebo měsíční report

Report pro 2011 List
                   Monthly Climatological Summary for 11 2011

Name: Němčany   City: Němčany   State: Czech Repulic
Elevation: 256 m  Lat: N 49° 10' 12"   Lon: E 016° 54' 59"

                  Temperature (°C), Rain (mm), Wind Speed (m/s)

                                      Heat  Cool        Avg
    Mean                              Deg   Deg         Wind                 Dom
Day Temp  High   Time   Low    Time   Days  Days  Rain  Speed High   Time    Dir
----------------------------------------------------------------------------------
 1   7,0  16,5   13:30   0,9   01:21  11,3   0,0   0,3   0,8   4,8   13:32    SV
 2   8,0  12,1   14:41   4,2   06:45  10,3   0,0   0,0   0,4   4,8   01:32    JV
 3  10,3  15,7   14:09   4,4   19:10   8,1   0,0   0,0   0,9   8,5   11:37    JV
 4  10,0  12,8   08:51   8,2   01:10   8,3   0,0   0,0   1,1   7,5   10:15   VJV
 5  13,0  15,5   14:30  10,3   03:32   5,3   0,0   0,0   1,2   8,2   20:18   VJV
 6  12,4  18,2   13:36   8,7   07:14   5,9   0,0   0,0   1,5   8,2   12:49   VJV
 7  10,2  14,9   12:50   6,3   21:14   8,1   0,0   0,0   1,3   7,1   11:41   VJV
 8   9,4  15,8   13:48   4,3   07:13   8,9   0,0   0,0   1,0   7,5   12:55   VSV
 9   7,0  17,2   14:32   1,4   00:34  11,3   0,0   0,0   1,1   6,1   09:12    SV
10   2,7   7,9   12:15   0,2   05:34  15,6   0,0   0,0   2,1   9,9   13:57   VSV
11   0,5   6,8   13:55  -3,4   04:21  17,9   0,0   0,0   1,7   7,5   12:20    SV
12   1,3  10,6   13:20  -3,5   07:00  17,0   0,0   0,0   0,9   5,4   09:02   SSV
13   0,4  10,7   15:21  -6,2   06:49  17,9   0,0   0,0   0,3   3,4   12:58    JZ
14   0,7   8,6   14:01  -3,8   05:19  17,6   0,0   0,3   0,2   4,8   07:42   ZJZ
15   0,1   5,9   12:32  -2,5   18:27  18,2   0,0   0,0   1,3   8,2   20:22   VSV
16  -0,9   3,9   13:53  -4,3   06:40  19,3   0,0   0,0   1,7   6,1   10:55   VSV
17  -1,3  -1,0   16:51  -2,8   09:00  12,3   0,0   0,0   0,7   4,1   12:16    JZ
18   1,0   3,5   14:43  -1,4   00:39  17,3   0,0   0,3   0,3   3,7   11:49    JZ
19   3,1   4,9   13:21   2,0   04:52  15,3   0,0   0,0   0,2   2,7   12:35     J
20   1,3   2,5   00:00  -0,2   23:45  17,0   0,0   0,0   1,3   4,8   13:21    JZ
21  -1,4  -0,2   00:00  -2,4   23:04  19,7   0,0   0,0   1,5   4,8   10:26    JZ
22  -2,3  -1,7   23:53  -2,8   05:40  20,5   0,0   0,0   0,3   4,1   01:29    JZ
23  -1,6  -1,0   10:57  -2,2   23:32  19,9   0,0   0,0   0,1   3,4   20:46    JZ
24  -2,1  -1,3   13:32  -2,9   23:07  20,4   0,0   0,0   1,0   4,8   10:20    JZ
25  -2,0  -1,3   13:55  -2,8   00:00  20,3   0,0   0,0   1,2   5,8   21:06    JZ
26   1,0   3,6   13:58  -1,3   00:00  17,3   0,0   0,3   0,9   4,4   12:52    JZ
27  -0,4   1,2   11:06  -3,2   07:39  18,7   0,0   0,0   1,1   5,4   12:47    JZ
28   1,8  11,7   13:50  -3,2   03:09  16,5   0,0   0,0   0,4   4,8   12:38   ZJZ
29  -0,6   2,1   11:53  -4,8   06:57  18,9   0,0   0,3   0,6   4,4   12:12     J
30   0,0   0,5   12:54  -1,0   07:20  18,3   0,0   0,0   1,2   4,8   04:25    JZ
----------------------------------------------------------------------------------
     3,0  18,2     6    -6,2    13   453,4   0,0   1,5   0,9   9,9    10      JV

Max >=  27,0:  0
Max <=   0,0:  6
Min <=   0,0: 19
Min <= -18,0:  0
Max Rain: 0,3 on day 1
Days of Rain: 5 (> 0,2 mm)  0 (> 2,0 mm)  0 (> 20,0 mm)
Heat Base: 18,3  Cool Base: 18,3  Method: Integration



Poslední aktualizace 8.7.2020 13:20:01

Měšíční a roční statistické protokoly ve fromátu NOAA (National Oceanic and Atmospheric Administration)
Original Author: Ken True webmaster@saratoga-weather.org.
Bodged by beteljuice.