Němčany počasí: NOAA reporty

 


NOAA reporty

Vyberte roční nebo měsíční report

Report pro 2011 Říj
                   Monthly Climatological Summary for 10 2011

Name: Němčany   City: Němčany   State: Czech Repulic
Elevation: 256 m  Lat: N 49° 10' 12"   Lon: E 016° 54' 59"

                  Temperature (°C), Rain (mm), Wind Speed (m/s)

                                      Heat  Cool        Avg
    Mean                              Deg   Deg         Wind                 Dom
Day Temp  High   Time   Low    Time   Days  Days  Rain  Speed High   Time    Dir
----------------------------------------------------------------------------------
 1  19,0  29,0   15:44   9,8   07:14   0,0   0,7   0,0   0,6   4,1   16:14   SSV
 2  16,9  26,8   15:14   6,8   06:04   1,4   0,0   0,0   0,5   5,1   15:54    SV
 3  15,5  26,5   16:24   6,5   06:44   2,8   0,0   0,0   0,5   4,4   12:54    JZ
 4  15,7  27,8   15:14   6,7   07:04   2,6   0,0   0,0   0,5   4,4   12:54    JZ
 5  15,2  22,9   13:44   9,6   00:54   3,1   0,0   0,0   0,5   5,8   14:14     Z
 6  17,1  23,9   16:01  10,0   08:48   1,2   0,0   8,7   1,0   9,5   04:05   JJZ
 7   7,8  10,7   11:25   4,4   04:48  10,5   0,0   0,6   0,4   6,8   15:43   ZJZ
 8   6,5  12,0   12:20   1,1   05:43  11,8   0,0   2,1   0,9   9,9   15:49   ZJZ
 9   7,4  13,7   15:05   3,5   02:52  10,9   0,0   0,3   0,5   7,5   15:11     Z
10   9,0   9,6   16:48   5,5   09:00   9,3   0,0   3,0   1,1   5,1   13:03    JZ
11  15,4  21,1   15:05  11,2   08:39   2,9   0,0   0,0   1,5   6,5   15:45   ZJZ
12   8,8  11,9   11:17   3,2   07:22   9,5   0,0   0,6   0,6   4,1   11:31   ZJZ
13   6,4  16,0   15:53  -0,6   06:56  11,9   0,0   0,0   0,5   6,1   14:40     Z
14   3,9  12,6   14:54  -3,0   07:09  14,4   0,0   0,0   0,4   6,8   11:25     V
15   5,8  13,5   16:10  -0,1   06:44   8,3   0,0   0,0   0,4   6,1   12:30     S
16   3,5  14,1   15:55  -2,7   02:55  14,8   0,0   0,0   0,4   5,1   14:55   JJZ
17   4,6  15,6   15:56  -1,6   05:45  13,8   0,0   0,0   0,4   5,4   11:55     J
18   8,2  14,5   15:16   2,9   09:00  10,1   0,0   0,0   0,5   5,8   14:36   JJZ
19   8,9  15,4   12:27   4,7   06:23   9,4   0,0   3,9   0,7   5,8   12:14   JJZ
20   5,6   7,0   09:00  -0,9   07:21  20,0   0,0   0,0   0,4   3,1   21:21     S
21   5,1  13,5   15:16  -1,5   01:56  13,3   0,0   0,3   0,4   3,7   12:56   VSV
22   4,6  13,7   15:16  -0,6   07:34  13,8   0,0   0,0   0,7   6,5   05:35   SSV
23   5,4   6,6   03:57   0,1   09:00  12,9   0,0   0,3   1,3   6,1   05:44     S
24   8,6  10,1   21:38   6,4   09:00   9,7   0,0   5,4   1,8   8,5   02:41   VSV
25  10,2  11,1   22:23   8,4   09:00   8,1   0,0   0,0   2,3  11,9   00:17   VJV
26  10,5  11,5   15:24   9,9   23:08   7,8   0,0   0,3   1,2   7,1   10:36   VJV
27  11,1  14,5   15:02   8,7   08:39   7,2   0,0   0,0   1,0   8,8   22:08   VJV
28   8,2  10,2   12:53   7,1   05:19  10,1   0,0   0,0   0,9   5,4   10:01    JV
29   9,7  15,5   14:15   7,8   05:52   9,0   0,0   0,0   0,1   2,4   14:24   JJZ
30   7,7  12,4   13:06   2,5   06:43  10,6   0,0   0,0   0,3   4,1   13:14    JZ
31   7,9  17,9   14:50   3,4   06:15  10,6   0,0   0,0   0,1   4,8   04:07     S
----------------------------------------------------------------------------------
     9,4  29,0     1    -3,0    14   281,8   0,7  25,5   0,7  11,9    25       J

Max >=  27,0:  2
Max <=   0,0:  0
Min <=   0,0:  8
Min <= -18,0:  0
Max Rain: 8,7 on day 6
Days of Rain: 11 (> 0,2 mm)  5 (> 2,0 mm)  0 (> 20,0 mm)
Heat Base: 18,3  Cool Base: 18,3  Method: Integration



Poslední aktualizace 9.7.2020 23:20:01

Měšíční a roční statistické protokoly ve fromátu NOAA (National Oceanic and Atmospheric Administration)
Original Author: Ken True webmaster@saratoga-weather.org.
Bodged by beteljuice.