Němčany počasí: NOAA reporty

 


NOAA reporty


Report pro 2011 Zář
                   Monthly Climatological Summary for 9 2011

Name: Němčany   City: Němčany   State: Czech Repulic
Elevation: 256 m  Lat: N 49° 10' 12"   Lon: E 016° 54' 59"

                  Temperature (°C), Rain (mm), Wind Speed (m/s)

                                      Heat  Cool        Avg
    Mean                              Deg   Deg         Wind                 Dom
Day Temp  High   Time   Low    Time   Days  Days  Rain  Speed High   Time    Dir
----------------------------------------------------------------------------------
 1  18,0  26,4   15:51  10,3   06:21   0,0   0,5   0,0   0,5   3,7   04:51     S
 2  19,1  29,8   16:41   9,7   05:41   0,0   1,6   0,0   0,5   4,1   13:01    JZ
 3  21,5  34,2   17:12  11,5   05:22   0,0   4,0   0,0   0,4   4,8   23:52   JJV
 4  24,0  33,1   16:12  15,3   06:02   0,0   6,5   0,0   1,6   6,8   02:02   SSV
 5  24,0  31,8   15:22  16,7   23:52   0,0   6,5   1,5   1,5  10,2   16:52     J
 6  18,1  26,1   17:12  10,2   23:52   0,0   0,6   0,0   0,6   4,4   15:52    JZ
 7  15,4  23,7   16:22   8,0   06:32   2,1   0,0   0,3   1,1   6,8   16:42    JZ
 8  14,4  16,9   15:32  12,4   23:42   3,1   0,0   0,0   1,6   8,5   15:42   ZJZ
 9  17,0  24,8   16:22  11,3   05:12   0,5   0,0   0,0   0,9   5,8   10:52   ZJZ
10  20,0  28,7   16:42  14,3   00:02   0,0   2,5   0,0   0,3   4,1   13:12     J
11  22,7  35,0   16:33  14,8   06:59   0,0   5,2   0,0   0,6   5,1   11:21   JJZ
12  20,8  28,2   15:41  13,1   23:53   0,0   3,3   0,0   0,9   8,8   11:05     Z
13  20,0  30,4   16:02  10,4   05:59   0,0   2,5   0,0   0,9   7,8   12:07    JZ
14  16,4  25,5   08:54  10,0   22:53   1,1   0,0   3,3   0,4   5,8   11:50    JZ
15  14,3  24,3   16:43   8,4   08:03   3,2   0,0   0,3   0,4   3,7   13:43   ZJZ
16  15,2  25,5   15:40   6,0   05:52   2,3   0,0   0,0   0,4   4,4   13:50   JJZ
17  16,5  26,2   16:56  10,2   02:30   1,0   0,0   0,0   0,7   5,8   14:07    SV
18  19,1  30,3   16:35  13,8   23:57   0,0   1,6   0,0   1,5   9,9   14:24   JJZ
19  12,7  13,9   00:00  11,7   21:38   4,8   0,0  13,8   0,8   6,1   16:46     J
20  13,4  15,0   13:21  12,0   00:10   4,1   0,0   3,6   0,7   7,5   06:22    JV
21  16,7  24,6   15:42  10,5   06:06   0,8   0,0   0,3   0,6   8,2   10:40     V
22  16,5  24,4   15:49  11,7   01:13   1,0   0,0   0,0   0,5   4,8   11:59   ZJZ
23  15,4  23,2   15:16  10,4   06:16   2,1   0,0   0,0   0,4   5,4   15:07   ZJZ
24  14,6  24,2   17:32   6,0   06:50   2,9   0,0   0,0   0,6  12,2   17:32   SSV
25  15,0  25,6   16:12   8,1   06:19   2,5   0,0   0,0   0,6  11,9   05:49   JJV
26  16,5  27,3   16:05   8,1   14:16   1,0   0,0   0,0   0,3   5,4   01:56   JJZ
27  17,5  29,7   15:53   8,2   05:03   0,0   0,0   0,0   0,1   2,4   12:13   JJV
28  17,9  24,2   16:14  10,7   22:14   0,0   0,4   0,0   0,9   5,8   09:54    SV
29  15,9  28,9   15:44   6,1   06:34   1,6   0,0   0,0   0,2   2,7   10:24    SV
30  17,6  26,9   16:24   7,9   06:54   0,0   0,1   0,0   0,6   5,4   12:44   VSV
----------------------------------------------------------------------------------
    17,5  35,0    11     6,0    16    34,1  35,3  23,1   0,7  12,2    24     JJZ

Max >=  27,0: 12
Max <=   0,0:  0
Min <=   0,0:  0
Min <= -18,0:  0
Max Rain: 13,8 on day 19
Days of Rain: 4 (>= 0,4 mm)  3 (>= 2,0 mm)  0 (>= 20,0 mm)
Heat Base: 17,5  Cool Base: 17,5  Method: Integration



Poslední aktualizace 23.10.2020 14:30:01

Měšíční a roční statistické protokoly ve fromátu NOAA (National Oceanic and Atmospheric Administration)
Original Author: Ken True webmaster@saratoga-weather.org.
Bodged by beteljuice.