Němčany počasí: NOAA reporty

 


NOAA reporty


Report pro 2011 Srp
                   Monthly Climatological Summary for 8 2011

Name: Němčany   City: Němčany   State: Czech Repulic
Elevation: 256 m  Lat: N 49° 10' 12"   Lon: E 016° 54' 59"

                  Temperature (°C), Rain (mm), Wind Speed (m/s)

                                      Heat  Cool        Avg
    Mean                              Deg   Deg         Wind                 Dom
Day Temp  High   Time   Low    Time   Days  Days  Rain  Speed High   Time    Dir
----------------------------------------------------------------------------------
11  18,8  19,6   20:59  17,7   23:55   0,0   1,3   0,0   0,2   2,0   22:55    JV
12  19,6  27,3   16:55  12,8   06:15   0,0   2,1   1,8   0,6   5,4   15:35   JJZ
13  18,3  26,4   15:35  13,6   04:10   0,0   0,8   2,4   0,6   6,1   16:55    JZ
14  20,5  30,5   16:25  11,8   05:10   0,0   3,0   0,0   0,3   4,2   16:10     J
15  22,1  31,7   16:55  16,5   23:50   0,0   4,6   9,0   0,6  11,5   18:25     S
16  19,6  26,8   14:10  11,8   06:00   0,0   2,1   0,3   0,3   3,2   14:35   ZSZ
17  21,0  30,0   16:50   5,7   02:35   0,0   3,5   0,0   0,5   3,4   02:35    JZ
18  22,7  31,7   15:47  13,9   01:52   0,0   5,2   0,0   0,8   4,8   19:17   JJV
19  22,2  29,3   15:37  11,8   17:34   0,0   4,7   0,0   1,0   5,1   16:27    JZ
20  21,3  30,0   05:49  13,9   14:51   0,0   3,8   0,0   0,6   3,8   19:46   ZJZ
21  24,4  31,7   04:46  16,5   19:11   0,0   6,9   0,0   0,7   4,2   08:16     J
22  23,4  29,8   10:21  18,0   22:46   0,0   5,9   0,3   1,1   5,9   05:26    JZ
23  27,5  36,8   17:31  18,3   00:01   0,0  10,0  21,3   0,8   5,4   22:31   VSV
24  27,9  37,1   17:11  20,6   06:31   0,0  10,4   0,0   0,7   4,4   03:21     S
25  27,0  34,8   16:31  21,0   07:01   0,0   9,5   0,0   0,8   4,8   00:41   SSV
26  28,1  37,6   16:21  19,5   04:51   0,0  10,6   0,0   1,4   6,5   15:11    JV
27  24,3  32,1   14:01  12,7   22:21   0,0   6,8   7,8   2,1   9,5   18:41     J
28  16,8  26,6   17:21  10,5   06:01   0,7   0,0   0,9   0,3   3,7   00:01    JZ
29  18,7  27,5   17:31   9,6   05:11   0,0   1,2   0,0   0,5   4,1   17:11    JZ
30  18,3  24,9   15:21  10,9   06:31   0,0   0,8   0,0   0,4   4,8   16:01    SZ
31  17,2  26,5   16:11   8,7   05:41   0,3   0,0   0,0   0,5   3,7   13:11   SSV
----------------------------------------------------------------------------------
    21,9  37,6    26     5,7    17     1,0  93,2  43,8   0,7  11,5    15       J

Max >=  27,0: 15
Max <=   0,0:  0
Min <=   0,0:  0
Min <= -18,0:  0
Max Rain: 21,3 on day 23
Days of Rain: 6 (>= 0,4 mm)  4 (>= 2,0 mm)  1 (>= 20,0 mm)
Heat Base: 17,5  Cool Base: 17,5  Method: Integration



Poslední aktualizace 28.11.2020 2:50:01

Měšíční a roční statistické protokoly ve fromátu NOAA (National Oceanic and Atmospheric Administration)
Original Author: Ken True webmaster@saratoga-weather.org.
Bodged by beteljuice.